{"id":2302,"date":"2024-09-11T16:10:11","date_gmt":"2024-09-11T14:10:11","guid":{"rendered":"https:\/\/atos-mvz.de\/wiesbaden\/?page_id=2302"},"modified":"2024-09-13T15:39:02","modified_gmt":"2024-09-13T13:39:02","slug":"dvt-3d-schnittbild-diagnostik","status":"publish","type":"page","link":"https:\/\/atos-mvz.de\/wiesbaden\/diagnostik\/dvt-3d-schnittbild-diagnostik\/","title":{"rendered":"DVT \u2013 3D Schnittbild-Diagnostik"},"content":{"rendered":"\n<style type=\"text\/css\" data-created_by=\"avia_inline_auto\" id=\"style-css-av-7m5ipa-40f324f2c376325db05c12f65003bec3\">\n.avia-section.av-7m5ipa-40f324f2c376325db05c12f65003bec3{\nbackground-repeat:no-repeat;\nbackground-image:url(https:\/\/atos-mvz.de\/wiesbaden\/wp-content\/uploads\/sites\/22\/2024\/09\/titel-dvt.jpg);\nbackground-position:50% 50%;\nbackground-attachment:scroll;\n}\n.avia-section.av-7m5ipa-40f324f2c376325db05c12f65003bec3 .av-extra-border-element .av-extra-border-inner{\nbackground-color:#ffffff;\n}\n<\/style>\n<div id='header-img'  class='avia-section av-7m5ipa-40f324f2c376325db05c12f65003bec3 main_color avia-section-huge avia-no-border-styling  avia-builder-el-0  el_before_av_section  avia-builder-el-first  largeimg avia-full-stretch avia-bg-style-scroll container_wrap fullsize'  data-section-bg-repeat='stretch'><div class='container av-section-cont-open' ><main  role=\"main\" itemprop=\"mainContentOfPage\"  class='template-page content  av-content-full alpha units'><div class='post-entry post-entry-type-page post-entry-2302'><div class='entry-content-wrapper clearfix'>\n<\/div><\/div><\/main><!-- close content main element --><\/div><div class='av-extra-border-element border-extra-diagonal border-extra-diagonal-inverse '><div class='av-extra-border-outer'><div class='av-extra-border-inner'><\/div><\/div><\/div><\/div>\n<style type=\"text\/css\" data-created_by=\"avia_inline_auto\" id=\"style-css-av-44oue6-1b2c0c281f1bca7e2b1d053cfd519268\">\n.avia-section.av-44oue6-1b2c0c281f1bca7e2b1d053cfd519268 .av-extra-border-element .av-extra-border-inner{\nbackground-color:#f1f0f5;\n}\n<\/style>\n<div id='av_section_2'  class='avia-section av-44oue6-1b2c0c281f1bca7e2b1d053cfd519268 main_color avia-section-large avia-no-border-styling  avia-builder-el-1  el_after_av_section  avia-builder-el-last  small-container avia-bg-style-scroll container_wrap fullsize'  ><div class='container av-section-cont-open' ><div class='template-page content  av-content-full alpha units'><div class='post-entry post-entry-type-page post-entry-2302'><div class='entry-content-wrapper clearfix'>\n<section  class='av_textblock_section av-m0xxtdq0-2cfc0a6e8f23f648d1bb73b5b961658e '   itemscope=\"itemscope\" itemtype=\"https:\/\/schema.org\/CreativeWork\" ><div class='avia_textblock'  itemprop=\"text\" ><h1>Ein Qualit\u00e4tssprung f\u00fcr unsere Patienten \u2013 <b>hochaufl\u00f6sende 3D Schnittbild-Diagnostik<\/b><\/h1>\n<p>Im ATOS MVZ Wiesbaden betreiben wir seit \u00fcber 10 Jahren einen hochaufl\u00f6senden Digitalen Volumentomographen (DVT, oder Conebeam-CT). Im orthop\u00e4dischen Bereich war dies seinerzeit das 2. Ger\u00e4t in Deutschland. Somit waren wir Pioniere in der Anwendung einer bildgebenden Revolution in der Orthop\u00e4die der Extremit\u00e4ten \u2013 und dies mit einer erstaunlich niedrigen Strahlendosis.<\/p>\n<\/div><\/section>\n<div id='av-masonry-1' class='av-masonry av-m0xylvfz-e1ec7da496adba94bb62e5466a99084b noHover av-fixed-size av-large-gap av-hover-overlay-fade_out av-masonry-animation- av-masonry-col-2 av-caption-always av-caption-style- av-masonry-gallery ' data-post_id=\"2302\"><div class=\"av-masonry-container isotope av-js-disabled\"><div class='av-masonry-entry isotope-item av-masonry-item-no-image '><\/div><a href=\"https:\/\/atos-mvz.de\/wiesbaden\/wp-content\/uploads\/sites\/22\/2024\/09\/dvt1.jpg\" data-srcset=\"https:\/\/atos-mvz.de\/wiesbaden\/wp-content\/uploads\/sites\/22\/2024\/09\/dvt1.jpg 1000w, https:\/\/atos-mvz.de\/wiesbaden\/wp-content\/uploads\/sites\/22\/2024\/09\/dvt1-300x200.jpg 300w, https:\/\/atos-mvz.de\/wiesbaden\/wp-content\/uploads\/sites\/22\/2024\/09\/dvt1-768x512.jpg 768w, https:\/\/atos-mvz.de\/wiesbaden\/wp-content\/uploads\/sites\/22\/2024\/09\/dvt1-705x470.jpg 705w\" data-sizes=\"(max-width: 1000px) 100vw, 1000px\"  aria-label=\"Bild DVT - 3D Schnittbild\"  id='av-masonry-1-item-2308' data-av-masonry-item='2308' class='av-masonry-entry isotope-item post-2308 attachment type-attachment status-inherit hentry  av-masonry-item-with-image av-grid-img' title=\"\" alt=\"DVT - 3D Schnittbild\"    itemprop=\"thumbnailUrl\" ><div class='av-inner-masonry-sizer'><\/div><figure class='av-inner-masonry main_color'><div class=\"av-masonry-outerimage-container\"><div class='av-masonry-image-container' style=\"background-image: url(https:\/\/atos-mvz.de\/wiesbaden\/wp-content\/uploads\/sites\/22\/2024\/09\/dvt1.jpg);\" ><\/div><\/div><\/figure><\/a><!--end av-masonry entry--><a href=\"https:\/\/atos-mvz.de\/wiesbaden\/wp-content\/uploads\/sites\/22\/2024\/09\/dvt2.jpg\" data-srcset=\"https:\/\/atos-mvz.de\/wiesbaden\/wp-content\/uploads\/sites\/22\/2024\/09\/dvt2.jpg 1000w, https:\/\/atos-mvz.de\/wiesbaden\/wp-content\/uploads\/sites\/22\/2024\/09\/dvt2-300x200.jpg 300w, https:\/\/atos-mvz.de\/wiesbaden\/wp-content\/uploads\/sites\/22\/2024\/09\/dvt2-768x512.jpg 768w, https:\/\/atos-mvz.de\/wiesbaden\/wp-content\/uploads\/sites\/22\/2024\/09\/dvt2-705x470.jpg 705w\" data-sizes=\"(max-width: 1000px) 100vw, 1000px\"  aria-label=\"Bild DVT - 3D Schnittbild\"  id='av-masonry-1-item-2309' data-av-masonry-item='2309' class='av-masonry-entry isotope-item post-2309 attachment type-attachment status-inherit hentry  av-masonry-item-with-image av-grid-img' title=\"\" alt=\"DVT - 3D Schnittbild\"    itemprop=\"thumbnailUrl\" ><div class='av-inner-masonry-sizer'><\/div><figure class='av-inner-masonry main_color'><div class=\"av-masonry-outerimage-container\"><div class='av-masonry-image-container' style=\"background-image: url(https:\/\/atos-mvz.de\/wiesbaden\/wp-content\/uploads\/sites\/22\/2024\/09\/dvt2.jpg);\" ><\/div><\/div><\/figure><\/a><!--end av-masonry entry--><a href=\"https:\/\/atos-mvz.de\/wiesbaden\/wp-content\/uploads\/sites\/22\/2024\/09\/dvt3.jpg\" data-srcset=\"https:\/\/atos-mvz.de\/wiesbaden\/wp-content\/uploads\/sites\/22\/2024\/09\/dvt3.jpg 1000w, https:\/\/atos-mvz.de\/wiesbaden\/wp-content\/uploads\/sites\/22\/2024\/09\/dvt3-300x200.jpg 300w, https:\/\/atos-mvz.de\/wiesbaden\/wp-content\/uploads\/sites\/22\/2024\/09\/dvt3-768x512.jpg 768w, https:\/\/atos-mvz.de\/wiesbaden\/wp-content\/uploads\/sites\/22\/2024\/09\/dvt3-705x470.jpg 705w\" data-sizes=\"(max-width: 1000px) 100vw, 1000px\"  aria-label=\"Bild DVT - 3D Schnittbild\"  id='av-masonry-1-item-2310' data-av-masonry-item='2310' class='av-masonry-entry isotope-item post-2310 attachment type-attachment status-inherit hentry  av-masonry-item-with-image av-grid-img' title=\"\" alt=\"DVT - 3D Schnittbild\"    itemprop=\"thumbnailUrl\" ><div class='av-inner-masonry-sizer'><\/div><figure class='av-inner-masonry main_color'><div class=\"av-masonry-outerimage-container\"><div class='av-masonry-image-container' style=\"background-image: url(https:\/\/atos-mvz.de\/wiesbaden\/wp-content\/uploads\/sites\/22\/2024\/09\/dvt3.jpg);\" ><\/div><\/div><\/figure><\/a><!--end av-masonry entry--><a href=\"https:\/\/atos-mvz.de\/wiesbaden\/wp-content\/uploads\/sites\/22\/2024\/09\/dvt4.jpg\" data-srcset=\"https:\/\/atos-mvz.de\/wiesbaden\/wp-content\/uploads\/sites\/22\/2024\/09\/dvt4.jpg 667w, https:\/\/atos-mvz.de\/wiesbaden\/wp-content\/uploads\/sites\/22\/2024\/09\/dvt4-200x300.jpg 200w, https:\/\/atos-mvz.de\/wiesbaden\/wp-content\/uploads\/sites\/22\/2024\/09\/dvt4-470x705.jpg 470w\" data-sizes=\"(max-width: 667px) 100vw, 667px\"  aria-label=\"Bild DVT - 3D Schnittbild\"  id='av-masonry-1-item-2311' data-av-masonry-item='2311' class='av-masonry-entry isotope-item post-2311 attachment type-attachment status-inherit hentry  av-masonry-item-with-image av-grid-img' title=\"\" alt=\"DVT - 3D Schnittbild\"    itemprop=\"thumbnailUrl\" ><div class='av-inner-masonry-sizer'><\/div><figure class='av-inner-masonry main_color'><div class=\"av-masonry-outerimage-container\"><div class='av-masonry-image-container' style=\"background-image: url(https:\/\/atos-mvz.de\/wiesbaden\/wp-content\/uploads\/sites\/22\/2024\/09\/dvt4.jpg);\" ><\/div><\/div><\/figure><\/a><!--end av-masonry entry--><\/div><\/div>\n<section  class='av_textblock_section av-m0z0g2e9-62b20fd93f4a0f9a890305da51c38e68 '   itemscope=\"itemscope\" itemtype=\"https:\/\/schema.org\/CreativeWork\" ><div class='avia_textblock'  itemprop=\"text\" ><p>Auf Grund der neusten Protokolle SULD und SULD+\u00a0 (Super-Ultra-Lowdose) gelingt eine Strahlenreduktion die mehr als 10 fach geringer sind, als bei einer konventionellen CT UNtersucheung. Die Dosis kann soger soweit reduziert werden, dass es bei\u00a0 eine DVT Untersuchung zu einer geringeren Strahlenexposition kommt als bei einem konventionellen R\u00f6ntgenbild in 2 Ebenen mit einer hoch modernen digitalen R\u00f6ntgenanlage. Somit tragen wir massgeblich zur Reduktion der Strahlenexposition unsrer Patienten bei. Dies ist v.a. bei Untersuchungen von Kindern von besonderer Bedeutung.<\/p>\n<p>Es gibt vielseitige Positionierungsm\u00f6glichkeiten dank elektrisch h\u00f6henverstellbarer und neigbarer Gantry. Bestm\u00f6gliche Diagnostik mit hochaufl\u00f6senden 3D-Bildern, selbst feinste Br\u00fcche in den Extremit\u00e4ten bei 0,2mm Schichtdick werden sichtbar. Zus\u00e4tzlich k\u00f6nne mit diesem Untersuchungsgang zus\u00e4tzlich so viele konventionelle R\u00f6ntgenbilder generiert werden, wie es n\u00f6tig ist \u2013 ohne zus\u00e4tzliche Strahlenbelastung.<\/p>\n<p>Die kompakte Einheit erm\u00f6glicht mithilfe einer genauen 3D-Bildgebung die schnelle Diagnose direkt in unserer Praxis. Die herausragende Bildqualit\u00e4t unterst\u00fctzt uns Orthop\u00e4den in der Diagnostik von Erkrankungen im Bereich komplexer Knochenstrukturen wie Fu\u00df, Hand und Ellenbogen. Auch im Bereich der Kniegelenke lassen sich wertvolle zus\u00e4tzliche Informationen vor einer Prothesenimplantation oder bei Prothesenkontrollen gewinnen.<\/p>\n<p>Eine der interessantesten neuen Anwendungen des SCS DVT-Ger\u00e4tes H22 f\u00fcr Extremit\u00e4ten ist die Belastungs-CT, bei welcher der Patient w\u00e4hrend der Bildaufzeichnung in der Gantry steht. Eine Belastungs-CT des Fu\u00dfes bzw. oberen Sprunggelenks zeigt die Anatomie bei nat\u00fcrlicher Belastung. Mit diesem v\u00f6llig neuen Bildgebungsverfahren lassen sich zahlreiche zuvor offen gebliebene Fragen nun beantworten.<\/p>\n<p>Insbesondere im Rahmen der operativen Planung steht nur ein weiteres Tool zur Verf\u00fcgung, welches die Indikation f\u00fcr die zur Verf\u00fcgung stehenden Operationsverfahren absichert bzw. ma\u00dfgeblich beeinflusst. Auf Grund der Erfahrungen der letzten 10 Jahren, werden bei uns u.a. keine Prothese des Sprunggelenkes eingebaut, ohne in der pr\u00e4operativen Diagnostik den gesamten R\u00fcckfu\u00df mittels dieser neuen Bildgebung analysiert zu haben. Dies tr\u00e4gt ma\u00dfgeblich zu besseren Ergebnissen und einer erh\u00f6hten Patientensicherheit bei.<\/p>\n<\/div><\/section>\n<\/p>\n","protected":false},"excerpt":{"rendered":"","protected":false},"author":1,"featured_media":0,"parent":1556,"menu_order":0,"comment_status":"closed","ping_status":"closed","template":"","meta":{"footnotes":""},"class_list":["post-2302","page","type-page","status-publish","hentry"],"yoast_head":"<!-- This site is optimized with the Yoast SEO plugin v27.3 - https:\/\/yoast.com\/product\/yoast-seo-wordpress\/ -->\n<title>DVT 3D Schnittbild-Diagnostik in Wiesbaden | ATOS MVZ<\/title>\n<meta name=\"description\" content=\"Erleben Sie pr\u00e4zise Diagnosen mit der 3D-Schnittbild-Diagnostik (DVT) im ATOS MVZ Wiesbaden. Reduzierte Strahlendosis, hochaufl\u00f6sende Bilder\" \/>\n<meta name=\"robots\" content=\"index, follow, max-snippet:-1, max-image-preview:large, max-video-preview:-1\" \/>\n<link rel=\"canonical\" href=\"https:\/\/atos-mvz.de\/wiesbaden\/diagnostik\/dvt-3d-schnittbild-diagnostik\/\" \/>\n<meta property=\"og:locale\" content=\"de_DE\" \/>\n<meta property=\"og:type\" content=\"article\" \/>\n<meta property=\"og:title\" content=\"DVT 3D Schnittbild-Diagnostik in Wiesbaden | ATOS MVZ\" \/>\n<meta property=\"og:description\" content=\"Erleben Sie pr\u00e4zise Diagnosen mit der 3D-Schnittbild-Diagnostik (DVT) im ATOS MVZ Wiesbaden. Reduzierte Strahlendosis, hochaufl\u00f6sende Bilder\" \/>\n<meta property=\"og:url\" content=\"https:\/\/atos-mvz.de\/wiesbaden\/diagnostik\/dvt-3d-schnittbild-diagnostik\/\" \/>\n<meta property=\"og:site_name\" content=\"MVZ Wiesbaden\" \/>\n<meta property=\"article:modified_time\" content=\"2024-09-13T13:39:02+00:00\" \/>\n<meta name=\"twitter:card\" content=\"summary_large_image\" \/>\n<script type=\"application\/ld+json\" class=\"yoast-schema-graph\">{\"@context\":\"https:\\\/\\\/schema.org\",\"@graph\":[{\"@type\":\"WebPage\",\"@id\":\"https:\\\/\\\/atos-mvz.de\\\/wiesbaden\\\/diagnostik\\\/dvt-3d-schnittbild-diagnostik\\\/\",\"url\":\"https:\\\/\\\/atos-mvz.de\\\/wiesbaden\\\/diagnostik\\\/dvt-3d-schnittbild-diagnostik\\\/\",\"name\":\"DVT 3D Schnittbild-Diagnostik in Wiesbaden | ATOS MVZ\",\"isPartOf\":{\"@id\":\"https:\\\/\\\/atos-mvz.de\\\/wiesbaden\\\/#website\"},\"datePublished\":\"2024-09-11T14:10:11+00:00\",\"dateModified\":\"2024-09-13T13:39:02+00:00\",\"description\":\"Erleben Sie pr\u00e4zise Diagnosen mit der 3D-Schnittbild-Diagnostik (DVT) im ATOS MVZ Wiesbaden. Reduzierte Strahlendosis, hochaufl\u00f6sende Bilder\",\"breadcrumb\":{\"@id\":\"https:\\\/\\\/atos-mvz.de\\\/wiesbaden\\\/diagnostik\\\/dvt-3d-schnittbild-diagnostik\\\/#breadcrumb\"},\"inLanguage\":\"de\",\"potentialAction\":[{\"@type\":\"ReadAction\",\"target\":[\"https:\\\/\\\/atos-mvz.de\\\/wiesbaden\\\/diagnostik\\\/dvt-3d-schnittbild-diagnostik\\\/\"]}]},{\"@type\":\"BreadcrumbList\",\"@id\":\"https:\\\/\\\/atos-mvz.de\\\/wiesbaden\\\/diagnostik\\\/dvt-3d-schnittbild-diagnostik\\\/#breadcrumb\",\"itemListElement\":[{\"@type\":\"ListItem\",\"position\":1,\"name\":\"Startseite\",\"item\":\"https:\\\/\\\/atos-mvz.de\\\/wiesbaden\\\/startseite\\\/\"},{\"@type\":\"ListItem\",\"position\":2,\"name\":\"Diagnostik\",\"item\":\"https:\\\/\\\/atos-mvz.de\\\/wiesbaden\\\/diagnostik\\\/\"},{\"@type\":\"ListItem\",\"position\":3,\"name\":\"DVT \u2013 3D Schnittbild-Diagnostik\"}]},{\"@type\":\"WebSite\",\"@id\":\"https:\\\/\\\/atos-mvz.de\\\/wiesbaden\\\/#website\",\"url\":\"https:\\\/\\\/atos-mvz.de\\\/wiesbaden\\\/\",\"name\":\"MVZ Wiesbaden\",\"description\":\"\",\"potentialAction\":[{\"@type\":\"SearchAction\",\"target\":{\"@type\":\"EntryPoint\",\"urlTemplate\":\"https:\\\/\\\/atos-mvz.de\\\/wiesbaden\\\/?s={search_term_string}\"},\"query-input\":{\"@type\":\"PropertyValueSpecification\",\"valueRequired\":true,\"valueName\":\"search_term_string\"}}],\"inLanguage\":\"de\"}]}<\/script>\n<!-- \/ Yoast SEO plugin. -->","yoast_head_json":{"title":"DVT 3D Schnittbild-Diagnostik in Wiesbaden | ATOS MVZ","description":"Erleben Sie pr\u00e4zise Diagnosen mit der 3D-Schnittbild-Diagnostik (DVT) im ATOS MVZ Wiesbaden. Reduzierte Strahlendosis, hochaufl\u00f6sende Bilder","robots":{"index":"index","follow":"follow","max-snippet":"max-snippet:-1","max-image-preview":"max-image-preview:large","max-video-preview":"max-video-preview:-1"},"canonical":"https:\/\/atos-mvz.de\/wiesbaden\/diagnostik\/dvt-3d-schnittbild-diagnostik\/","og_locale":"de_DE","og_type":"article","og_title":"DVT 3D Schnittbild-Diagnostik in Wiesbaden | ATOS MVZ","og_description":"Erleben Sie pr\u00e4zise Diagnosen mit der 3D-Schnittbild-Diagnostik (DVT) im ATOS MVZ Wiesbaden. Reduzierte Strahlendosis, hochaufl\u00f6sende Bilder","og_url":"https:\/\/atos-mvz.de\/wiesbaden\/diagnostik\/dvt-3d-schnittbild-diagnostik\/","og_site_name":"MVZ Wiesbaden","article_modified_time":"2024-09-13T13:39:02+00:00","twitter_card":"summary_large_image","schema":{"@context":"https:\/\/schema.org","@graph":[{"@type":"WebPage","@id":"https:\/\/atos-mvz.de\/wiesbaden\/diagnostik\/dvt-3d-schnittbild-diagnostik\/","url":"https:\/\/atos-mvz.de\/wiesbaden\/diagnostik\/dvt-3d-schnittbild-diagnostik\/","name":"DVT 3D Schnittbild-Diagnostik in Wiesbaden | ATOS MVZ","isPartOf":{"@id":"https:\/\/atos-mvz.de\/wiesbaden\/#website"},"datePublished":"2024-09-11T14:10:11+00:00","dateModified":"2024-09-13T13:39:02+00:00","description":"Erleben Sie pr\u00e4zise Diagnosen mit der 3D-Schnittbild-Diagnostik (DVT) im ATOS MVZ Wiesbaden. Reduzierte Strahlendosis, hochaufl\u00f6sende Bilder","breadcrumb":{"@id":"https:\/\/atos-mvz.de\/wiesbaden\/diagnostik\/dvt-3d-schnittbild-diagnostik\/#breadcrumb"},"inLanguage":"de","potentialAction":[{"@type":"ReadAction","target":["https:\/\/atos-mvz.de\/wiesbaden\/diagnostik\/dvt-3d-schnittbild-diagnostik\/"]}]},{"@type":"BreadcrumbList","@id":"https:\/\/atos-mvz.de\/wiesbaden\/diagnostik\/dvt-3d-schnittbild-diagnostik\/#breadcrumb","itemListElement":[{"@type":"ListItem","position":1,"name":"Startseite","item":"https:\/\/atos-mvz.de\/wiesbaden\/startseite\/"},{"@type":"ListItem","position":2,"name":"Diagnostik","item":"https:\/\/atos-mvz.de\/wiesbaden\/diagnostik\/"},{"@type":"ListItem","position":3,"name":"DVT \u2013 3D Schnittbild-Diagnostik"}]},{"@type":"WebSite","@id":"https:\/\/atos-mvz.de\/wiesbaden\/#website","url":"https:\/\/atos-mvz.de\/wiesbaden\/","name":"MVZ Wiesbaden","description":"","potentialAction":[{"@type":"SearchAction","target":{"@type":"EntryPoint","urlTemplate":"https:\/\/atos-mvz.de\/wiesbaden\/?s={search_term_string}"},"query-input":{"@type":"PropertyValueSpecification","valueRequired":true,"valueName":"search_term_string"}}],"inLanguage":"de"}]}},"_links":{"self":[{"href":"https:\/\/atos-mvz.de\/wiesbaden\/wp-json\/wp\/v2\/pages\/2302","targetHints":{"allow":["GET"]}}],"collection":[{"href":"https:\/\/atos-mvz.de\/wiesbaden\/wp-json\/wp\/v2\/pages"}],"about":[{"href":"https:\/\/atos-mvz.de\/wiesbaden\/wp-json\/wp\/v2\/types\/page"}],"author":[{"embeddable":true,"href":"https:\/\/atos-mvz.de\/wiesbaden\/wp-json\/wp\/v2\/users\/1"}],"replies":[{"embeddable":true,"href":"https:\/\/atos-mvz.de\/wiesbaden\/wp-json\/wp\/v2\/comments?post=2302"}],"version-history":[{"count":14,"href":"https:\/\/atos-mvz.de\/wiesbaden\/wp-json\/wp\/v2\/pages\/2302\/revisions"}],"predecessor-version":[{"id":2798,"href":"https:\/\/atos-mvz.de\/wiesbaden\/wp-json\/wp\/v2\/pages\/2302\/revisions\/2798"}],"up":[{"embeddable":true,"href":"https:\/\/atos-mvz.de\/wiesbaden\/wp-json\/wp\/v2\/pages\/1556"}],"wp:attachment":[{"href":"https:\/\/atos-mvz.de\/wiesbaden\/wp-json\/wp\/v2\/media?parent=2302"}],"curies":[{"name":"wp","href":"https:\/\/api.w.org\/{rel}","templated":true}]}}