{"id":1545,"date":"2023-09-13T12:00:23","date_gmt":"2023-09-13T10:00:23","guid":{"rendered":"https:\/\/atos-mvz.de\/wiesbaden\/?page_id=1545"},"modified":"2026-01-15T16:34:34","modified_gmt":"2026-01-15T15:34:34","slug":"ambulante-operation","status":"publish","type":"page","link":"https:\/\/atos-mvz.de\/wiesbaden\/therapie\/ambulante-operation\/","title":{"rendered":"Ambulante Operation"},"content":{"rendered":"\n<style type=\"text\/css\" data-created_by=\"avia_inline_auto\" id=\"style-css-av-lmhkgwra-06a20e564e527789c2f80a6a7a88761f\">\n.avia-section.av-lmhkgwra-06a20e564e527789c2f80a6a7a88761f{\nbackground-repeat:no-repeat;\nbackground-image:url(https:\/\/atos-mvz.de\/wiesbaden\/wp-content\/uploads\/sites\/22\/2023\/09\/wiesbaden-01.jpg);\nbackground-position:50% 0%;\nbackground-attachment:scroll;\n}\n.avia-section.av-lmhkgwra-06a20e564e527789c2f80a6a7a88761f .av-extra-border-element .av-extra-border-inner{\nbackground-color:#ffffff;\n}\n<\/style>\n<div id='header-img'  class='avia-section av-lmhkgwra-06a20e564e527789c2f80a6a7a88761f main_color avia-section-huge avia-no-border-styling  avia-builder-el-0  el_before_av_section  avia-builder-el-first  largeimg avia-full-stretch avia-bg-style-scroll container_wrap fullsize'  data-section-bg-repeat='stretch'><div class='container av-section-cont-open' ><main  role=\"main\" itemprop=\"mainContentOfPage\"  class='template-page content  av-content-full alpha units'><div class='post-entry post-entry-type-page post-entry-1545'><div class='entry-content-wrapper clearfix'>\n<\/div><\/div><\/main><!-- close content main element --><\/div><div class='av-extra-border-element border-extra-diagonal border-extra-diagonal-inverse '><div class='av-extra-border-outer'><div class='av-extra-border-inner'><\/div><\/div><\/div><\/div>\n<style type=\"text\/css\" data-created_by=\"avia_inline_auto\" id=\"style-css-av-njq61-f3f71d3859bcc1c5ead9c6a00abf0483\">\n.avia-section.av-njq61-f3f71d3859bcc1c5ead9c6a00abf0483 .av-extra-border-element .av-extra-border-inner{\nbackground-color:#f1f0f5;\n}\n<\/style>\n<div id='av_section_2'  class='avia-section av-njq61-f3f71d3859bcc1c5ead9c6a00abf0483 main_color avia-section-large avia-no-border-styling  avia-builder-el-1  el_after_av_section  avia-builder-el-last  small-container avia-bg-style-scroll container_wrap fullsize'  ><div class='container av-section-cont-open' ><div class='template-page content  av-content-full alpha units'><div class='post-entry post-entry-type-page post-entry-1545'><div class='entry-content-wrapper clearfix'>\n<section  class='av_textblock_section av-lmhkhb1m-a6768a493c80a6b9b9ac7920c5f8ccad '   itemscope=\"itemscope\" itemtype=\"https:\/\/schema.org\/CreativeWork\" ><div class='avia_textblock'  itemprop=\"text\" ><h1><strong>Ihre ambulante Operation in der ATOS Klinik Wiesbaden<\/strong><\/h1>\n<p>Ihnen wurde aufgrund einer Erkrankung oder Verletzung ein operativer Eingriff empfohlen. Zahlreiche Eingriffe k\u00f6nnen ambulant durchgef\u00fchrt werden. Bei der Entscheidung dar\u00fcber, ob eine Operation ambulant m\u00f6glich erfolgt, muss zwischen medizinischer Vorgaben und individuellen Gegebenheiten abgewogen werden.<\/p>\n<\/div><\/section>\n\n<style type=\"text\/css\" data-created_by=\"avia_inline_auto\" id=\"style-css-av-lmhkhfkq-51d87430a5042ec7267cfc9801e18a74\">\n#top .hr.av-lmhkhfkq-51d87430a5042ec7267cfc9801e18a74{\nmargin-top:20;\nmargin-bottom:30px;\n}\n.hr.av-lmhkhfkq-51d87430a5042ec7267cfc9801e18a74 .hr-inner{\nwidth:100%;\nborder-color:#f1f0f5;\n}\n<\/style>\n<div  class='hr av-lmhkhfkq-51d87430a5042ec7267cfc9801e18a74 hr-custom  avia-builder-el-3  el_after_av_textblock  el_before_av_textblock  hr-center hr-icon-no'><span class='hr-inner inner-border-av-border-thin'><span class=\"hr-inner-style\"><\/span><\/span><\/div>\n<section  class='av_textblock_section av-lmhkhrqx-1a674baeb962fa60f844ae6882a5b0cf '   itemscope=\"itemscope\" itemtype=\"https:\/\/schema.org\/CreativeWork\" ><div class='avia_textblock'  itemprop=\"text\" ><h2><strong>Eine ambulante Operation steht an<\/strong><\/h2>\n<p>F\u00fcr eine ambulante Operation m\u00fcssen alle notwendigen Vorbereitungen im Vorfeld im Rahmen Ihrer Vorstellung in der Praxis oder nach Terminvereinbarung ambulant in unserem Haus erfolgen, damit am Tag der Operation ein reibungsloser Ablauf gew\u00e4hrleistet ist.<\/p>\n<p>F\u00fcr Ihre Operation ben\u00f6tigen wir Ihr schriftliches Einverst\u00e4ndnis zu dem Eingriff. Dieses Aufkl\u00e4rungsgespr\u00e4ch findet bereits am Tag der Operationsplanung durch den Operateur statt. Wir erl\u00e4utern Ihnen stets m\u00f6glichst umfangreich, welches operative Vorgehen\/ Verfahren bei Ihnen zur Anwendung kommen soll. Es ist dabei jedoch zu beachten, dass in Einzelf\u00e4llen letztlich erst intraoperativ entschieden werden kann, welches Verfahren in Ihrem Fall zum Einsatz kommt. Deshalb kann es vorkommen, dass Ihnen der Arzt im Aufkl\u00e4rungsgespr\u00e4ch zwar ein favorisiertes Verfahren erl\u00e4utert, jedoch auch \u00fcbliche Alternativmethoden oder evtl. anstehende Erg\u00e4nzungseingriffe nennt.<\/p>\n<p>Ebenfalls im Vorfeld findet das Gespr\u00e4ch mit dem Narkosearzt statt. Er wird mit Ihnen die Vor- und Nachteile m\u00f6glicher Narkoseformen besprechen und Ihnen ein Verfahren empfehlen. Sp\u00e4testens zu diesem Termin sollten Sie eine Liste Ihrer regelm\u00e4\u00dfig eingenommenen Medikamente mit den Dosierungen mitbringen. Sollten Wirkstoffe dabei sein, welche sich unter Umst\u00e4nden nachteilig auf die Operation auswirken, m\u00fcssen diese ggf. eine bestimmte Zeit zuvor abgesetzt werden. Ob ein Alternativpr\u00e4parat notwendig ist, werden wir und ggf. auch Ihr Hausarzt mit Ihnen besprechen. Zu Wirkstoffen, welche auf jeden Fall vor einer Operation ersetzt oder abgesetzt werden m\u00fcssen, geh\u00f6ren z.B. blutverd\u00fcnnende Wirkstoffe wie Marcumar, Eliquis, Xarelto, Lixiana, Acetylsalicyls\u00e4ure (enthalten in z.B. ASS, Aspirin, Thomapyrin), Clopidogrel (enthalten z.B. in Plavix, Iscover), Aggrenox, mitunter auch blutzuckerregulierende Stoffe wie Metformin\u2026.<\/p>\n<\/div><\/section>\n\n<style type=\"text\/css\" data-created_by=\"avia_inline_auto\" id=\"style-css-av-46bk09-f38fd4cea3e22da42fa867e3a090a187\">\n#top .hr.av-46bk09-f38fd4cea3e22da42fa867e3a090a187{\nmargin-top:20px;\nmargin-bottom:30px;\n}\n.hr.av-46bk09-f38fd4cea3e22da42fa867e3a090a187 .hr-inner{\nwidth:100%;\nborder-color:#f1f0f5;\n}\n<\/style>\n<div  class='hr av-46bk09-f38fd4cea3e22da42fa867e3a090a187 hr-custom  avia-builder-el-5  el_after_av_textblock  el_before_av_textblock  hr-center hr-icon-no'><span class='hr-inner inner-border-av-border-thin'><span class=\"hr-inner-style\"><\/span><\/span><\/div>\n<section  class='av_textblock_section av-lmhki63h-96f0475d0666380ec9b5dcaf35503b83 '   itemscope=\"itemscope\" itemtype=\"https:\/\/schema.org\/CreativeWork\" ><div class='avia_textblock'  itemprop=\"text\" ><h2><strong>Notwendige Befunde \/ Untersuchungen<\/strong><\/h2>\n<p>Ebenfalls zu diesem Termin sollten Sie die Befunde der notwendigen Voruntersuchungen mitbringen. Mitunter ben\u00f6tigen wir Laborwerte und ein Ruhe-EKG im Original. \u00a0Bei kleineren Eingriffen und\/oder gesunden Patienten kann darauf oftmals auch verzichtet werden. Ihr Hausarzt wird auf unsere Veranlassung entsprechende Untersuchungen anordnen.<\/p>\n<p>Am Abend vor der Operation k\u00f6nnen Sie uneingeschr\u00e4nkt essen und trinken. Ab 24 Uhr sollten Sie dann jedoch n\u00fcchtern bleiben. Zur N\u00fcchternheit geh\u00f6ren ebenso wie Nahrungs- und Getr\u00e4nkeverzicht auch der Verzicht auf Zigaretten und Kaugummis\/ Bonbons. Bitte halten Sie im eigenen Interesse diese Vorgaben ein, um eine Gef\u00e4hrdung Ihrer Gesundheit zu vermeiden.<\/p>\n<p>Vor Durchf\u00fchrung einer Operation erfolgt die sorgf\u00e4ltige Desinfektion zur Herstellung eines sterilen OP-Feldes. Sie sollten durch entsprechende hygienische Ma\u00dfnahmen dazu beitragen, die Voraussetzungen f\u00fcr eine sichere Operation zu optimieren und so Infektionen zu vermeiden. Hierzu geh\u00f6ren saubere, gek\u00fcrzte und gepflegte N\u00e4gel und eine intakte Haut. K\u00fcnstliche Fingern\u00e4gel und Nagellack sowie Piercings sind vor einer geplanten Operation zu entfernen. Auf die Verwendung von Hautcremes und -lotionen sollten Sie am Tag der Operation verzichten. Bitte verzichten Sie im eigenen Interesse auf teuren Schmuck oder sonstige Wertsachen. Zur Operation muss s\u00e4mtlicher Schmuck abgelegt werden.<\/p>\n<h3><strong>Hilfsmittel<\/strong><\/h3>\n<p>Ihr Operateur wird Sie im Vorfeld dar\u00fcber aufkl\u00e4ren, ob, und f\u00fcr welchen Zeitraum Sie Hilfsmittel nach der Operation ben\u00f6tigen und Ihnen die entsprechende Verordnung mitgeben. Diese k\u00f6nnen Sie sich bei einem Orthop\u00e4dietechniker\/ Sanit\u00e4tshaus Ihrer Wahl besorgen.<\/p>\n<\/div><\/section>\n\n<style type=\"text\/css\" data-created_by=\"avia_inline_auto\" id=\"style-css-av-2og96x-fd00b8e508720705ce2bbc03ed051329\">\n#top .hr.av-2og96x-fd00b8e508720705ce2bbc03ed051329{\nmargin-top:20px;\nmargin-bottom:30px;\n}\n.hr.av-2og96x-fd00b8e508720705ce2bbc03ed051329 .hr-inner{\nwidth:100%;\nborder-color:#f1f0f5;\n}\n<\/style>\n<div  class='hr av-2og96x-fd00b8e508720705ce2bbc03ed051329 hr-custom  avia-builder-el-7  el_after_av_textblock  el_before_av_textblock  hr-center hr-icon-no'><span class='hr-inner inner-border-av-border-thin'><span class=\"hr-inner-style\"><\/span><\/span><\/div>\n<section  class='av_textblock_section av-lmhkihg8-f8d13905fdc6e2f099bfb1d2eb5c5642 '   itemscope=\"itemscope\" itemtype=\"https:\/\/schema.org\/CreativeWork\" ><div class='avia_textblock'  itemprop=\"text\" ><h2><strong>Nach der Operation<\/strong><\/h2>\n<p>F\u00fcr die erste Zeit unmittelbar nach der Operation ist eine intensive \u00dcberwachung des Herz-Kreislauf-Systems und der Atmung notwendig, weshalb Ihre Betreuung postoperativ zun\u00e4chst im Aufwachraum erfolgt. Sobald sich Ihr Kreislauf stabilisiert hat, werden Sie mobilisiert. \u00a0Bereits einige Zeit nach der Narkose k\u00f6nnen Sie nach R\u00fccksprache mit dem Pflegepersonal vorsichtig beginnen zu trinken, und wenn Sie dies gut vertragen, auch bald etwas essen.<\/p>\n<h3><strong>Schmerzen<\/strong><\/h3>\n<p>Patienten m\u00fcssen sich heute nicht mehr damit abfinden, dass nach einer Operation zwangsl\u00e4ufig starke Schmerzen auftreten. Wir sorgen bei all unseren Patienten daf\u00fcr, dass sie m\u00f6glichst wenig Schmerzen empfinden und nach der Operation regelm\u00e4\u00dfig Schmerzmittel bekommen. Ihr Operateur wird Ihnen entsprechende Schmerzmittel verordnen.<\/p>\n<h3><strong>Hochlagerung\/ K\u00fchlung<\/strong><\/h3>\n<p>F\u00fcr eine komplikationsarme Heilung ist es wichtig, die betroffene K\u00f6rperregion nach der Operation hoch zu lagern. Das Pflegepersonal wird Ihnen entsprechende Hilfsmittel (Kissen\/ Schienen) zur Verf\u00fcgung stellen und Ihnen zeigen, wie Sie auch zu Hause Ihren Arm oder Ihr Bein am besten lagern. Eine Konsequente Hochlagerung tr\u00e4gt zur raschen Abschwellung, komplikationslosen Heilung und zum z\u00fcgigem Schmerzr\u00fcckgang bei.<\/p>\n<p>Bitte vermeiden Sie im eigenen Interesse am Operationstag und in den ersten Tagen danach lange Phasen, in denen die Hochlagerung nicht gew\u00e4hrleistet ist. Sitzen in einem Rollstuhl, selbst mit erh\u00f6htem Bein, ist keine Hochlagerung! Gleiches gilt f\u00fcr das Tragen einer Armschlinge. Hier sollten Sie sich im eigenen Interesse an einer raschen Genesung an die Empfehlung des Operateurs halten.<\/p>\n<h3><strong>Entlassung<\/strong><\/h3>\n<p>Sobald sich Ihr Kreislauf erholt hat, Sie die ersten Gehversuche mit den Krankenpflegerinnen\/ Krankengymnasten erfolgreich durchgef\u00fchrt haben und ein moderates Schmerzniveau erreicht ist, steht einer Entlassung vom ambulanten St\u00fctzpunkt nichts mehr im Wege. Es erfolgen Entlassungsvisiten vom Operateur\/ Assistenzarzt und des Narkosearztes.<\/p>\n<h3><strong>Zu Hause<\/strong><\/h3>\n<p>Zu Hause sollten Sie sich weiterhin ausruhen und die operierte Extremit\u00e4t entsprechend unserer Empfehlung lagern. Bei Bedarf nehmen Sie die von uns verordneten Schmerzmedikamente ein. Au\u00dferdem kann eine regelm\u00e4\u00dfige K\u00fchlung des Operationsgebietes zur Schmerzlinderung und Abschwellung beitragen. Achten Sie jedoch darauf, dass entsprechende Eisbeutel\/ K\u00fchlakkus niemals direkten Kontakt zur Haut haben und stets in einen Kissenbezug oder ein Handtuch eingewickelt sind. W\u00e4hlen Sie die K\u00fchlepisoden nicht zu lang und g\u00f6nnen Sie Ihrer Haut Erholungspausen, denn auch zu viel K\u00e4lte kann wie zu viel Hitze zu Hautsch\u00e4digungen f\u00fchren.<\/p>\n<p>Sorgen Sie daf\u00fcr, dass Sie am Tag der Operation und in der ersten Nacht nicht allein sind.<\/p>\n<h3><strong>Notfall<\/strong><\/h3>\n<p>Im Falle von unertr\u00e4glichen Schmerzen, Fieber, durchgeblutetem Verband oder anderen unerwarteten Zwischenf\u00e4llen k\u00f6nnen Sie uns tags\u00fcber in der Praxis und sonst \u00fcber unseren \u00e4rztlichen Bereitschaftsdienst erreichen: (0611-94926200)<\/p>\n<h3><strong>Thromboseprophylaxe<\/strong><\/h3>\n<p>Eine Beinvenenthrombose ist eine gef\u00fcrchtete Komplikation nach Verletzungen und Operationen, welche zu bleibenden Folgesch\u00e4den und sogar zu lebensgef\u00e4hrlichen Komplikationen f\u00fchren kann. Sollte eine medikament\u00f6se Thromboseprophylaxe in Form von Heparinspritzen n\u00f6tig sein, wird Sie Ihr Operateur entsprechend dar\u00fcber und \u00fcber die voraussichtliche Dauer dieser Ma\u00dfnahme informieren. Sie erhalten dann bei Entlassung ein entsprechendes Rezept.<\/p>\n<h3><strong>Nachbehandlung<\/strong><\/h3>\n<p>Bei der Entlassung werden Ihnen mit dem Kurzarztbrief ebenfalls ambulante Wiedervorstellungstermine in unserer Praxis zu entsprechenden Kontrollen ggf. Drainagenentfernung, Verbandswechsel oder Fadenzug mitgeteilt. In Absprache mit dem Operateur k\u00f6nnen diese Ma\u00dfnahmen auch vom Hausarzt oder beim heimatnahen chirurgischen Kollegen durchgef\u00fchrt werden.<\/p>\n<h3><strong>Krankengymnastik \/ Lymphdrainage<\/strong><\/h3>\n<p>Sollte direkt eine spezielle Krankengymnastik oder Lymphdrainage notwendig werden, erhalten Sie die Verordnungen bei der Entlassung. Je nach Operation wird hiermit aber auch erst 4 bis 6 Wochen nach der Operation begonnen, dann stellen wir Ihnen die Rezepte im Rahmen des Kontrolltermines aus.<\/p>\n<\/div><\/section>\n\n","protected":false},"excerpt":{"rendered":"","protected":false},"author":1,"featured_media":0,"parent":1532,"menu_order":0,"comment_status":"closed","ping_status":"closed","template":"","meta":{"footnotes":""},"class_list":["post-1545","page","type-page","status-publish","hentry"],"yoast_head":"<!-- This site is optimized with the Yoast SEO plugin v27.3 - https:\/\/yoast.com\/product\/yoast-seo-wordpress\/ -->\n<title>Ambulante Operation - MVZ Wiesbaden<\/title>\n<meta name=\"description\" content=\"Zahlreiche Eingriffe k\u00f6nnen ambulant durchgef\u00fchrt werden. Im Vorfeld findet das Gespr\u00e4ch mit dem Narkosearzt statt.\" \/>\n<meta name=\"robots\" content=\"index, follow, max-snippet:-1, max-image-preview:large, max-video-preview:-1\" \/>\n<link rel=\"canonical\" href=\"https:\/\/atos-mvz.de\/wiesbaden\/therapie\/ambulante-operation\/\" \/>\n<meta property=\"og:locale\" content=\"de_DE\" \/>\n<meta property=\"og:type\" content=\"article\" \/>\n<meta property=\"og:title\" content=\"Ambulante Operation - MVZ Wiesbaden\" \/>\n<meta property=\"og:description\" content=\"Zahlreiche Eingriffe k\u00f6nnen ambulant durchgef\u00fchrt werden. Im Vorfeld findet das Gespr\u00e4ch mit dem Narkosearzt statt.\" \/>\n<meta property=\"og:url\" content=\"https:\/\/atos-mvz.de\/wiesbaden\/therapie\/ambulante-operation\/\" \/>\n<meta property=\"og:site_name\" content=\"MVZ Wiesbaden\" \/>\n<meta property=\"article:modified_time\" content=\"2026-01-15T15:34:34+00:00\" \/>\n<meta name=\"twitter:card\" content=\"summary_large_image\" \/>\n<script type=\"application\/ld+json\" class=\"yoast-schema-graph\">{\"@context\":\"https:\\\/\\\/schema.org\",\"@graph\":[{\"@type\":\"WebPage\",\"@id\":\"https:\\\/\\\/atos-mvz.de\\\/wiesbaden\\\/therapie\\\/ambulante-operation\\\/\",\"url\":\"https:\\\/\\\/atos-mvz.de\\\/wiesbaden\\\/therapie\\\/ambulante-operation\\\/\",\"name\":\"Ambulante Operation - MVZ Wiesbaden\",\"isPartOf\":{\"@id\":\"https:\\\/\\\/atos-mvz.de\\\/wiesbaden\\\/#website\"},\"datePublished\":\"2023-09-13T10:00:23+00:00\",\"dateModified\":\"2026-01-15T15:34:34+00:00\",\"description\":\"Zahlreiche Eingriffe k\u00f6nnen ambulant durchgef\u00fchrt werden. Im Vorfeld findet das Gespr\u00e4ch mit dem Narkosearzt statt.\",\"breadcrumb\":{\"@id\":\"https:\\\/\\\/atos-mvz.de\\\/wiesbaden\\\/therapie\\\/ambulante-operation\\\/#breadcrumb\"},\"inLanguage\":\"de\",\"potentialAction\":[{\"@type\":\"ReadAction\",\"target\":[\"https:\\\/\\\/atos-mvz.de\\\/wiesbaden\\\/therapie\\\/ambulante-operation\\\/\"]}]},{\"@type\":\"BreadcrumbList\",\"@id\":\"https:\\\/\\\/atos-mvz.de\\\/wiesbaden\\\/therapie\\\/ambulante-operation\\\/#breadcrumb\",\"itemListElement\":[{\"@type\":\"ListItem\",\"position\":1,\"name\":\"Startseite\",\"item\":\"https:\\\/\\\/atos-mvz.de\\\/wiesbaden\\\/startseite\\\/\"},{\"@type\":\"ListItem\",\"position\":2,\"name\":\"Therapie\",\"item\":\"https:\\\/\\\/atos-mvz.de\\\/wiesbaden\\\/therapie\\\/\"},{\"@type\":\"ListItem\",\"position\":3,\"name\":\"Ambulante Operation\"}]},{\"@type\":\"WebSite\",\"@id\":\"https:\\\/\\\/atos-mvz.de\\\/wiesbaden\\\/#website\",\"url\":\"https:\\\/\\\/atos-mvz.de\\\/wiesbaden\\\/\",\"name\":\"MVZ Wiesbaden\",\"description\":\"\",\"potentialAction\":[{\"@type\":\"SearchAction\",\"target\":{\"@type\":\"EntryPoint\",\"urlTemplate\":\"https:\\\/\\\/atos-mvz.de\\\/wiesbaden\\\/?s={search_term_string}\"},\"query-input\":{\"@type\":\"PropertyValueSpecification\",\"valueRequired\":true,\"valueName\":\"search_term_string\"}}],\"inLanguage\":\"de\"}]}<\/script>\n<!-- \/ Yoast SEO plugin. -->","yoast_head_json":{"title":"Ambulante Operation - MVZ Wiesbaden","description":"Zahlreiche Eingriffe k\u00f6nnen ambulant durchgef\u00fchrt werden. Im Vorfeld findet das Gespr\u00e4ch mit dem Narkosearzt statt.","robots":{"index":"index","follow":"follow","max-snippet":"max-snippet:-1","max-image-preview":"max-image-preview:large","max-video-preview":"max-video-preview:-1"},"canonical":"https:\/\/atos-mvz.de\/wiesbaden\/therapie\/ambulante-operation\/","og_locale":"de_DE","og_type":"article","og_title":"Ambulante Operation - MVZ Wiesbaden","og_description":"Zahlreiche Eingriffe k\u00f6nnen ambulant durchgef\u00fchrt werden. Im Vorfeld findet das Gespr\u00e4ch mit dem Narkosearzt statt.","og_url":"https:\/\/atos-mvz.de\/wiesbaden\/therapie\/ambulante-operation\/","og_site_name":"MVZ Wiesbaden","article_modified_time":"2026-01-15T15:34:34+00:00","twitter_card":"summary_large_image","schema":{"@context":"https:\/\/schema.org","@graph":[{"@type":"WebPage","@id":"https:\/\/atos-mvz.de\/wiesbaden\/therapie\/ambulante-operation\/","url":"https:\/\/atos-mvz.de\/wiesbaden\/therapie\/ambulante-operation\/","name":"Ambulante Operation - MVZ Wiesbaden","isPartOf":{"@id":"https:\/\/atos-mvz.de\/wiesbaden\/#website"},"datePublished":"2023-09-13T10:00:23+00:00","dateModified":"2026-01-15T15:34:34+00:00","description":"Zahlreiche Eingriffe k\u00f6nnen ambulant durchgef\u00fchrt werden. Im Vorfeld findet das Gespr\u00e4ch mit dem Narkosearzt statt.","breadcrumb":{"@id":"https:\/\/atos-mvz.de\/wiesbaden\/therapie\/ambulante-operation\/#breadcrumb"},"inLanguage":"de","potentialAction":[{"@type":"ReadAction","target":["https:\/\/atos-mvz.de\/wiesbaden\/therapie\/ambulante-operation\/"]}]},{"@type":"BreadcrumbList","@id":"https:\/\/atos-mvz.de\/wiesbaden\/therapie\/ambulante-operation\/#breadcrumb","itemListElement":[{"@type":"ListItem","position":1,"name":"Startseite","item":"https:\/\/atos-mvz.de\/wiesbaden\/startseite\/"},{"@type":"ListItem","position":2,"name":"Therapie","item":"https:\/\/atos-mvz.de\/wiesbaden\/therapie\/"},{"@type":"ListItem","position":3,"name":"Ambulante Operation"}]},{"@type":"WebSite","@id":"https:\/\/atos-mvz.de\/wiesbaden\/#website","url":"https:\/\/atos-mvz.de\/wiesbaden\/","name":"MVZ Wiesbaden","description":"","potentialAction":[{"@type":"SearchAction","target":{"@type":"EntryPoint","urlTemplate":"https:\/\/atos-mvz.de\/wiesbaden\/?s={search_term_string}"},"query-input":{"@type":"PropertyValueSpecification","valueRequired":true,"valueName":"search_term_string"}}],"inLanguage":"de"}]}},"_links":{"self":[{"href":"https:\/\/atos-mvz.de\/wiesbaden\/wp-json\/wp\/v2\/pages\/1545","targetHints":{"allow":["GET"]}}],"collection":[{"href":"https:\/\/atos-mvz.de\/wiesbaden\/wp-json\/wp\/v2\/pages"}],"about":[{"href":"https:\/\/atos-mvz.de\/wiesbaden\/wp-json\/wp\/v2\/types\/page"}],"author":[{"embeddable":true,"href":"https:\/\/atos-mvz.de\/wiesbaden\/wp-json\/wp\/v2\/users\/1"}],"replies":[{"embeddable":true,"href":"https:\/\/atos-mvz.de\/wiesbaden\/wp-json\/wp\/v2\/comments?post=1545"}],"version-history":[{"count":9,"href":"https:\/\/atos-mvz.de\/wiesbaden\/wp-json\/wp\/v2\/pages\/1545\/revisions"}],"predecessor-version":[{"id":2772,"href":"https:\/\/atos-mvz.de\/wiesbaden\/wp-json\/wp\/v2\/pages\/1545\/revisions\/2772"}],"up":[{"embeddable":true,"href":"https:\/\/atos-mvz.de\/wiesbaden\/wp-json\/wp\/v2\/pages\/1532"}],"wp:attachment":[{"href":"https:\/\/atos-mvz.de\/wiesbaden\/wp-json\/wp\/v2\/media?parent=1545"}],"curies":[{"name":"wp","href":"https:\/\/api.w.org\/{rel}","templated":true}]}}