{"id":1318,"date":"2023-09-12T15:29:06","date_gmt":"2023-09-12T13:29:06","guid":{"rendered":"https:\/\/atos-mvz.de\/wiesbaden\/?page_id=1318"},"modified":"2023-09-12T15:31:39","modified_gmt":"2023-09-12T13:31:39","slug":"hammer-und-krallenzehen","status":"publish","type":"page","link":"https:\/\/atos-mvz.de\/wiesbaden\/bereiche\/fuss\/hammer-und-krallenzehen\/","title":{"rendered":"Hammer- und Krallenzehen"},"content":{"rendered":"\n<style type=\"text\/css\" data-created_by=\"avia_inline_auto\" id=\"style-css-av-lmgcfiyd-d4344154b34171a62af9c20d2bad4bee\">\n.avia-section.av-lmgcfiyd-d4344154b34171a62af9c20d2bad4bee{\nbackground-repeat:no-repeat;\nbackground-image:url(https:\/\/atos-mvz.de\/wiesbaden\/wp-content\/uploads\/sites\/22\/2021\/01\/Fussschmerzen_1700x600.jpg);\nbackground-position:50% 50%;\nbackground-attachment:scroll;\n}\n.avia-section.av-lmgcfiyd-d4344154b34171a62af9c20d2bad4bee .av-extra-border-element .av-extra-border-inner{\nbackground-color:#ffffff;\n}\n<\/style>\n<div id='header-img'  class='avia-section av-lmgcfiyd-d4344154b34171a62af9c20d2bad4bee main_color avia-section-huge avia-no-border-styling  avia-builder-el-0  el_before_av_section  avia-builder-el-first  avia-full-stretch avia-bg-style-scroll container_wrap fullsize'  data-section-bg-repeat='stretch'><div class='container av-section-cont-open' ><main  role=\"main\" itemprop=\"mainContentOfPage\"  class='template-page content  av-content-full alpha units'><div class='post-entry post-entry-type-page post-entry-1318'><div class='entry-content-wrapper clearfix'>\n\n<style type=\"text\/css\" data-created_by=\"avia_inline_auto\" id=\"style-css-av-hos72u-4ece2806d35f6b9f26697dec99c7c2b0\">\n#top .hr.hr-invisible.av-hos72u-4ece2806d35f6b9f26697dec99c7c2b0{\nheight:100px;\n}\n<\/style>\n<div  class='hr av-hos72u-4ece2806d35f6b9f26697dec99c7c2b0 hr-invisible  avia-builder-el-1  avia-builder-el-no-sibling '><span class='hr-inner '><span class=\"hr-inner-style\"><\/span><\/span><\/div>\n\n<\/div><\/div><\/main><!-- close content main element --><\/div><div class='av-extra-border-element border-extra-diagonal border-extra-diagonal-inverse '><div class='av-extra-border-outer'><div class='av-extra-border-inner'><\/div><\/div><\/div><\/div>\n<style type=\"text\/css\" data-created_by=\"avia_inline_auto\" id=\"style-css-av-flg7wm-a76a11fa54e8b4ed91d8edf56615f754\">\n.avia-section.av-flg7wm-a76a11fa54e8b4ed91d8edf56615f754 .av-extra-border-element .av-extra-border-inner{\nbackground-color:#f1f0f5;\n}\n<\/style>\n<div id='av_section_2'  class='avia-section av-flg7wm-a76a11fa54e8b4ed91d8edf56615f754 main_color avia-section-large avia-no-border-styling  avia-builder-el-2  el_after_av_section  avia-builder-el-last  small-container avia-bg-style-scroll container_wrap fullsize'  ><div class='container av-section-cont-open' ><div class='template-page content  av-content-full alpha units'><div class='post-entry post-entry-type-page post-entry-1318'><div class='entry-content-wrapper clearfix'>\n<section  class='av_textblock_section av-lmgcfyh1-27dc92a88d812f0264f70c1e836958e9 '   itemscope=\"itemscope\" itemtype=\"https:\/\/schema.org\/CreativeWork\" ><div class='avia_textblock'  itemprop=\"text\" ><h1><strong>Hammer- und Krallenzehen<br \/>\n<\/strong><\/h1>\n<\/div><\/section>\n\n<style type=\"text\/css\" data-created_by=\"avia_inline_auto\" id=\"style-css-av-dsgyxy-03208378ca3a210d9781e26d4a693554\">\n#top .hr.av-dsgyxy-03208378ca3a210d9781e26d4a693554{\nmargin-top:0;\nmargin-bottom:30px;\n}\n.hr.av-dsgyxy-03208378ca3a210d9781e26d4a693554 .hr-inner{\nwidth:100%;\nborder-color:#f1f0f5;\n}\n<\/style>\n<div  class='hr av-dsgyxy-03208378ca3a210d9781e26d4a693554 hr-custom  avia-builder-el-4  el_after_av_textblock  el_before_av_textblock  hr-center hr-icon-no'><span class='hr-inner inner-border-av-border-thin'><span class=\"hr-inner-style\"><\/span><\/span><\/div>\n<section  class='av_textblock_section av-lmgci7qs-f066fb793a7d7b962bf4cf63d6011c89 '   itemscope=\"itemscope\" itemtype=\"https:\/\/schema.org\/CreativeWork\" ><div class='avia_textblock'  itemprop=\"text\" ><h2><strong>Ursachen<\/strong><\/h2>\n<p><img loading=\"lazy\" decoding=\"async\" class=\"size-full wp-image-1322 alignright\" src=\"https:\/\/atos-mvz.de\/wiesbaden\/wp-content\/uploads\/sites\/22\/2023\/09\/krallenzehe.jpeg\" alt=\"\" width=\"228\" height=\"227\" srcset=\"https:\/\/atos-mvz.de\/wiesbaden\/wp-content\/uploads\/sites\/22\/2023\/09\/krallenzehe.jpeg 228w, https:\/\/atos-mvz.de\/wiesbaden\/wp-content\/uploads\/sites\/22\/2023\/09\/krallenzehe-80x80.jpeg 80w, https:\/\/atos-mvz.de\/wiesbaden\/wp-content\/uploads\/sites\/22\/2023\/09\/krallenzehe-36x36.jpeg 36w, https:\/\/atos-mvz.de\/wiesbaden\/wp-content\/uploads\/sites\/22\/2023\/09\/krallenzehe-180x180.jpeg 180w\" sizes=\"auto, (max-width: 228px) 100vw, 228px\" \/><\/p>\n<p><strong>Die Krallenzehe \u201ekrallt\u201c sich in die Schuhsohle und verursacht schmerzhafte H\u00fchneraugen.<\/strong><\/p>\n<p>Patienten machen nicht selten enge Schuhe f\u00fcr die h\u00e4ufige Zehendeformit\u00e4t Hammerzehe oder Krallenzehe verantwortlich. Krallenzehen k\u00f6nnen auch durch einen Nervenschaden bedingt sein, der seine Ursache in Erkrankungen wie Diabetes oder Alkoholmissbrauch hat und die Fu\u00dfmuskulatur schw\u00e4chen kann. Hinzu kommen funktionelle Instabilit\u00e4ten des Fu\u00dfes, der durch eine vermehrte Krallung mit den Zehen ausgeglichen wird. Wenn Sie eine Krallenzehe haben, dann \u201ekrallt\u201c sich die Zehe in die Schuhsohle und verursacht schmerzhafte H\u00fchneraugen (Clavi). Krallenzehen nehmen ohne Therapie zu und k\u00f6nnen mit der Zeit zu einer fixierten Deformit\u00e4t werden. Im weiteren chronischenVerlauf kann es dann zu einer Luxation der Zehen im Grundgelenk kommen, begleitet von einer reaktiven \u00dcberbelastung des Vorfu\u00dfes im Bereich der Mittelfu\u00dfk\u00f6pfchen. So leidet der Patient dann auch noch an einer Transfermetatarsalgie.<\/p>\n<\/div><\/section>\n\n<style type=\"text\/css\" data-created_by=\"avia_inline_auto\" id=\"style-css-av-cdp4h2-249743eeb00ea2000157a2e5c37287d6\">\n#top .hr.av-cdp4h2-249743eeb00ea2000157a2e5c37287d6{\nmargin-top:20px;\nmargin-bottom:30px;\n}\n.hr.av-cdp4h2-249743eeb00ea2000157a2e5c37287d6 .hr-inner{\nwidth:100%;\nborder-color:#f1f0f5;\n}\n<\/style>\n<div  class='hr av-cdp4h2-249743eeb00ea2000157a2e5c37287d6 hr-custom  avia-builder-el-6  el_after_av_textblock  el_before_av_textblock  hr-center hr-icon-no'><span class='hr-inner inner-border-av-border-thin'><span class=\"hr-inner-style\"><\/span><\/span><\/div>\n<section  class='av_textblock_section av-lmgcipqj-7fd205b3a49750c25747821ed9f213f8 '   itemscope=\"itemscope\" itemtype=\"https:\/\/schema.org\/CreativeWork\" ><div class='avia_textblock'  itemprop=\"text\" ><h2><strong>Symptome<\/strong><\/h2>\n<ul>\n<li>Ihre Zehen sind abw\u00e4rts gebeugt (Flexion) im Mittelgelenk, Richtung der Sohle Ihres Schuhs (Hammerzehe).<\/li>\n<li>Bei Krallenzehen sind die Zehen noch zus\u00e4tzlich im Grundgelenk aufw\u00e4rts gebeugt (Extension).<\/li>\n<li>Manchmal sind die Zehen auch noch im Endgelenk abw\u00e4rts gebeugt und wickeln sich unter den Fu\u00df (Klauenzehe).<\/li>\n<li>H\u00fchneraugen und Schwielen k\u00f6nnen sich auf der Zehe oder unterw\u00e4rts am Fu\u00dfballen ausbilden.<\/li>\n<\/ul>\n<\/div><\/section>\n\n<style type=\"text\/css\" data-created_by=\"avia_inline_auto\" id=\"style-css-av-b1bnkm-32061128833f7ab0ff7a2b4f83c0af00\">\n#top .hr.av-b1bnkm-32061128833f7ab0ff7a2b4f83c0af00{\nmargin-top:20px;\nmargin-bottom:30px;\n}\n.hr.av-b1bnkm-32061128833f7ab0ff7a2b4f83c0af00 .hr-inner{\nwidth:100%;\nborder-color:#f1f0f5;\n}\n<\/style>\n<div  class='hr av-b1bnkm-32061128833f7ab0ff7a2b4f83c0af00 hr-custom  avia-builder-el-8  el_after_av_textblock  el_before_av_textblock  hr-center hr-icon-no'><span class='hr-inner inner-border-av-border-thin'><span class=\"hr-inner-style\"><\/span><\/span><\/div>\n<section  class='av_textblock_section av-lmgck10m-7bda97087be4ddb5dcbca62377b334a8 '   itemscope=\"itemscope\" itemtype=\"https:\/\/schema.org\/CreativeWork\" ><div class='avia_textblock'  itemprop=\"text\" ><h2><strong>Konservative Therapie<\/strong><\/h2>\n<p><img loading=\"lazy\" decoding=\"async\" class=\"size-medium wp-image-1323 alignright\" src=\"https:\/\/atos-mvz.de\/wiesbaden\/wp-content\/uploads\/sites\/22\/2023\/09\/Hammerzehen_schuh_weiss-300x200.jpg\" alt=\"\" width=\"300\" height=\"200\" srcset=\"https:\/\/atos-mvz.de\/wiesbaden\/wp-content\/uploads\/sites\/22\/2023\/09\/Hammerzehen_schuh_weiss-300x200.jpg 300w, https:\/\/atos-mvz.de\/wiesbaden\/wp-content\/uploads\/sites\/22\/2023\/09\/Hammerzehen_schuh_weiss-1030x687.jpg 1030w, https:\/\/atos-mvz.de\/wiesbaden\/wp-content\/uploads\/sites\/22\/2023\/09\/Hammerzehen_schuh_weiss-768x512.jpg 768w, https:\/\/atos-mvz.de\/wiesbaden\/wp-content\/uploads\/sites\/22\/2023\/09\/Hammerzehen_schuh_weiss-705x470.jpg 705w, https:\/\/atos-mvz.de\/wiesbaden\/wp-content\/uploads\/sites\/22\/2023\/09\/Hammerzehen_schuh_weiss.jpg 1254w\" sizes=\"auto, (max-width: 300px) 100vw, 300px\" \/><\/p>\n<p>Wird das Gewicht besser auf den Vorfu\u00dfbereich verteilt, werden Beschwerden gelindert.<\/p>\n<p>Hammer- und Krallenzehen sind zun\u00e4chst \u00fcblicherweise flexibel, neigen aber dazu mit der Zeit zu einer rigiden Fehlstellung zu werden. Im Fr\u00fchstadium kann ein Tape, eine kleine Schiene oder Einlagen mit retrokapitaler Abst\u00fctzung und Zehenb\u00e4nkchen den Zeh in die korrekte Position zu bringen. Zus\u00e4tzliche Tipps sind:<\/p>\n<ul>\n<li>Tragen Sie Schuhe mit weichen und weiten Zehenboxen. Meiden Sie enge Schuhe und hohe Abs\u00e4tze.<\/li>\n<li>Dehnen und Strecken Sie Ihre Zehen t\u00e4glich mit der Hand in ihre normale Position.<\/li>\n<li>Trainieren Sie Ihre Zehen, in dem Sie z.B. Murmeln aufheben oder ein Tuch auf dem Boden zusammenkn\u00fcllen; stabilisierende Fu\u00dfgymnastik<\/li>\n<\/ul>\n<p>Wenn Sie schon Hammer- und Krallenzehen im sp\u00e4teren Stadium haben und die Fehlstellung teilfixiert ist:<\/p>\n<ul>\n<li>Eine spezielle Abst\u00fctzung im Schuh bzw. Einlage kann das Gewicht auf den Vorfu\u00dfbereich besser verteilen und so Beschwerden lindern.<\/li>\n<li>Versuchen Sie extraweite Schuhe mit weitern 1,5cm Platz in der Zehenbox.<\/li>\n<li>Ggf. bitten Sie einen Schuster eine kleine Tasche in die Zehenbox zu dehnen, um der Fehlstellung mehr Platz zu schaffen.<\/li>\n<\/ul>\n<\/div><\/section>\n\n<style type=\"text\/css\" data-created_by=\"avia_inline_auto\" id=\"style-css-av-96aw06-cba16f4018b8a04dcb59e667cd7bb606\">\n#top .hr.av-96aw06-cba16f4018b8a04dcb59e667cd7bb606{\nmargin-top:20px;\nmargin-bottom:30px;\n}\n.hr.av-96aw06-cba16f4018b8a04dcb59e667cd7bb606 .hr-inner{\nwidth:100%;\nborder-color:#f1f0f5;\n}\n<\/style>\n<div  class='hr av-96aw06-cba16f4018b8a04dcb59e667cd7bb606 hr-custom  avia-builder-el-10  el_after_av_textblock  el_before_av_textblock  hr-center hr-icon-no'><span class='hr-inner inner-border-av-border-thin'><span class=\"hr-inner-style\"><\/span><\/span><\/div>\n<section  class='av_textblock_section av-lmgcmeti-33b5ce6d38b7bca364c959c66aa37c76 '   itemscope=\"itemscope\" itemtype=\"https:\/\/schema.org\/CreativeWork\" ><div class='avia_textblock'  itemprop=\"text\" ><h2><strong>Einlagenversorgung<\/strong><\/h2>\n<p><img loading=\"lazy\" decoding=\"async\" class=\"size-medium wp-image-1324 alignright\" src=\"https:\/\/atos-mvz.de\/wiesbaden\/wp-content\/uploads\/sites\/22\/2023\/09\/einlagenversorgung-dynamische-messung-217x300.jpeg\" alt=\"\" width=\"217\" height=\"300\" srcset=\"https:\/\/atos-mvz.de\/wiesbaden\/wp-content\/uploads\/sites\/22\/2023\/09\/einlagenversorgung-dynamische-messung-217x300.jpeg 217w, https:\/\/atos-mvz.de\/wiesbaden\/wp-content\/uploads\/sites\/22\/2023\/09\/einlagenversorgung-dynamische-messung.jpeg 295w\" sizes=\"auto, (max-width: 217px) 100vw, 217px\" \/><\/p>\n<p><strong>Einlagen sollten auf Basis einer dynamischen Messung gefertigt werden. So k\u00f6nnen wir Sie exakt und individuell versorgen.<\/strong><\/p>\n<p>Als Basis f\u00fcr die Fertigung von Einlagen ist eine dynamische Messung sinnvoll.<\/p>\n<p>Mittels einer Plattform wird die pr\u00e4zise Fu\u00dfstellung und die eingeleiteten Druckkr\u00e4fte sowohl bei statischen als auch bei dynamischen Abl\u00e4ufen erfasst. Somit ist eine exakte Erfassung der Fu\u00dfreaktionskr\u00e4fte und der K\u00f6rperschwerpunkte im Stehen und Gehen m\u00f6glich. Die Software erm\u00f6glicht es, die in Echtzeit dargestellte Fu\u00dfdruckverteilung f\u00fcr die individuelle Patientenversorgung zu \u00fcbernehmen. Die ausgereifte Messtechnologie bietet hohe Sensitivit\u00e4t und Aufl\u00f6sung.<\/p>\n<p>Das System erm\u00f6glicht folgende Messungen:<\/p>\n<ul>\n<li>statische Fu\u00dfdruckmessung zur Erfassung der Druckverh\u00e4ltnisse im Stehen<\/li>\n<li>statische Gleichgewichts- bzw. Schwerpunktermittlungen f\u00fcr jeden einzelnen Fu\u00df und f\u00fcr den gesamten K\u00f6rper, um Haltungsdefizite zu erfassen<\/li>\n<li>Messungen im Gehen zur Erfassung der dynamischen Druckverteilung an den F\u00fcssen sowie zur Erfassung des Gangbildes und Gleichgewichtsverhaltens des K\u00f6rpers, um diese mittels der speziellen von uns mit entwickelten Software bei der Einlagenversorgung zu ber\u00fccksichtigen.<\/li>\n<\/ul>\n<p><strong>Eventuell sind Ihre Beschwerden nur durch einen operativen Eingriff linderbar.<\/strong><\/p>\n<\/div><\/section>\n\n<style type=\"text\/css\" data-created_by=\"avia_inline_auto\" id=\"style-css-av-sx9l2-abeb3ace0a479045ac568e448bdf758c\">\n#top .hr.av-sx9l2-abeb3ace0a479045ac568e448bdf758c{\nmargin-top:20px;\nmargin-bottom:30px;\n}\n.hr.av-sx9l2-abeb3ace0a479045ac568e448bdf758c .hr-inner{\nwidth:100%;\nborder-color:#f1f0f5;\n}\n<\/style>\n<div  class='hr av-sx9l2-abeb3ace0a479045ac568e448bdf758c hr-custom  avia-builder-el-12  el_after_av_textblock  el_before_av_textblock  hr-center hr-icon-no'><span class='hr-inner inner-border-av-border-thin'><span class=\"hr-inner-style\"><\/span><\/span><\/div>\n<section  class='av_textblock_section av-5l1okm-08283bf49d75974764a0bf9cb241d07b '   itemscope=\"itemscope\" itemtype=\"https:\/\/schema.org\/CreativeWork\" ><div class='avia_textblock'  itemprop=\"text\" ><h2><strong>Operative Therapie<\/strong><\/h2>\n<p>Vor jeder Therapie steht eine exakte Diagnostik. Grundvoraussetzung sind radiologische Bilder mit mindestens 2 Einstellungen unter Vollbelastung des ganzen Fu\u00dfes. Nur so ist eine exakte patientenindividualisierte Versorgung gew\u00e4hrleistet.<\/p>\n<p>Eine lang dauernde Fehlstellung der Zehen in Kombination mit einer \u00dcberl\u00e4nge der Mittelfu\u00dfknochen kann zu einer massiven und schmerzhaften Vorfu\u00df\u00fcberlastung f\u00fchren. Dies bezeichnen wir als Transfermetatarsalgie.<\/p>\n<p>Wenn diese konservativen Therapiem\u00f6glichkeiten nicht ausreichen, kann Ihnen dann mit einem operativen Eingriff geholfen werden. Hierbei kommen je nach Fehlstellung, kn\u00f6cherner Struktur und Zustand der Sehnen die unterschiedlichsten OPVerfahren zur Anwendung.<\/p>\n<p><strong>Das Operationsverfahren entscheiden wir sehr individuell unter Ber\u00fccksichtigung aller anatomischen und funktionellen Gegebenheiten des gesamten Fu\u00dfes und der unteren Extremit\u00e4t.<\/strong><\/p>\n<ul>\n<li>Sehnenverl\u00e4ngerungen bzw. Verlagerungen der Langzehen, ggf. in Kombination mit einer Gelenkplastik nach Hohmann bzw. Versteifung kleinerer Zehengelenke zur kompletten Zehenkorrektur bei flexiblen Grundgliedern.<\/li>\n<li>Dreidimeniosnale Korrektursoteotomie des Mittelfu\u00dfk\u00f6pfchens nach Weil (Fixation mit 2,0 mm Titanschrauben) als zus\u00e4tzliches Verfahren bei subluxierten oder luxierten Grundgliedern und einer Transfermetatarsalgie.<\/li>\n<li>Korrektur bzw. entlastende Mittelfu\u00df Operation nach Uthoff bei flexiblen Grundgliedern.<\/li>\n<\/ul>\n<p>Unser oberstes Ziel ist im Rahmen der Vorfu\u00dfchirurgie gelenkerhaltend zu operieren. Hierbei kommen international anerkannte und standardisierte Operationstechniken zur Anwendung.<\/p>\n<\/div><\/section>\n\n","protected":false},"excerpt":{"rendered":"","protected":false},"author":1,"featured_media":0,"parent":1294,"menu_order":0,"comment_status":"closed","ping_status":"closed","template":"","meta":{"footnotes":""},"class_list":["post-1318","page","type-page","status-publish","hentry"],"yoast_head":"<!-- This site is optimized with the Yoast SEO plugin v27.3 - https:\/\/yoast.com\/product\/yoast-seo-wordpress\/ -->\n<title>Hammer- und Krallenzehen - MVZ Wiesbaden<\/title>\n<meta name=\"robots\" content=\"index, follow, max-snippet:-1, max-image-preview:large, max-video-preview:-1\" \/>\n<link rel=\"canonical\" href=\"https:\/\/atos-mvz.de\/wiesbaden\/bereiche\/fuss\/hammer-und-krallenzehen\/\" \/>\n<meta property=\"og:locale\" content=\"de_DE\" \/>\n<meta property=\"og:type\" content=\"article\" \/>\n<meta property=\"og:title\" content=\"Hammer- und Krallenzehen - MVZ Wiesbaden\" \/>\n<meta property=\"og:url\" content=\"https:\/\/atos-mvz.de\/wiesbaden\/bereiche\/fuss\/hammer-und-krallenzehen\/\" \/>\n<meta property=\"og:site_name\" content=\"MVZ Wiesbaden\" \/>\n<meta property=\"article:modified_time\" content=\"2023-09-12T13:31:39+00:00\" \/>\n<meta property=\"og:image\" content=\"https:\/\/atos-mvz.de\/wiesbaden\/wp-content\/uploads\/sites\/22\/2023\/09\/krallenzehe.jpeg\" \/>\n<meta name=\"twitter:card\" content=\"summary_large_image\" \/>\n<script type=\"application\/ld+json\" class=\"yoast-schema-graph\">{\"@context\":\"https:\\\/\\\/schema.org\",\"@graph\":[{\"@type\":\"WebPage\",\"@id\":\"https:\\\/\\\/atos-mvz.de\\\/wiesbaden\\\/bereiche\\\/fuss\\\/hammer-und-krallenzehen\\\/\",\"url\":\"https:\\\/\\\/atos-mvz.de\\\/wiesbaden\\\/bereiche\\\/fuss\\\/hammer-und-krallenzehen\\\/\",\"name\":\"Hammer- und Krallenzehen - MVZ Wiesbaden\",\"isPartOf\":{\"@id\":\"https:\\\/\\\/atos-mvz.de\\\/wiesbaden\\\/#website\"},\"primaryImageOfPage\":{\"@id\":\"https:\\\/\\\/atos-mvz.de\\\/wiesbaden\\\/bereiche\\\/fuss\\\/hammer-und-krallenzehen\\\/#primaryimage\"},\"image\":{\"@id\":\"https:\\\/\\\/atos-mvz.de\\\/wiesbaden\\\/bereiche\\\/fuss\\\/hammer-und-krallenzehen\\\/#primaryimage\"},\"thumbnailUrl\":\"https:\\\/\\\/atos-mvz.de\\\/wiesbaden\\\/wp-content\\\/uploads\\\/sites\\\/22\\\/2023\\\/09\\\/krallenzehe.jpeg\",\"datePublished\":\"2023-09-12T13:29:06+00:00\",\"dateModified\":\"2023-09-12T13:31:39+00:00\",\"breadcrumb\":{\"@id\":\"https:\\\/\\\/atos-mvz.de\\\/wiesbaden\\\/bereiche\\\/fuss\\\/hammer-und-krallenzehen\\\/#breadcrumb\"},\"inLanguage\":\"de\",\"potentialAction\":[{\"@type\":\"ReadAction\",\"target\":[\"https:\\\/\\\/atos-mvz.de\\\/wiesbaden\\\/bereiche\\\/fuss\\\/hammer-und-krallenzehen\\\/\"]}]},{\"@type\":\"ImageObject\",\"inLanguage\":\"de\",\"@id\":\"https:\\\/\\\/atos-mvz.de\\\/wiesbaden\\\/bereiche\\\/fuss\\\/hammer-und-krallenzehen\\\/#primaryimage\",\"url\":\"https:\\\/\\\/atos-mvz.de\\\/wiesbaden\\\/wp-content\\\/uploads\\\/sites\\\/22\\\/2023\\\/09\\\/krallenzehe.jpeg\",\"contentUrl\":\"https:\\\/\\\/atos-mvz.de\\\/wiesbaden\\\/wp-content\\\/uploads\\\/sites\\\/22\\\/2023\\\/09\\\/krallenzehe.jpeg\",\"width\":228,\"height\":227},{\"@type\":\"BreadcrumbList\",\"@id\":\"https:\\\/\\\/atos-mvz.de\\\/wiesbaden\\\/bereiche\\\/fuss\\\/hammer-und-krallenzehen\\\/#breadcrumb\",\"itemListElement\":[{\"@type\":\"ListItem\",\"position\":1,\"name\":\"Startseite\",\"item\":\"https:\\\/\\\/atos-mvz.de\\\/wiesbaden\\\/startseite\\\/\"},{\"@type\":\"ListItem\",\"position\":2,\"name\":\"Bereiche\",\"item\":\"https:\\\/\\\/atos-mvz.de\\\/wiesbaden\\\/bereiche\\\/\"},{\"@type\":\"ListItem\",\"position\":3,\"name\":\"Fu\u00df\",\"item\":\"https:\\\/\\\/atos-mvz.de\\\/wiesbaden\\\/bereiche\\\/fuss\\\/\"},{\"@type\":\"ListItem\",\"position\":4,\"name\":\"Hammer- und Krallenzehen\"}]},{\"@type\":\"WebSite\",\"@id\":\"https:\\\/\\\/atos-mvz.de\\\/wiesbaden\\\/#website\",\"url\":\"https:\\\/\\\/atos-mvz.de\\\/wiesbaden\\\/\",\"name\":\"MVZ Wiesbaden\",\"description\":\"\",\"potentialAction\":[{\"@type\":\"SearchAction\",\"target\":{\"@type\":\"EntryPoint\",\"urlTemplate\":\"https:\\\/\\\/atos-mvz.de\\\/wiesbaden\\\/?s={search_term_string}\"},\"query-input\":{\"@type\":\"PropertyValueSpecification\",\"valueRequired\":true,\"valueName\":\"search_term_string\"}}],\"inLanguage\":\"de\"}]}<\/script>\n<!-- \/ Yoast SEO plugin. -->","yoast_head_json":{"title":"Hammer- und Krallenzehen - MVZ Wiesbaden","robots":{"index":"index","follow":"follow","max-snippet":"max-snippet:-1","max-image-preview":"max-image-preview:large","max-video-preview":"max-video-preview:-1"},"canonical":"https:\/\/atos-mvz.de\/wiesbaden\/bereiche\/fuss\/hammer-und-krallenzehen\/","og_locale":"de_DE","og_type":"article","og_title":"Hammer- und Krallenzehen - MVZ Wiesbaden","og_url":"https:\/\/atos-mvz.de\/wiesbaden\/bereiche\/fuss\/hammer-und-krallenzehen\/","og_site_name":"MVZ Wiesbaden","article_modified_time":"2023-09-12T13:31:39+00:00","og_image":[{"url":"https:\/\/atos-mvz.de\/wiesbaden\/wp-content\/uploads\/sites\/22\/2023\/09\/krallenzehe.jpeg","type":"","width":"","height":""}],"twitter_card":"summary_large_image","schema":{"@context":"https:\/\/schema.org","@graph":[{"@type":"WebPage","@id":"https:\/\/atos-mvz.de\/wiesbaden\/bereiche\/fuss\/hammer-und-krallenzehen\/","url":"https:\/\/atos-mvz.de\/wiesbaden\/bereiche\/fuss\/hammer-und-krallenzehen\/","name":"Hammer- und Krallenzehen - MVZ Wiesbaden","isPartOf":{"@id":"https:\/\/atos-mvz.de\/wiesbaden\/#website"},"primaryImageOfPage":{"@id":"https:\/\/atos-mvz.de\/wiesbaden\/bereiche\/fuss\/hammer-und-krallenzehen\/#primaryimage"},"image":{"@id":"https:\/\/atos-mvz.de\/wiesbaden\/bereiche\/fuss\/hammer-und-krallenzehen\/#primaryimage"},"thumbnailUrl":"https:\/\/atos-mvz.de\/wiesbaden\/wp-content\/uploads\/sites\/22\/2023\/09\/krallenzehe.jpeg","datePublished":"2023-09-12T13:29:06+00:00","dateModified":"2023-09-12T13:31:39+00:00","breadcrumb":{"@id":"https:\/\/atos-mvz.de\/wiesbaden\/bereiche\/fuss\/hammer-und-krallenzehen\/#breadcrumb"},"inLanguage":"de","potentialAction":[{"@type":"ReadAction","target":["https:\/\/atos-mvz.de\/wiesbaden\/bereiche\/fuss\/hammer-und-krallenzehen\/"]}]},{"@type":"ImageObject","inLanguage":"de","@id":"https:\/\/atos-mvz.de\/wiesbaden\/bereiche\/fuss\/hammer-und-krallenzehen\/#primaryimage","url":"https:\/\/atos-mvz.de\/wiesbaden\/wp-content\/uploads\/sites\/22\/2023\/09\/krallenzehe.jpeg","contentUrl":"https:\/\/atos-mvz.de\/wiesbaden\/wp-content\/uploads\/sites\/22\/2023\/09\/krallenzehe.jpeg","width":228,"height":227},{"@type":"BreadcrumbList","@id":"https:\/\/atos-mvz.de\/wiesbaden\/bereiche\/fuss\/hammer-und-krallenzehen\/#breadcrumb","itemListElement":[{"@type":"ListItem","position":1,"name":"Startseite","item":"https:\/\/atos-mvz.de\/wiesbaden\/startseite\/"},{"@type":"ListItem","position":2,"name":"Bereiche","item":"https:\/\/atos-mvz.de\/wiesbaden\/bereiche\/"},{"@type":"ListItem","position":3,"name":"Fu\u00df","item":"https:\/\/atos-mvz.de\/wiesbaden\/bereiche\/fuss\/"},{"@type":"ListItem","position":4,"name":"Hammer- und Krallenzehen"}]},{"@type":"WebSite","@id":"https:\/\/atos-mvz.de\/wiesbaden\/#website","url":"https:\/\/atos-mvz.de\/wiesbaden\/","name":"MVZ Wiesbaden","description":"","potentialAction":[{"@type":"SearchAction","target":{"@type":"EntryPoint","urlTemplate":"https:\/\/atos-mvz.de\/wiesbaden\/?s={search_term_string}"},"query-input":{"@type":"PropertyValueSpecification","valueRequired":true,"valueName":"search_term_string"}}],"inLanguage":"de"}]}},"_links":{"self":[{"href":"https:\/\/atos-mvz.de\/wiesbaden\/wp-json\/wp\/v2\/pages\/1318","targetHints":{"allow":["GET"]}}],"collection":[{"href":"https:\/\/atos-mvz.de\/wiesbaden\/wp-json\/wp\/v2\/pages"}],"about":[{"href":"https:\/\/atos-mvz.de\/wiesbaden\/wp-json\/wp\/v2\/types\/page"}],"author":[{"embeddable":true,"href":"https:\/\/atos-mvz.de\/wiesbaden\/wp-json\/wp\/v2\/users\/1"}],"replies":[{"embeddable":true,"href":"https:\/\/atos-mvz.de\/wiesbaden\/wp-json\/wp\/v2\/comments?post=1318"}],"version-history":[{"count":3,"href":"https:\/\/atos-mvz.de\/wiesbaden\/wp-json\/wp\/v2\/pages\/1318\/revisions"}],"predecessor-version":[{"id":1326,"href":"https:\/\/atos-mvz.de\/wiesbaden\/wp-json\/wp\/v2\/pages\/1318\/revisions\/1326"}],"up":[{"embeddable":true,"href":"https:\/\/atos-mvz.de\/wiesbaden\/wp-json\/wp\/v2\/pages\/1294"}],"wp:attachment":[{"href":"https:\/\/atos-mvz.de\/wiesbaden\/wp-json\/wp\/v2\/media?parent=1318"}],"curies":[{"name":"wp","href":"https:\/\/api.w.org\/{rel}","templated":true}]}}