{"id":931,"date":"2024-03-21T15:48:09","date_gmt":"2024-03-21T14:48:09","guid":{"rendered":"https:\/\/atos-mvz.de\/koeln-junkersdorf\/?page_id=931"},"modified":"2024-05-25T16:05:25","modified_gmt":"2024-05-25T14:05:25","slug":"periradikulaere-therapie-prt","status":"publish","type":"page","link":"https:\/\/atos-mvz.de\/koeln-junkersdorf\/periradikulaere-therapie-prt\/","title":{"rendered":"Periradikul\u00e4re Therapie (PRT)"},"content":{"rendered":"\n<style type=\"text\/css\" data-created_by=\"avia_inline_auto\" id=\"style-css-av-eb3xf-23dfb3b9165603f27feed480a11cbb3a\">\n.avia-section.av-eb3xf-23dfb3b9165603f27feed480a11cbb3a{\nbackground-repeat:no-repeat;\nbackground-image:url(https:\/\/atos-mvz.de\/koeln-junkersdorf\/wp-content\/uploads\/sites\/31\/2024\/03\/koeln-junkerdorf.jpg);\nbackground-position:50% 50%;\nbackground-attachment:scroll;\n}\n.avia-section.av-eb3xf-23dfb3b9165603f27feed480a11cbb3a .av-extra-border-element .av-extra-border-inner{\nbackground-color:#ffffff;\n}\n<\/style>\n<div id='header-img'  class='avia-section av-eb3xf-23dfb3b9165603f27feed480a11cbb3a main_color avia-section-huge avia-no-border-styling  avia-builder-el-0  el_before_av_section  avia-builder-el-first  largeimg avia-full-stretch avia-bg-style-scroll container_wrap fullsize'  data-section-bg-repeat='stretch'><div class='container av-section-cont-open' ><main  role=\"main\" itemprop=\"mainContentOfPage\"  class='template-page content  av-content-full alpha units'><div class='post-entry post-entry-type-page post-entry-931'><div class='entry-content-wrapper clearfix'>\n<\/div><\/div><\/main><!-- close content main element --><\/div><div class='av-extra-border-element border-extra-diagonal border-extra-diagonal-inverse '><div class='av-extra-border-outer'><div class='av-extra-border-inner'><\/div><\/div><\/div><\/div>\n<style type=\"text\/css\" data-created_by=\"avia_inline_auto\" id=\"style-css-av-bre8b-43f4d17d8ad9057534903a976d563a1b\">\n.avia-section.av-bre8b-43f4d17d8ad9057534903a976d563a1b .av-extra-border-element .av-extra-border-inner{\nbackground-color:#f1f0f5;\n}\n<\/style>\n<div id='av_section_2'  class='avia-section av-bre8b-43f4d17d8ad9057534903a976d563a1b main_color avia-section-large avia-no-border-styling  avia-builder-el-1  el_after_av_section  avia-builder-el-last  avia-bg-style-scroll container_wrap fullsize'  ><div class='container av-section-cont-open' ><div class='template-page content  av-content-full alpha units'><div class='post-entry post-entry-type-page post-entry-931'><div class='entry-content-wrapper clearfix'>\n<div  class='flex_column av-8u08z-a547d3f0a5bfc449de8c1cb595a44c8b av_four_fifth  avia-builder-el-2  avia-builder-el-no-sibling  first flex_column_div  '     ><section  class='av_textblock_section av-lu1cj2tw-6238b43feb4b79ec1c2e77807a778b7b '   itemscope=\"itemscope\" itemtype=\"https:\/\/schema.org\/CreativeWork\" ><div class='avia_textblock'  itemprop=\"text\" ><h1>Periradikul\u00e4re Therapie (PRT) zur Schmerzbehandlung<\/h1>\n<\/div><\/section><br \/>\n<section  class='av_textblock_section av-lu1cjeri-bb9862f710c9b32bb70594020bb0be5e '   itemscope=\"itemscope\" itemtype=\"https:\/\/schema.org\/CreativeWork\" ><div class='avia_textblock'  itemprop=\"text\" ><p>Die periradikul\u00e4re Therapie, kurz PRT, ist eine gezielte Behandlungsmethode gegen R\u00fcckenschmerzen, bei der Medikamente genau an die Nervenwurzeln entlang der Wirbels\u00e4ule injiziert werden. F\u00fcr eine pr\u00e4zise Medikamentenabgabe wird h\u00e4ufig bildgebende Unterst\u00fctzung wie Radiologie verwendet, um die korrekte Positionierung der Injektionsnadel zu gew\u00e4hrleisten.<\/p>\n<\/div><\/section><br \/>\n\n<style type=\"text\/css\" data-created_by=\"avia_inline_auto\" id=\"style-css-av-lu1cjit2-09a6c25bf97274023af0ef6e38820c6d\">\n#top .av-special-heading.av-lu1cjit2-09a6c25bf97274023af0ef6e38820c6d{\npadding-bottom:10px;\n}\nbody .av-special-heading.av-lu1cjit2-09a6c25bf97274023af0ef6e38820c6d .av-special-heading-tag .heading-char{\nfont-size:25px;\n}\n.av-special-heading.av-lu1cjit2-09a6c25bf97274023af0ef6e38820c6d .av-subheading{\nfont-size:15px;\n}\n<\/style>\n<div  class='av-special-heading av-lu1cjit2-09a6c25bf97274023af0ef6e38820c6d av-special-heading-h2 blockquote modern-quote  avia-builder-el-5  el_after_av_textblock  el_before_av_textblock '><h2 class='av-special-heading-tag '  itemprop=\"headline\"  >Einsatzgebiete<\/h2><div class=\"special-heading-border\"><div class=\"special-heading-inner-border\"><\/div><\/div><\/div><br \/>\n<section  class='av_textblock_section av-lu1cjni6-b867d96f9569ad1be23bb5b971363466 '   itemscope=\"itemscope\" itemtype=\"https:\/\/schema.org\/CreativeWork\" ><div class='avia_textblock'  itemprop=\"text\" ><p>Diese Therapieform kommt vor allem bei Patienten zum Einsatz, die unter Schmerzen leiden, die von den Nervenwurzeln ausgehen. H\u00e4ufig sind solche Schmerzen chronisch und strahlen in Arme oder Beine aus. Ausl\u00f6ser hierf\u00fcr k\u00f6nnen unter anderem Bandscheibenvorf\u00e4lle oder Verengungen im Bereich der Wirbels\u00e4ule durch kn\u00f6cherne Strukturen sein.<\/p>\n<\/div><\/section><br \/>\n\n<style type=\"text\/css\" data-created_by=\"avia_inline_auto\" id=\"style-css-av-lu1cjrhj-01275b03b6eefbbb030a0204e4a432f3\">\n#top .av-special-heading.av-lu1cjrhj-01275b03b6eefbbb030a0204e4a432f3{\npadding-bottom:10px;\n}\nbody .av-special-heading.av-lu1cjrhj-01275b03b6eefbbb030a0204e4a432f3 .av-special-heading-tag .heading-char{\nfont-size:25px;\n}\n.av-special-heading.av-lu1cjrhj-01275b03b6eefbbb030a0204e4a432f3 .av-subheading{\nfont-size:15px;\n}\n<\/style>\n<div  class='av-special-heading av-lu1cjrhj-01275b03b6eefbbb030a0204e4a432f3 av-special-heading-h2 blockquote modern-quote  avia-builder-el-7  el_after_av_textblock  el_before_av_textblock '><h2 class='av-special-heading-tag '  itemprop=\"headline\"  >Behandlungsprozess<\/h2><div class=\"special-heading-border\"><div class=\"special-heading-inner-border\"><\/div><\/div><\/div><br \/>\n<section  class='av_textblock_section av-lu1cjyc0-c6e99b909ff776c8070446a31502261d '   itemscope=\"itemscope\" itemtype=\"https:\/\/schema.org\/CreativeWork\" ><div class='avia_textblock'  itemprop=\"text\" ><p>Die Durchf\u00fchrung der PRT nimmt etwa 10 bis 30 Minuten in Anspruch, wird ambulant vorgenommen und erfordert keine Vollnarkose. Nach lokaler Bet\u00e4ubung erfolgt der Einstich unter radiologischer \u00dcberwachung, gefolgt von der Injektion entz\u00fcndungs- und schmerzhemmender Medikamente.<\/p>\n<\/div><\/section><br \/>\n\n<style type=\"text\/css\" data-created_by=\"avia_inline_auto\" id=\"style-css-av-lu1ck5eh-0944e8c69a11c860cad673fb973d2c6d\">\n#top .av-special-heading.av-lu1ck5eh-0944e8c69a11c860cad673fb973d2c6d{\npadding-bottom:10px;\n}\nbody .av-special-heading.av-lu1ck5eh-0944e8c69a11c860cad673fb973d2c6d .av-special-heading-tag .heading-char{\nfont-size:25px;\n}\n.av-special-heading.av-lu1ck5eh-0944e8c69a11c860cad673fb973d2c6d .av-subheading{\nfont-size:15px;\n}\n<\/style>\n<div  class='av-special-heading av-lu1ck5eh-0944e8c69a11c860cad673fb973d2c6d av-special-heading-h2 blockquote modern-quote  avia-builder-el-9  el_after_av_textblock  el_before_av_textblock '><h2 class='av-special-heading-tag '  itemprop=\"headline\"  >M\u00f6gliche Nebenwirkungen und Risiken<\/h2><div class=\"special-heading-border\"><div class=\"special-heading-inner-border\"><\/div><\/div><\/div><br \/>\n<section  class='av_textblock_section av-lu1ckclx-ec7ca8b52b258751a3c7b45deeaaa3f1 '   itemscope=\"itemscope\" itemtype=\"https:\/\/schema.org\/CreativeWork\" ><div class='avia_textblock'  itemprop=\"text\" ><p>Obwohl die PRT im Allgemeinen sicher ist, k\u00f6nnen kurzzeitig Taubheitsgef\u00fchle als Nebenwirkung auftreten. Zu den potenziellen Risiken z\u00e4hlen Blutungen, Infektionen sowie Verletzungen von Blutgef\u00e4\u00dfen, Nerven oder dem R\u00fcckenmark. In bestimmten F\u00e4llen, insbesondere bei vorliegenden spezifischen Erkrankungen, sollte von dieser Behandlung Abstand genommen werden.<\/p>\n<\/div><\/section><\/p><\/div>\n","protected":false},"excerpt":{"rendered":"","protected":false},"author":1,"featured_media":0,"parent":0,"menu_order":0,"comment_status":"closed","ping_status":"closed","template":"","meta":{"footnotes":""},"class_list":["post-931","page","type-page","status-publish","hentry"],"yoast_head":"<!-- This site is optimized with the Yoast SEO plugin v27.3 - https:\/\/yoast.com\/product\/yoast-seo-wordpress\/ -->\n<title>Periradikul\u00e4re Therapie (PRT) - ATOS Praxis K\u00f6ln Junkersdorf<\/title>\n<meta name=\"description\" content=\"Die periradikul\u00e4re Therapie, kurz PRT, ist eine gezielte Behandlungsmethode gegen R\u00fcckenschmerzen, bei der Medikamente genau an die Nervenwurzeln entlang der Wirbels\u00e4ule injiziert werden.\" \/>\n<meta name=\"robots\" content=\"index, follow, max-snippet:-1, max-image-preview:large, max-video-preview:-1\" \/>\n<link rel=\"canonical\" href=\"https:\/\/atos-mvz.de\/koeln-junkersdorf\/periradikulaere-therapie-prt\/\" \/>\n<meta property=\"og:locale\" content=\"de_DE\" \/>\n<meta property=\"og:type\" content=\"article\" \/>\n<meta property=\"og:title\" content=\"Periradikul\u00e4re Therapie (PRT) - ATOS Praxis K\u00f6ln Junkersdorf\" \/>\n<meta property=\"og:description\" content=\"Die periradikul\u00e4re Therapie, kurz PRT, ist eine gezielte Behandlungsmethode gegen R\u00fcckenschmerzen, bei der Medikamente genau an die Nervenwurzeln entlang der Wirbels\u00e4ule injiziert werden.\" \/>\n<meta property=\"og:url\" content=\"https:\/\/atos-mvz.de\/koeln-junkersdorf\/periradikulaere-therapie-prt\/\" \/>\n<meta property=\"og:site_name\" content=\"ATOS Praxis K\u00f6ln Junkersdorf\" \/>\n<meta property=\"article:modified_time\" content=\"2024-05-25T14:05:25+00:00\" \/>\n<meta name=\"twitter:card\" content=\"summary_large_image\" \/>\n<script type=\"application\/ld+json\" class=\"yoast-schema-graph\">{\"@context\":\"https:\\\/\\\/schema.org\",\"@graph\":[{\"@type\":\"WebPage\",\"@id\":\"https:\\\/\\\/atos-mvz.de\\\/koeln-junkersdorf\\\/periradikulaere-therapie-prt\\\/\",\"url\":\"https:\\\/\\\/atos-mvz.de\\\/koeln-junkersdorf\\\/periradikulaere-therapie-prt\\\/\",\"name\":\"Periradikul\u00e4re Therapie (PRT) - ATOS Praxis K\u00f6ln Junkersdorf\",\"isPartOf\":{\"@id\":\"https:\\\/\\\/atos-mvz.de\\\/koeln-junkersdorf\\\/#website\"},\"datePublished\":\"2024-03-21T14:48:09+00:00\",\"dateModified\":\"2024-05-25T14:05:25+00:00\",\"description\":\"Die periradikul\u00e4re Therapie, kurz PRT, ist eine gezielte Behandlungsmethode gegen R\u00fcckenschmerzen, bei der Medikamente genau an die Nervenwurzeln entlang der Wirbels\u00e4ule injiziert werden.\",\"breadcrumb\":{\"@id\":\"https:\\\/\\\/atos-mvz.de\\\/koeln-junkersdorf\\\/periradikulaere-therapie-prt\\\/#breadcrumb\"},\"inLanguage\":\"de\",\"potentialAction\":[{\"@type\":\"ReadAction\",\"target\":[\"https:\\\/\\\/atos-mvz.de\\\/koeln-junkersdorf\\\/periradikulaere-therapie-prt\\\/\"]}]},{\"@type\":\"BreadcrumbList\",\"@id\":\"https:\\\/\\\/atos-mvz.de\\\/koeln-junkersdorf\\\/periradikulaere-therapie-prt\\\/#breadcrumb\",\"itemListElement\":[{\"@type\":\"ListItem\",\"position\":1,\"name\":\"Startseite\",\"item\":\"https:\\\/\\\/atos-mvz.de\\\/koeln-junkersdorf\\\/startseite\\\/\"},{\"@type\":\"ListItem\",\"position\":2,\"name\":\"Periradikul\u00e4re Therapie (PRT)\"}]},{\"@type\":\"WebSite\",\"@id\":\"https:\\\/\\\/atos-mvz.de\\\/koeln-junkersdorf\\\/#website\",\"url\":\"https:\\\/\\\/atos-mvz.de\\\/koeln-junkersdorf\\\/\",\"name\":\"ATOS Praxis K\u00f6ln Junkersdorf\",\"description\":\"\",\"potentialAction\":[{\"@type\":\"SearchAction\",\"target\":{\"@type\":\"EntryPoint\",\"urlTemplate\":\"https:\\\/\\\/atos-mvz.de\\\/koeln-junkersdorf\\\/?s={search_term_string}\"},\"query-input\":{\"@type\":\"PropertyValueSpecification\",\"valueRequired\":true,\"valueName\":\"search_term_string\"}}],\"inLanguage\":\"de\"}]}<\/script>\n<!-- \/ Yoast SEO plugin. -->","yoast_head_json":{"title":"Periradikul\u00e4re Therapie (PRT) - ATOS Praxis K\u00f6ln Junkersdorf","description":"Die periradikul\u00e4re Therapie, kurz PRT, ist eine gezielte Behandlungsmethode gegen R\u00fcckenschmerzen, bei der Medikamente genau an die Nervenwurzeln entlang der Wirbels\u00e4ule injiziert werden.","robots":{"index":"index","follow":"follow","max-snippet":"max-snippet:-1","max-image-preview":"max-image-preview:large","max-video-preview":"max-video-preview:-1"},"canonical":"https:\/\/atos-mvz.de\/koeln-junkersdorf\/periradikulaere-therapie-prt\/","og_locale":"de_DE","og_type":"article","og_title":"Periradikul\u00e4re Therapie (PRT) - ATOS Praxis K\u00f6ln Junkersdorf","og_description":"Die periradikul\u00e4re Therapie, kurz PRT, ist eine gezielte Behandlungsmethode gegen R\u00fcckenschmerzen, bei der Medikamente genau an die Nervenwurzeln entlang der Wirbels\u00e4ule injiziert werden.","og_url":"https:\/\/atos-mvz.de\/koeln-junkersdorf\/periradikulaere-therapie-prt\/","og_site_name":"ATOS Praxis K\u00f6ln Junkersdorf","article_modified_time":"2024-05-25T14:05:25+00:00","twitter_card":"summary_large_image","schema":{"@context":"https:\/\/schema.org","@graph":[{"@type":"WebPage","@id":"https:\/\/atos-mvz.de\/koeln-junkersdorf\/periradikulaere-therapie-prt\/","url":"https:\/\/atos-mvz.de\/koeln-junkersdorf\/periradikulaere-therapie-prt\/","name":"Periradikul\u00e4re Therapie (PRT) - ATOS Praxis K\u00f6ln Junkersdorf","isPartOf":{"@id":"https:\/\/atos-mvz.de\/koeln-junkersdorf\/#website"},"datePublished":"2024-03-21T14:48:09+00:00","dateModified":"2024-05-25T14:05:25+00:00","description":"Die periradikul\u00e4re Therapie, kurz PRT, ist eine gezielte Behandlungsmethode gegen R\u00fcckenschmerzen, bei der Medikamente genau an die Nervenwurzeln entlang der Wirbels\u00e4ule injiziert werden.","breadcrumb":{"@id":"https:\/\/atos-mvz.de\/koeln-junkersdorf\/periradikulaere-therapie-prt\/#breadcrumb"},"inLanguage":"de","potentialAction":[{"@type":"ReadAction","target":["https:\/\/atos-mvz.de\/koeln-junkersdorf\/periradikulaere-therapie-prt\/"]}]},{"@type":"BreadcrumbList","@id":"https:\/\/atos-mvz.de\/koeln-junkersdorf\/periradikulaere-therapie-prt\/#breadcrumb","itemListElement":[{"@type":"ListItem","position":1,"name":"Startseite","item":"https:\/\/atos-mvz.de\/koeln-junkersdorf\/startseite\/"},{"@type":"ListItem","position":2,"name":"Periradikul\u00e4re Therapie (PRT)"}]},{"@type":"WebSite","@id":"https:\/\/atos-mvz.de\/koeln-junkersdorf\/#website","url":"https:\/\/atos-mvz.de\/koeln-junkersdorf\/","name":"ATOS Praxis K\u00f6ln Junkersdorf","description":"","potentialAction":[{"@type":"SearchAction","target":{"@type":"EntryPoint","urlTemplate":"https:\/\/atos-mvz.de\/koeln-junkersdorf\/?s={search_term_string}"},"query-input":{"@type":"PropertyValueSpecification","valueRequired":true,"valueName":"search_term_string"}}],"inLanguage":"de"}]}},"_links":{"self":[{"href":"https:\/\/atos-mvz.de\/koeln-junkersdorf\/wp-json\/wp\/v2\/pages\/931","targetHints":{"allow":["GET"]}}],"collection":[{"href":"https:\/\/atos-mvz.de\/koeln-junkersdorf\/wp-json\/wp\/v2\/pages"}],"about":[{"href":"https:\/\/atos-mvz.de\/koeln-junkersdorf\/wp-json\/wp\/v2\/types\/page"}],"author":[{"embeddable":true,"href":"https:\/\/atos-mvz.de\/koeln-junkersdorf\/wp-json\/wp\/v2\/users\/1"}],"replies":[{"embeddable":true,"href":"https:\/\/atos-mvz.de\/koeln-junkersdorf\/wp-json\/wp\/v2\/comments?post=931"}],"version-history":[{"count":10,"href":"https:\/\/atos-mvz.de\/koeln-junkersdorf\/wp-json\/wp\/v2\/pages\/931\/revisions"}],"predecessor-version":[{"id":1345,"href":"https:\/\/atos-mvz.de\/koeln-junkersdorf\/wp-json\/wp\/v2\/pages\/931\/revisions\/1345"}],"wp:attachment":[{"href":"https:\/\/atos-mvz.de\/koeln-junkersdorf\/wp-json\/wp\/v2\/media?parent=931"}],"curies":[{"name":"wp","href":"https:\/\/api.w.org\/{rel}","templated":true}]}}