{"id":919,"date":"2024-03-21T15:39:52","date_gmt":"2024-03-21T14:39:52","guid":{"rendered":"https:\/\/atos-mvz.de\/koeln-junkersdorf\/?page_id=919"},"modified":"2024-05-25T15:01:06","modified_gmt":"2024-05-25T13:01:06","slug":"hyaluronsaeure","status":"publish","type":"page","link":"https:\/\/atos-mvz.de\/koeln-junkersdorf\/hyaluronsaeure\/","title":{"rendered":"Hyalurons\u00e4ure"},"content":{"rendered":"\n<style type=\"text\/css\" data-created_by=\"avia_inline_auto\" id=\"style-css-av-gd2q7-72a6de4aaf701cb8116510f4db8eeffd\">\n.avia-section.av-gd2q7-72a6de4aaf701cb8116510f4db8eeffd{\nbackground-repeat:no-repeat;\nbackground-image:url(https:\/\/atos-mvz.de\/koeln-junkersdorf\/wp-content\/uploads\/sites\/31\/2024\/03\/koeln-junkerdorf.jpg);\nbackground-position:50% 50%;\nbackground-attachment:scroll;\n}\n.avia-section.av-gd2q7-72a6de4aaf701cb8116510f4db8eeffd .av-extra-border-element .av-extra-border-inner{\nbackground-color:#ffffff;\n}\n<\/style>\n<div id='header-img'  class='avia-section av-gd2q7-72a6de4aaf701cb8116510f4db8eeffd main_color avia-section-huge avia-no-border-styling  avia-builder-el-0  el_before_av_section  avia-builder-el-first  largeimg avia-full-stretch avia-bg-style-scroll container_wrap fullsize'  data-section-bg-repeat='stretch'><div class='container av-section-cont-open' ><main  role=\"main\" itemprop=\"mainContentOfPage\"  class='template-page content  av-content-full alpha units'><div class='post-entry post-entry-type-page post-entry-919'><div class='entry-content-wrapper clearfix'>\n<\/div><\/div><\/main><!-- close content main element --><\/div><div class='av-extra-border-element border-extra-diagonal border-extra-diagonal-inverse '><div class='av-extra-border-outer'><div class='av-extra-border-inner'><\/div><\/div><\/div><\/div>\n<style type=\"text\/css\" data-created_by=\"avia_inline_auto\" id=\"style-css-av-a3gtb-f2e8a3d40339ddc31c6b6a56dbf33340\">\n.avia-section.av-a3gtb-f2e8a3d40339ddc31c6b6a56dbf33340 .av-extra-border-element .av-extra-border-inner{\nbackground-color:#f1f0f5;\n}\n<\/style>\n<div id='av_section_2'  class='avia-section av-a3gtb-f2e8a3d40339ddc31c6b6a56dbf33340 main_color avia-section-large avia-no-border-styling  avia-builder-el-1  el_after_av_section  avia-builder-el-last  avia-bg-style-scroll container_wrap fullsize'  ><div class='container av-section-cont-open' ><div class='template-page content  av-content-full alpha units'><div class='post-entry post-entry-type-page post-entry-919'><div class='entry-content-wrapper clearfix'>\n<div  class='flex_column av-9v1kn-7395158c4786040cdfc1c33c1e744e95 av_four_fifth  avia-builder-el-2  avia-builder-el-no-sibling  first flex_column_div  '     ><section  class='av_textblock_section av-lu1c90nw-eec1e2a121c6278d0513307c4b5f1075 '   itemscope=\"itemscope\" itemtype=\"https:\/\/schema.org\/CreativeWork\" ><div class='avia_textblock'  itemprop=\"text\" ><h1><strong>Hyalurons\u00e4ure<\/strong><\/h1>\n<\/div><\/section><br \/>\n\n<style type=\"text\/css\" data-created_by=\"avia_inline_auto\" id=\"style-css-av-lu1c95ab-b615af3a70d583e8a00e06445085377b\">\n#top .av-special-heading.av-lu1c95ab-b615af3a70d583e8a00e06445085377b{\npadding-bottom:10px;\n}\nbody .av-special-heading.av-lu1c95ab-b615af3a70d583e8a00e06445085377b .av-special-heading-tag .heading-char{\nfont-size:25px;\n}\n.av-special-heading.av-lu1c95ab-b615af3a70d583e8a00e06445085377b .av-subheading{\nfont-size:15px;\n}\n<\/style>\n<div  class='av-special-heading av-lu1c95ab-b615af3a70d583e8a00e06445085377b av-special-heading-h2 blockquote modern-quote  avia-builder-el-4  el_after_av_textblock  el_before_av_textblock '><h2 class='av-special-heading-tag '  itemprop=\"headline\"  >Hyalurons\u00e4uretherapie f\u00fcr Gelenkerkrankungen<\/h2><div class=\"special-heading-border\"><div class=\"special-heading-inner-border\"><\/div><\/div><\/div><br \/>\n<section  class='av_textblock_section av-lu1c9lu8-47bf5a8c05b7142b15dd24ae22cd87c7 '   itemscope=\"itemscope\" itemtype=\"https:\/\/schema.org\/CreativeWork\" ><div class='avia_textblock'  itemprop=\"text\" ><p>Die Anwendung von Hyalurons\u00e4ure-Injektionen zeigt signifikante Verbesserungen bei Patienten mit Arthrose bis zum Grad I, indem sie nicht nur Schmerzen minimiert, sondern auch die Belastungsf\u00e4higkeit der Gelenke erh\u00f6ht und die Gehstrecke erweitert. Hyalurons\u00e4ure spielt eine zentrale Rolle als nat\u00fcrliches Schmiermittel in den Gelenken, verbessert die Gleitbewegungen und unterst\u00fctzt die Ern\u00e4hrung des Knorpels. Ein Defizit an Hyalurons\u00e4ure, h\u00e4ufig bedingt durch Entz\u00fcndungen oder Verletzungen, kann durch die gezielte Injektionstherapie ausgeglichen werden, um den Fortschritt des Gelenkverschlei\u00dfes zu verz\u00f6gern. Die Behandlung, die unterschiedliche Typen von Hyalurons\u00e4ure nutzt, zielt darauf ab, die Lebensqualit\u00e4t zu steigern und Beweglichkeit zu erh\u00f6hen. Die Vertr\u00e4glichkeit der Therapie ist hoch, wobei es in seltenen F\u00e4llen zu vor\u00fcbergehenden Schmerzen oder Infektionen kommen kann. Eine umfassende Behandlung, die auch die Ursachen der Arthrose adressiert, wird zus\u00e4tzlich als unterst\u00fctzende Ma\u00dfnahme empfohlen.<\/p>\n<\/div><\/section><\/p><\/div>\n","protected":false},"excerpt":{"rendered":"","protected":false},"author":1,"featured_media":0,"parent":0,"menu_order":0,"comment_status":"closed","ping_status":"closed","template":"","meta":{"footnotes":""},"class_list":["post-919","page","type-page","status-publish","hentry"],"yoast_head":"<!-- This site is optimized with the Yoast SEO plugin v27.3 - https:\/\/yoast.com\/product\/yoast-seo-wordpress\/ -->\n<title>Hyalurons\u00e4ure - ATOS Praxis K\u00f6ln Junkersdorf<\/title>\n<meta name=\"description\" content=\"Die Anwendung von Hyalurons\u00e4ure-Injektionen zeigt signifikante Verbesserungen bei Patienten mit Arthrose. Es erh\u00f6ht die Belastungsf\u00e4higkeit.\" \/>\n<meta name=\"robots\" content=\"index, follow, max-snippet:-1, max-image-preview:large, max-video-preview:-1\" \/>\n<link rel=\"canonical\" href=\"https:\/\/atos-mvz.de\/koeln-junkersdorf\/hyaluronsaeure\/\" \/>\n<meta property=\"og:locale\" content=\"de_DE\" \/>\n<meta property=\"og:type\" content=\"article\" \/>\n<meta property=\"og:title\" content=\"Hyalurons\u00e4ure - ATOS Praxis K\u00f6ln Junkersdorf\" \/>\n<meta property=\"og:description\" content=\"Die Anwendung von Hyalurons\u00e4ure-Injektionen zeigt signifikante Verbesserungen bei Patienten mit Arthrose. Es erh\u00f6ht die Belastungsf\u00e4higkeit.\" \/>\n<meta property=\"og:url\" content=\"https:\/\/atos-mvz.de\/koeln-junkersdorf\/hyaluronsaeure\/\" \/>\n<meta property=\"og:site_name\" content=\"ATOS Praxis K\u00f6ln Junkersdorf\" \/>\n<meta property=\"article:modified_time\" content=\"2024-05-25T13:01:06+00:00\" \/>\n<meta name=\"twitter:card\" content=\"summary_large_image\" \/>\n<script type=\"application\/ld+json\" class=\"yoast-schema-graph\">{\"@context\":\"https:\\\/\\\/schema.org\",\"@graph\":[{\"@type\":\"WebPage\",\"@id\":\"https:\\\/\\\/atos-mvz.de\\\/koeln-junkersdorf\\\/hyaluronsaeure\\\/\",\"url\":\"https:\\\/\\\/atos-mvz.de\\\/koeln-junkersdorf\\\/hyaluronsaeure\\\/\",\"name\":\"Hyalurons\u00e4ure - ATOS Praxis K\u00f6ln Junkersdorf\",\"isPartOf\":{\"@id\":\"https:\\\/\\\/atos-mvz.de\\\/koeln-junkersdorf\\\/#website\"},\"datePublished\":\"2024-03-21T14:39:52+00:00\",\"dateModified\":\"2024-05-25T13:01:06+00:00\",\"description\":\"Die Anwendung von Hyalurons\u00e4ure-Injektionen zeigt signifikante Verbesserungen bei Patienten mit Arthrose. Es erh\u00f6ht die Belastungsf\u00e4higkeit.\",\"breadcrumb\":{\"@id\":\"https:\\\/\\\/atos-mvz.de\\\/koeln-junkersdorf\\\/hyaluronsaeure\\\/#breadcrumb\"},\"inLanguage\":\"de\",\"potentialAction\":[{\"@type\":\"ReadAction\",\"target\":[\"https:\\\/\\\/atos-mvz.de\\\/koeln-junkersdorf\\\/hyaluronsaeure\\\/\"]}]},{\"@type\":\"BreadcrumbList\",\"@id\":\"https:\\\/\\\/atos-mvz.de\\\/koeln-junkersdorf\\\/hyaluronsaeure\\\/#breadcrumb\",\"itemListElement\":[{\"@type\":\"ListItem\",\"position\":1,\"name\":\"Startseite\",\"item\":\"https:\\\/\\\/atos-mvz.de\\\/koeln-junkersdorf\\\/startseite\\\/\"},{\"@type\":\"ListItem\",\"position\":2,\"name\":\"Hyalurons\u00e4ure\"}]},{\"@type\":\"WebSite\",\"@id\":\"https:\\\/\\\/atos-mvz.de\\\/koeln-junkersdorf\\\/#website\",\"url\":\"https:\\\/\\\/atos-mvz.de\\\/koeln-junkersdorf\\\/\",\"name\":\"ATOS Praxis K\u00f6ln Junkersdorf\",\"description\":\"\",\"potentialAction\":[{\"@type\":\"SearchAction\",\"target\":{\"@type\":\"EntryPoint\",\"urlTemplate\":\"https:\\\/\\\/atos-mvz.de\\\/koeln-junkersdorf\\\/?s={search_term_string}\"},\"query-input\":{\"@type\":\"PropertyValueSpecification\",\"valueRequired\":true,\"valueName\":\"search_term_string\"}}],\"inLanguage\":\"de\"}]}<\/script>\n<!-- \/ Yoast SEO plugin. -->","yoast_head_json":{"title":"Hyalurons\u00e4ure - ATOS Praxis K\u00f6ln Junkersdorf","description":"Die Anwendung von Hyalurons\u00e4ure-Injektionen zeigt signifikante Verbesserungen bei Patienten mit Arthrose. Es erh\u00f6ht die Belastungsf\u00e4higkeit.","robots":{"index":"index","follow":"follow","max-snippet":"max-snippet:-1","max-image-preview":"max-image-preview:large","max-video-preview":"max-video-preview:-1"},"canonical":"https:\/\/atos-mvz.de\/koeln-junkersdorf\/hyaluronsaeure\/","og_locale":"de_DE","og_type":"article","og_title":"Hyalurons\u00e4ure - ATOS Praxis K\u00f6ln Junkersdorf","og_description":"Die Anwendung von Hyalurons\u00e4ure-Injektionen zeigt signifikante Verbesserungen bei Patienten mit Arthrose. Es erh\u00f6ht die Belastungsf\u00e4higkeit.","og_url":"https:\/\/atos-mvz.de\/koeln-junkersdorf\/hyaluronsaeure\/","og_site_name":"ATOS Praxis K\u00f6ln Junkersdorf","article_modified_time":"2024-05-25T13:01:06+00:00","twitter_card":"summary_large_image","schema":{"@context":"https:\/\/schema.org","@graph":[{"@type":"WebPage","@id":"https:\/\/atos-mvz.de\/koeln-junkersdorf\/hyaluronsaeure\/","url":"https:\/\/atos-mvz.de\/koeln-junkersdorf\/hyaluronsaeure\/","name":"Hyalurons\u00e4ure - ATOS Praxis K\u00f6ln Junkersdorf","isPartOf":{"@id":"https:\/\/atos-mvz.de\/koeln-junkersdorf\/#website"},"datePublished":"2024-03-21T14:39:52+00:00","dateModified":"2024-05-25T13:01:06+00:00","description":"Die Anwendung von Hyalurons\u00e4ure-Injektionen zeigt signifikante Verbesserungen bei Patienten mit Arthrose. Es erh\u00f6ht die Belastungsf\u00e4higkeit.","breadcrumb":{"@id":"https:\/\/atos-mvz.de\/koeln-junkersdorf\/hyaluronsaeure\/#breadcrumb"},"inLanguage":"de","potentialAction":[{"@type":"ReadAction","target":["https:\/\/atos-mvz.de\/koeln-junkersdorf\/hyaluronsaeure\/"]}]},{"@type":"BreadcrumbList","@id":"https:\/\/atos-mvz.de\/koeln-junkersdorf\/hyaluronsaeure\/#breadcrumb","itemListElement":[{"@type":"ListItem","position":1,"name":"Startseite","item":"https:\/\/atos-mvz.de\/koeln-junkersdorf\/startseite\/"},{"@type":"ListItem","position":2,"name":"Hyalurons\u00e4ure"}]},{"@type":"WebSite","@id":"https:\/\/atos-mvz.de\/koeln-junkersdorf\/#website","url":"https:\/\/atos-mvz.de\/koeln-junkersdorf\/","name":"ATOS Praxis K\u00f6ln Junkersdorf","description":"","potentialAction":[{"@type":"SearchAction","target":{"@type":"EntryPoint","urlTemplate":"https:\/\/atos-mvz.de\/koeln-junkersdorf\/?s={search_term_string}"},"query-input":{"@type":"PropertyValueSpecification","valueRequired":true,"valueName":"search_term_string"}}],"inLanguage":"de"}]}},"_links":{"self":[{"href":"https:\/\/atos-mvz.de\/koeln-junkersdorf\/wp-json\/wp\/v2\/pages\/919","targetHints":{"allow":["GET"]}}],"collection":[{"href":"https:\/\/atos-mvz.de\/koeln-junkersdorf\/wp-json\/wp\/v2\/pages"}],"about":[{"href":"https:\/\/atos-mvz.de\/koeln-junkersdorf\/wp-json\/wp\/v2\/types\/page"}],"author":[{"embeddable":true,"href":"https:\/\/atos-mvz.de\/koeln-junkersdorf\/wp-json\/wp\/v2\/users\/1"}],"replies":[{"embeddable":true,"href":"https:\/\/atos-mvz.de\/koeln-junkersdorf\/wp-json\/wp\/v2\/comments?post=919"}],"version-history":[{"count":11,"href":"https:\/\/atos-mvz.de\/koeln-junkersdorf\/wp-json\/wp\/v2\/pages\/919\/revisions"}],"predecessor-version":[{"id":1335,"href":"https:\/\/atos-mvz.de\/koeln-junkersdorf\/wp-json\/wp\/v2\/pages\/919\/revisions\/1335"}],"wp:attachment":[{"href":"https:\/\/atos-mvz.de\/koeln-junkersdorf\/wp-json\/wp\/v2\/media?parent=919"}],"curies":[{"name":"wp","href":"https:\/\/api.w.org\/{rel}","templated":true}]}}