{"id":37,"date":"2021-01-27T11:09:58","date_gmt":"2021-01-27T10:09:58","guid":{"rendered":"https:\/\/atos-mvz.de\/koeln-junkersdorf\/?page_id=37"},"modified":"2026-04-29T11:04:31","modified_gmt":"2026-04-29T09:04:31","slug":"kontakt","status":"publish","type":"page","link":"https:\/\/atos-mvz.de\/koeln-junkersdorf\/kontakt\/","title":{"rendered":"Kontakt"},"content":{"rendered":"\n<style type=\"text\/css\" data-created_by=\"avia_inline_auto\" id=\"style-css-av-kkf8p3ck-df8df04d8f614da54705cefc5cc43cef\">\n.avia-section.av-kkf8p3ck-df8df04d8f614da54705cefc5cc43cef{\nbackground-repeat:no-repeat;\nbackground-image:url(https:\/\/atos-mvz.de\/koeln-junkersdorf\/wp-content\/uploads\/sites\/31\/2024\/03\/koeln-junkerdorf.jpg);\nbackground-position:50% 50%;\nbackground-attachment:scroll;\n}\n.avia-section.av-kkf8p3ck-df8df04d8f614da54705cefc5cc43cef .av-extra-border-element .av-extra-border-inner{\nbackground-color:#ffffff;\n}\n<\/style>\n<div id='header-img'  class='avia-section av-kkf8p3ck-df8df04d8f614da54705cefc5cc43cef main_color avia-section-huge avia-no-border-styling  avia-builder-el-0  el_before_av_section  avia-builder-el-first  largeimg avia-full-stretch avia-bg-style-scroll container_wrap fullsize'  data-section-bg-repeat='stretch'><div class='container av-section-cont-open' ><main  role=\"main\" itemprop=\"mainContentOfPage\"  class='template-page content  av-content-full alpha units'><div class='post-entry post-entry-type-page post-entry-37'><div class='entry-content-wrapper clearfix'>\n<\/div><\/div><\/main><!-- close content main element --><\/div><div class='av-extra-border-element border-extra-diagonal border-extra-diagonal-inverse '><div class='av-extra-border-outer'><div class='av-extra-border-inner'><\/div><\/div><\/div><\/div><div id='av_section_2'  class='avia-section av-kkf9umjd-6b2b6bf0954667ed1268d6be05c70b36 main_color avia-section-large avia-no-border-styling  avia-builder-el-1  el_after_av_section  avia-builder-el-last  standort avia-bg-style-scroll container_wrap fullsize'  ><div class='container av-section-cont-open' ><div class='template-page content  av-content-full alpha units'><div class='post-entry post-entry-type-page post-entry-37'><div class='entry-content-wrapper clearfix'>\n<div  class='flex_column av-28tfx-6d2f110ae0b5b1b4b3bc480a1029a7ec av_one_half  avia-builder-el-2  el_before_av_one_half  avia-builder-el-first  first flex_column_div  '     ><section  class='av_textblock_section av-kx8rq04o-b23bd82bf07d6c419fd771332c409e54 '   itemscope=\"itemscope\" itemtype=\"https:\/\/schema.org\/CreativeWork\" ><div class='avia_textblock'  itemprop=\"text\" ><h2>ATOS MVZ <strong>K\u00f6ln Junkersdorf<\/strong><\/h2>\n<\/div><\/section><br \/>\n<div  class='avia-icon-list-container av-ls1k27ue-f9ae3ce073775d8295ac7c178a0721e3  avia-builder-el-4  el_after_av_textblock  el_before_av_button '><ul class='avia-icon-list avia_animate_when_almost_visible avia-icon-list-left av-iconlist-small av-ls1k27ue-f9ae3ce073775d8295ac7c178a0721e3 avia-iconlist-animate'>\n<li><div class='iconlist_icon av-ls1k1s1e-8fdc1b4b8718420cf8101560cca0248a avia-font-fontello avia-iconfont avia-font-fontello'><span class='av-icon-char' data-av_icon='\ue800' data-av_iconfont='fontello' aria-hidden=\"true\"><\/span><\/div><article class=\"article-icon-entry av-iconlist-empty\"  itemscope=\"itemscope\" itemtype=\"https:\/\/schema.org\/CreativeWork\" ><div class=\"iconlist_content_wrap\"><header class=\"entry-content-header\" aria-label=\"Icon: Statthalterhofweg 70<br> 50858 K\u00f6ln\"><div class='av_iconlist_title iconlist_title_small  '  itemprop=\"headline\" >Statthalterhofweg 70<br> 50858 K\u00f6ln<\/div><\/header><div class='iconlist_content '  itemprop=\"text\" ><\/div><\/div><footer class=\"entry-footer\"><\/footer><\/article><div class=\"iconlist-timeline\"><\/div><\/li>\n<li><div class='iconlist_icon av-ls1k1xnk-98273162bf7c9ad095f55e66c0886f90 avia-font-fontello avia-iconfont avia-font-fontello'><span class='av-icon-char' data-av_icon='\ue802' data-av_iconfont='fontello' aria-hidden=\"true\"><\/span><\/div><article class=\"article-icon-entry av-iconlist-empty\"  itemscope=\"itemscope\" itemtype=\"https:\/\/schema.org\/CreativeWork\" ><div class=\"iconlist_content_wrap\"><header class=\"entry-content-header\" aria-label=\"Icon: &lt;a href=&#039;tel:+492215397377&#039; title=&#039;0221 5397377&#039;&gt;0221 5397377&lt;\/a&gt;\"><div class='av_iconlist_title iconlist_title_small  '  itemprop=\"headline\" ><a href='tel:+492215397377' title='0221 5397377'>0221 5397377<\/a><\/div><\/header><div class='iconlist_content '  itemprop=\"text\" ><\/div><\/div><footer class=\"entry-footer\"><\/footer><\/article><div class=\"iconlist-timeline\"><\/div><\/li>\n<li><div class='iconlist_icon av-ls1k248r-6882793d085eca23d99197c08fe6c72b avia-font-fontello avia-iconfont avia-font-fontello'><span class='av-icon-char' data-av_icon='\uf0e0' data-av_iconfont='fontello' aria-hidden=\"true\"><\/span><\/div><article class=\"article-icon-entry av-iconlist-empty\"  itemscope=\"itemscope\" itemtype=\"https:\/\/schema.org\/CreativeWork\" ><div class=\"iconlist_content_wrap\"><header class=\"entry-content-header\" aria-label=\"Icon: &lt;a href=&#039;mailto:koeln-mvz.rheinland@atos.de&#039; title=&#039;koeln-mvz.rheinland@atos.de&#039;&gt;koeln-mvz.rheinland@atos.de&lt;\/a&gt;\"><div class='av_iconlist_title iconlist_title_small  '  itemprop=\"headline\" ><a href='mailto:koeln-mvz.rheinland@atos.de' title='koeln-mvz.rheinland@atos.de'>koeln-mvz.rheinland@atos.de<\/a><\/div><\/header><div class='iconlist_content '  itemprop=\"text\" ><\/div><\/div><footer class=\"entry-footer\"><\/footer><\/article><div class=\"iconlist-timeline\"><\/div><\/li>\n<\/ul><\/div><br \/>\n<div  class='avia-button-wrap av-lu2r3dyj-b2322c6ecd55229a15fe6f2af8120909-wrap avia-button-left  avia-builder-el-5  el_after_av_iconlist  avia-builder-el-last '><a href='https:\/\/www.doctolib.de\/praxis\/koeln-bruehl-huerth\/praxis-zentrum-klinik-dr-merkle-kollegen?pid=practice-23678'  class='avia-button av-lu2r3dyj-b2322c6ecd55229a15fe6f2af8120909 av-link-btn avia-icon_select-yes-right-icon avia-size-small avia-position-left avia-color-theme-color'  target=\"_blank\"  rel=\"noopener noreferrer\"  aria-label=\"Termin vereinbaren\"><span class='avia_iconbox_title' >Termin vereinbaren<\/span><span class='avia_button_icon avia_button_icon_right avia-iconfont avia-font-entypo-fontello' data-av_icon='\ue85b' data-av_iconfont='entypo-fontello' ><\/span><\/a><\/div><\/p><\/div><div  class='flex_column av-6a6p-2cef3d79592ad9a572a16583d4a3546a av_one_half  avia-builder-el-6  el_after_av_one_half  avia-builder-el-last  flex_column_div  '     ><section  class='av_textblock_section av-sbpd-222fac066e7c0a2a86cecbda6ea83a46 '   itemscope=\"itemscope\" itemtype=\"https:\/\/schema.org\/CreativeWork\" ><div class='avia_textblock'  itemprop=\"text\" ><h3>Aktuelle <strong>Sprechstundenzeiten<\/strong><\/h3>\n<\/div><\/section><br \/>\n<div class='avia-data-table-wrap av-lb8c-955324aac03b7b2ec12c54881e8304f1 avia_scrollable_table avia-table-1'><table  class='avia-table avia-data-table avia_pricing_default  avia-builder-el-8  el_after_av_textblock  el_before_av_textblock  spalten3'  itemscope=\"itemscope\" itemtype=\"https:\/\/schema.org\/Table\" ><tbody><tr class=''><td class=''>Montag<\/td><td class=''>8:00 \u2013 13:00<\/td><td class=''>14:00 \u2013 18:00<\/td><\/tr><tr class=''><td class=''>Dienstag<\/td><td class=''>8:00 \u2013 13:00<\/td><td class=''>14:00 \u2013 18:00<\/td><\/tr><tr class=''><td class=''>Mittwoch<\/td><td class=''>8:00 \u2013 13:00<\/td><td class=''>14:00 \u2013 18:00<\/td><\/tr><tr class=''><td class=''>Donnerstag<\/td><td class=''>8:00 \u2013 13:00<\/td><td class=''>14:00 \u2013 18:00<\/td><\/tr><tr class=''><td class=''>Freitag<\/td><td class=''>8:00 \u2013 14:00<\/td><td class=''>&#8211;<\/td><\/tr><\/tbody><\/table><\/div><br \/>\n\n<style type=\"text\/css\" data-created_by=\"avia_inline_auto\" id=\"style-css-av-lu73e04c-47370a5e3a4913ae6fefa7ed18e02dce\">\n#top .av_textblock_section.av-lu73e04c-47370a5e3a4913ae6fefa7ed18e02dce .avia_textblock{\nfont-size:15px;\n}\n<\/style>\n<section  class='av_textblock_section av-lu73e04c-47370a5e3a4913ae6fefa7ed18e02dce '   itemscope=\"itemscope\" itemtype=\"https:\/\/schema.org\/CreativeWork\" ><div class='avia_textblock'  itemprop=\"text\" ><p>Wir k\u00f6nnen in der Notfallsprechstunde momentan maximal sechs Patienten aufnehmen. Bitte haben Sie daher Verst\u00e4ndnis, wenn wir Sie auf einen anderen Termin setzen.<\/p>\n<\/div><\/section><\/p><\/div>\n\n","protected":false},"excerpt":{"rendered":"","protected":false},"author":2,"featured_media":0,"parent":0,"menu_order":0,"comment_status":"closed","ping_status":"closed","template":"","meta":{"footnotes":""},"class_list":["post-37","page","type-page","status-publish","hentry"],"yoast_head":"<!-- This site is optimized with the Yoast SEO plugin v27.5 - https:\/\/yoast.com\/product\/yoast-seo-wordpress\/ -->\n<title>Kontakt - ATOS Praxis K\u00f6ln Junkersdorf<\/title>\n<meta name=\"description\" content=\"Sprechstunde im ATOS MVZ K\u00f6ln-Junkersdorf: Montag bis Freitag f\u00fcr Sie erreichbar. Telefon: 0221 5397377. Vereinbaren Sie jetzt Ihren Termin im K\u00f6lner Westen.\" \/>\n<meta name=\"robots\" content=\"index, follow, max-snippet:-1, max-image-preview:large, max-video-preview:-1\" \/>\n<link rel=\"canonical\" href=\"https:\/\/atos-mvz.de\/koeln-junkersdorf\/kontakt\/\" \/>\n<meta property=\"og:locale\" content=\"de_DE\" \/>\n<meta property=\"og:type\" content=\"article\" \/>\n<meta property=\"og:title\" content=\"Kontakt - ATOS Praxis K\u00f6ln Junkersdorf\" \/>\n<meta property=\"og:description\" content=\"Sprechstunde im ATOS MVZ K\u00f6ln-Junkersdorf: Montag bis Freitag f\u00fcr Sie erreichbar. Telefon: 0221 5397377. Vereinbaren Sie jetzt Ihren Termin im K\u00f6lner Westen.\" \/>\n<meta property=\"og:url\" content=\"https:\/\/atos-mvz.de\/koeln-junkersdorf\/kontakt\/\" \/>\n<meta property=\"og:site_name\" content=\"ATOS Praxis K\u00f6ln Junkersdorf\" \/>\n<meta property=\"article:modified_time\" content=\"2026-04-29T09:04:31+00:00\" \/>\n<meta name=\"twitter:card\" content=\"summary_large_image\" \/>\n<script type=\"application\/ld+json\" class=\"yoast-schema-graph\">{\"@context\":\"https:\\\/\\\/schema.org\",\"@graph\":[{\"@type\":\"WebPage\",\"@id\":\"https:\\\/\\\/atos-mvz.de\\\/koeln-junkersdorf\\\/kontakt\\\/\",\"url\":\"https:\\\/\\\/atos-mvz.de\\\/koeln-junkersdorf\\\/kontakt\\\/\",\"name\":\"Kontakt - ATOS Praxis K\u00f6ln Junkersdorf\",\"isPartOf\":{\"@id\":\"https:\\\/\\\/atos-mvz.de\\\/koeln-junkersdorf\\\/#website\"},\"datePublished\":\"2021-01-27T10:09:58+00:00\",\"dateModified\":\"2026-04-29T09:04:31+00:00\",\"description\":\"Sprechstunde im ATOS MVZ K\u00f6ln-Junkersdorf: Montag bis Freitag f\u00fcr Sie erreichbar. Telefon: 0221 5397377. Vereinbaren Sie jetzt Ihren Termin im K\u00f6lner Westen.\",\"breadcrumb\":{\"@id\":\"https:\\\/\\\/atos-mvz.de\\\/koeln-junkersdorf\\\/kontakt\\\/#breadcrumb\"},\"inLanguage\":\"de\",\"potentialAction\":[{\"@type\":\"ReadAction\",\"target\":[\"https:\\\/\\\/atos-mvz.de\\\/koeln-junkersdorf\\\/kontakt\\\/\"]}]},{\"@type\":\"BreadcrumbList\",\"@id\":\"https:\\\/\\\/atos-mvz.de\\\/koeln-junkersdorf\\\/kontakt\\\/#breadcrumb\",\"itemListElement\":[{\"@type\":\"ListItem\",\"position\":1,\"name\":\"Startseite\",\"item\":\"https:\\\/\\\/atos-mvz.de\\\/koeln-junkersdorf\\\/startseite\\\/\"},{\"@type\":\"ListItem\",\"position\":2,\"name\":\"Kontakt\"}]},{\"@type\":\"WebSite\",\"@id\":\"https:\\\/\\\/atos-mvz.de\\\/koeln-junkersdorf\\\/#website\",\"url\":\"https:\\\/\\\/atos-mvz.de\\\/koeln-junkersdorf\\\/\",\"name\":\"ATOS Praxis K\u00f6ln Junkersdorf\",\"description\":\"\",\"potentialAction\":[{\"@type\":\"SearchAction\",\"target\":{\"@type\":\"EntryPoint\",\"urlTemplate\":\"https:\\\/\\\/atos-mvz.de\\\/koeln-junkersdorf\\\/?s={search_term_string}\"},\"query-input\":{\"@type\":\"PropertyValueSpecification\",\"valueRequired\":true,\"valueName\":\"search_term_string\"}}],\"inLanguage\":\"de\"}]}<\/script>\n<!-- \/ Yoast SEO plugin. -->","yoast_head_json":{"title":"Kontakt - ATOS Praxis K\u00f6ln Junkersdorf","description":"Sprechstunde im ATOS MVZ K\u00f6ln-Junkersdorf: Montag bis Freitag f\u00fcr Sie erreichbar. Telefon: 0221 5397377. Vereinbaren Sie jetzt Ihren Termin im K\u00f6lner Westen.","robots":{"index":"index","follow":"follow","max-snippet":"max-snippet:-1","max-image-preview":"max-image-preview:large","max-video-preview":"max-video-preview:-1"},"canonical":"https:\/\/atos-mvz.de\/koeln-junkersdorf\/kontakt\/","og_locale":"de_DE","og_type":"article","og_title":"Kontakt - ATOS Praxis K\u00f6ln Junkersdorf","og_description":"Sprechstunde im ATOS MVZ K\u00f6ln-Junkersdorf: Montag bis Freitag f\u00fcr Sie erreichbar. Telefon: 0221 5397377. Vereinbaren Sie jetzt Ihren Termin im K\u00f6lner Westen.","og_url":"https:\/\/atos-mvz.de\/koeln-junkersdorf\/kontakt\/","og_site_name":"ATOS Praxis K\u00f6ln Junkersdorf","article_modified_time":"2026-04-29T09:04:31+00:00","twitter_card":"summary_large_image","schema":{"@context":"https:\/\/schema.org","@graph":[{"@type":"WebPage","@id":"https:\/\/atos-mvz.de\/koeln-junkersdorf\/kontakt\/","url":"https:\/\/atos-mvz.de\/koeln-junkersdorf\/kontakt\/","name":"Kontakt - ATOS Praxis K\u00f6ln Junkersdorf","isPartOf":{"@id":"https:\/\/atos-mvz.de\/koeln-junkersdorf\/#website"},"datePublished":"2021-01-27T10:09:58+00:00","dateModified":"2026-04-29T09:04:31+00:00","description":"Sprechstunde im ATOS MVZ K\u00f6ln-Junkersdorf: Montag bis Freitag f\u00fcr Sie erreichbar. Telefon: 0221 5397377. Vereinbaren Sie jetzt Ihren Termin im K\u00f6lner Westen.","breadcrumb":{"@id":"https:\/\/atos-mvz.de\/koeln-junkersdorf\/kontakt\/#breadcrumb"},"inLanguage":"de","potentialAction":[{"@type":"ReadAction","target":["https:\/\/atos-mvz.de\/koeln-junkersdorf\/kontakt\/"]}]},{"@type":"BreadcrumbList","@id":"https:\/\/atos-mvz.de\/koeln-junkersdorf\/kontakt\/#breadcrumb","itemListElement":[{"@type":"ListItem","position":1,"name":"Startseite","item":"https:\/\/atos-mvz.de\/koeln-junkersdorf\/startseite\/"},{"@type":"ListItem","position":2,"name":"Kontakt"}]},{"@type":"WebSite","@id":"https:\/\/atos-mvz.de\/koeln-junkersdorf\/#website","url":"https:\/\/atos-mvz.de\/koeln-junkersdorf\/","name":"ATOS Praxis K\u00f6ln Junkersdorf","description":"","potentialAction":[{"@type":"SearchAction","target":{"@type":"EntryPoint","urlTemplate":"https:\/\/atos-mvz.de\/koeln-junkersdorf\/?s={search_term_string}"},"query-input":{"@type":"PropertyValueSpecification","valueRequired":true,"valueName":"search_term_string"}}],"inLanguage":"de"}]}},"_links":{"self":[{"href":"https:\/\/atos-mvz.de\/koeln-junkersdorf\/wp-json\/wp\/v2\/pages\/37","targetHints":{"allow":["GET"]}}],"collection":[{"href":"https:\/\/atos-mvz.de\/koeln-junkersdorf\/wp-json\/wp\/v2\/pages"}],"about":[{"href":"https:\/\/atos-mvz.de\/koeln-junkersdorf\/wp-json\/wp\/v2\/types\/page"}],"author":[{"embeddable":true,"href":"https:\/\/atos-mvz.de\/koeln-junkersdorf\/wp-json\/wp\/v2\/users\/2"}],"replies":[{"embeddable":true,"href":"https:\/\/atos-mvz.de\/koeln-junkersdorf\/wp-json\/wp\/v2\/comments?post=37"}],"version-history":[{"count":35,"href":"https:\/\/atos-mvz.de\/koeln-junkersdorf\/wp-json\/wp\/v2\/pages\/37\/revisions"}],"predecessor-version":[{"id":1419,"href":"https:\/\/atos-mvz.de\/koeln-junkersdorf\/wp-json\/wp\/v2\/pages\/37\/revisions\/1419"}],"wp:attachment":[{"href":"https:\/\/atos-mvz.de\/koeln-junkersdorf\/wp-json\/wp\/v2\/media?parent=37"}],"curies":[{"name":"wp","href":"https:\/\/api.w.org\/{rel}","templated":true}]}}