{"id":1472,"date":"2026-01-08T10:05:27","date_gmt":"2026-01-08T09:05:27","guid":{"rendered":"https:\/\/atos-mvz.de\/huerth\/?page_id=1472"},"modified":"2026-01-14T09:28:48","modified_gmt":"2026-01-14T08:28:48","slug":"stosswellentherapie","status":"publish","type":"page","link":"https:\/\/atos-mvz.de\/huerth\/stosswellentherapie\/","title":{"rendered":"Sto\u00dfwellentherapie"},"content":{"rendered":"\n<style type=\"text\/css\" data-created_by=\"avia_inline_auto\" id=\"style-css-av-av_section-2ce55d1697832f077e5b55417c526466\">\n.avia-section.av-av_section-2ce55d1697832f077e5b55417c526466{\nbackground-repeat:no-repeat;\nbackground-image:url(https:\/\/atos-mvz.de\/huerth\/wp-content\/uploads\/sites\/32\/2024\/03\/mvz-huerth-slider-zentrum-empfang.jpg);\nbackground-position:50% 50%;\nbackground-attachment:scroll;\n}\n.avia-section.av-av_section-2ce55d1697832f077e5b55417c526466 .av-extra-border-element .av-extra-border-inner{\nbackground-color:#ffffff;\n}\n<\/style>\n<div id='header-img'  class='avia-section av-av_section-2ce55d1697832f077e5b55417c526466 main_color avia-section-huge avia-no-border-styling  avia-builder-el-0  el_before_av_section  avia-builder-el-first  largeimg avia-full-stretch avia-bg-style-scroll container_wrap fullsize'  data-section-bg-repeat='stretch'><div class='container av-section-cont-open' ><main  role=\"main\" itemprop=\"mainContentOfPage\"  class='template-page content  av-content-full alpha units'><div class='post-entry post-entry-type-page post-entry-1472'><div class='entry-content-wrapper clearfix'>\n<\/div><\/div><\/main><!-- close content main element --><\/div><div class='av-extra-border-element border-extra-diagonal border-extra-diagonal-inverse '><div class='av-extra-border-outer'><div class='av-extra-border-inner'><\/div><\/div><\/div><\/div>\n<style type=\"text\/css\" data-created_by=\"avia_inline_auto\" id=\"style-css-av-av_section-8b410e63537c871d90ff0660f5de999c\">\n.avia-section.av-av_section-8b410e63537c871d90ff0660f5de999c .av-extra-border-element .av-extra-border-inner{\nbackground-color:#f1f0f5;\n}\n<\/style>\n<div id='av_section_2'  class='avia-section av-av_section-8b410e63537c871d90ff0660f5de999c main_color avia-section-large avia-no-border-styling  avia-builder-el-1  el_after_av_section  avia-builder-el-last  avia-bg-style-scroll container_wrap fullsize'  ><div class='container av-section-cont-open' ><div class='template-page content  av-content-full alpha units'><div class='post-entry post-entry-type-page post-entry-1472'><div class='entry-content-wrapper clearfix'>\n<div  class='flex_column av-av_four_fifth-41ee899840124b6993b57a87f996c353 av_four_fifth  avia-builder-el-2  avia-builder-el-no-sibling  first flex_column_div  '     ><section  class='av_textblock_section av-mk57zv1w-b5a81e999f9c10565ea1d0dabf5e51a3 '   itemscope=\"itemscope\" itemtype=\"https:\/\/schema.org\/CreativeWork\" ><div class='avia_textblock'  itemprop=\"text\" ><h1><strong>Sto\u00dfwellentherapie<\/strong><\/h1>\n<p><strong>Entdecken Sie die Vorteile der Sto\u00dfwellentherapie in unserer orthop\u00e4dischen Praxis!<\/strong><\/p>\n<h2>Die Wirkungsweise der Sto\u00dfwellen<\/h2>\n<p>Sto\u00dfwellen f\u00f6rdern die Selbstheilungskr\u00e4fte des K\u00f6rpers, bauen Festk\u00f6rper ab, regen den Stoffwechsel und die Durchblutung an. Diese vielseitige Therapieform kann Beschwerden lindern und Heilungsprozesse f\u00f6rdern.<\/p>\n<h2>Anwendungsgebiete<\/h2>\n<p>Die Sto\u00dfwellentherapie findet Anwendung bei degenerativen Erkrankungen wie Osteoarthritis, Wirbels\u00e4ulenproblemen, Arthrose, Ischialgie und Arthropathien.<\/p>\n<h2>Vorteile gegen\u00fcber konventionellen Verfahren<\/h2>\n<p>Schonende Alternative zu Operationen und Medikamenten, mobilisiert die Selbstheilungskr\u00e4fte und umgeht Risiken gro\u00dfer Eingriffe.<\/p>\n<h2>Wann darf die Sto\u00dfwellentherapie nicht angewendet werden?<\/h2>\n<p>Ausschlussgr\u00fcnde sind Gerinnungsst\u00f6rungen, b\u00f6sartige Tumore, akute Entz\u00fcndungen, Schwangerschaft und andere.<\/p>\n<h2>Anwendung in der Sportmedizin<\/h2>\n<p>Hilfreich bei Sporttraumata, Verstauchungen, Zerrungen, Prellungen und Muskelverletzungen. Leistungsstarke Sto\u00dfwellenger\u00e4te von EME auch im Leasing f\u00fcr Sportmediziner, Orthop\u00e4den und Physiotherapeuten.<\/p>\n<h2>Beispiele f\u00fcr die Anwendung in der Orthop\u00e4die<\/h2>\n<p>Gelenksbeschwerden wie Epikondylitis, Knieprobleme, Kn\u00f6chelerkrankungen und Fersensporn.<br \/>\nImpingementsyndrom und Kalkschulter: Reduzierung schmerzhafter Symptome durch gezielte Druckwellen.<\/p>\n<\/div><\/section><\/div>\n","protected":false},"excerpt":{"rendered":"","protected":false},"author":2,"featured_media":0,"parent":0,"menu_order":0,"comment_status":"closed","ping_status":"closed","template":"","meta":{"footnotes":""},"class_list":["post-1472","page","type-page","status-publish","hentry"],"yoast_head":"<!-- This site is optimized with the Yoast SEO plugin v27.2 - https:\/\/yoast.com\/product\/yoast-seo-wordpress\/ -->\n<title>Sto\u00dfwellentherapie - MVZ H\u00fcrth<\/title>\n<meta name=\"description\" content=\"Effektive Sto\u00dfwellentherapie in H\u00fcrth: Hilfe bei Fersensporn, Kalkschulter &amp; Tennisarm. F\u00f6rdern Sie Ihre Selbstheilungskr\u00e4fte ohne OP. Jetzt Termin vereinbaren.\" \/>\n<meta name=\"robots\" content=\"index, follow, max-snippet:-1, max-image-preview:large, max-video-preview:-1\" \/>\n<link rel=\"canonical\" href=\"https:\/\/atos-mvz.de\/huerth\/stosswellentherapie\/\" \/>\n<meta property=\"og:locale\" content=\"de_DE\" \/>\n<meta property=\"og:type\" content=\"article\" \/>\n<meta property=\"og:title\" content=\"Sto\u00dfwellentherapie - MVZ H\u00fcrth\" \/>\n<meta property=\"og:description\" content=\"Effektive Sto\u00dfwellentherapie in H\u00fcrth: Hilfe bei Fersensporn, Kalkschulter &amp; Tennisarm. F\u00f6rdern Sie Ihre Selbstheilungskr\u00e4fte ohne OP. Jetzt Termin vereinbaren.\" \/>\n<meta property=\"og:url\" content=\"https:\/\/atos-mvz.de\/huerth\/stosswellentherapie\/\" \/>\n<meta property=\"og:site_name\" content=\"MVZ H\u00fcrth\" \/>\n<meta property=\"article:modified_time\" content=\"2026-01-14T08:28:48+00:00\" \/>\n<meta name=\"twitter:card\" content=\"summary_large_image\" \/>\n<script type=\"application\/ld+json\" class=\"yoast-schema-graph\">{\"@context\":\"https:\/\/schema.org\",\"@graph\":[{\"@type\":\"WebPage\",\"@id\":\"https:\/\/atos-mvz.de\/huerth\/stosswellentherapie\/\",\"url\":\"https:\/\/atos-mvz.de\/huerth\/stosswellentherapie\/\",\"name\":\"Sto\u00dfwellentherapie - MVZ H\u00fcrth\",\"isPartOf\":{\"@id\":\"https:\/\/atos-mvz.de\/huerth\/#website\"},\"datePublished\":\"2026-01-08T09:05:27+00:00\",\"dateModified\":\"2026-01-14T08:28:48+00:00\",\"description\":\"Effektive Sto\u00dfwellentherapie in H\u00fcrth: Hilfe bei Fersensporn, Kalkschulter & Tennisarm. F\u00f6rdern Sie Ihre Selbstheilungskr\u00e4fte ohne OP. Jetzt Termin vereinbaren.\",\"breadcrumb\":{\"@id\":\"https:\/\/atos-mvz.de\/huerth\/stosswellentherapie\/#breadcrumb\"},\"inLanguage\":\"de\",\"potentialAction\":[{\"@type\":\"ReadAction\",\"target\":[\"https:\/\/atos-mvz.de\/huerth\/stosswellentherapie\/\"]}]},{\"@type\":\"BreadcrumbList\",\"@id\":\"https:\/\/atos-mvz.de\/huerth\/stosswellentherapie\/#breadcrumb\",\"itemListElement\":[{\"@type\":\"ListItem\",\"position\":1,\"name\":\"Startseite\",\"item\":\"https:\/\/atos-mvz.de\/huerth\/startseite\/\"},{\"@type\":\"ListItem\",\"position\":2,\"name\":\"Sto\u00dfwellentherapie\"}]},{\"@type\":\"WebSite\",\"@id\":\"https:\/\/atos-mvz.de\/huerth\/#website\",\"url\":\"https:\/\/atos-mvz.de\/huerth\/\",\"name\":\"MVZ H\u00fcrth\",\"description\":\"\",\"potentialAction\":[{\"@type\":\"SearchAction\",\"target\":{\"@type\":\"EntryPoint\",\"urlTemplate\":\"https:\/\/atos-mvz.de\/huerth\/?s={search_term_string}\"},\"query-input\":{\"@type\":\"PropertyValueSpecification\",\"valueRequired\":true,\"valueName\":\"search_term_string\"}}],\"inLanguage\":\"de\"}]}<\/script>\n<!-- \/ Yoast SEO plugin. -->","yoast_head_json":{"title":"Sto\u00dfwellentherapie - MVZ H\u00fcrth","description":"Effektive Sto\u00dfwellentherapie in H\u00fcrth: Hilfe bei Fersensporn, Kalkschulter & Tennisarm. F\u00f6rdern Sie Ihre Selbstheilungskr\u00e4fte ohne OP. Jetzt Termin vereinbaren.","robots":{"index":"index","follow":"follow","max-snippet":"max-snippet:-1","max-image-preview":"max-image-preview:large","max-video-preview":"max-video-preview:-1"},"canonical":"https:\/\/atos-mvz.de\/huerth\/stosswellentherapie\/","og_locale":"de_DE","og_type":"article","og_title":"Sto\u00dfwellentherapie - MVZ H\u00fcrth","og_description":"Effektive Sto\u00dfwellentherapie in H\u00fcrth: Hilfe bei Fersensporn, Kalkschulter & Tennisarm. F\u00f6rdern Sie Ihre Selbstheilungskr\u00e4fte ohne OP. Jetzt Termin vereinbaren.","og_url":"https:\/\/atos-mvz.de\/huerth\/stosswellentherapie\/","og_site_name":"MVZ H\u00fcrth","article_modified_time":"2026-01-14T08:28:48+00:00","twitter_card":"summary_large_image","schema":{"@context":"https:\/\/schema.org","@graph":[{"@type":"WebPage","@id":"https:\/\/atos-mvz.de\/huerth\/stosswellentherapie\/","url":"https:\/\/atos-mvz.de\/huerth\/stosswellentherapie\/","name":"Sto\u00dfwellentherapie - MVZ H\u00fcrth","isPartOf":{"@id":"https:\/\/atos-mvz.de\/huerth\/#website"},"datePublished":"2026-01-08T09:05:27+00:00","dateModified":"2026-01-14T08:28:48+00:00","description":"Effektive Sto\u00dfwellentherapie in H\u00fcrth: Hilfe bei Fersensporn, Kalkschulter & Tennisarm. F\u00f6rdern Sie Ihre Selbstheilungskr\u00e4fte ohne OP. Jetzt Termin vereinbaren.","breadcrumb":{"@id":"https:\/\/atos-mvz.de\/huerth\/stosswellentherapie\/#breadcrumb"},"inLanguage":"de","potentialAction":[{"@type":"ReadAction","target":["https:\/\/atos-mvz.de\/huerth\/stosswellentherapie\/"]}]},{"@type":"BreadcrumbList","@id":"https:\/\/atos-mvz.de\/huerth\/stosswellentherapie\/#breadcrumb","itemListElement":[{"@type":"ListItem","position":1,"name":"Startseite","item":"https:\/\/atos-mvz.de\/huerth\/startseite\/"},{"@type":"ListItem","position":2,"name":"Sto\u00dfwellentherapie"}]},{"@type":"WebSite","@id":"https:\/\/atos-mvz.de\/huerth\/#website","url":"https:\/\/atos-mvz.de\/huerth\/","name":"MVZ H\u00fcrth","description":"","potentialAction":[{"@type":"SearchAction","target":{"@type":"EntryPoint","urlTemplate":"https:\/\/atos-mvz.de\/huerth\/?s={search_term_string}"},"query-input":{"@type":"PropertyValueSpecification","valueRequired":true,"valueName":"search_term_string"}}],"inLanguage":"de"}]}},"_links":{"self":[{"href":"https:\/\/atos-mvz.de\/huerth\/wp-json\/wp\/v2\/pages\/1472","targetHints":{"allow":["GET"]}}],"collection":[{"href":"https:\/\/atos-mvz.de\/huerth\/wp-json\/wp\/v2\/pages"}],"about":[{"href":"https:\/\/atos-mvz.de\/huerth\/wp-json\/wp\/v2\/types\/page"}],"author":[{"embeddable":true,"href":"https:\/\/atos-mvz.de\/huerth\/wp-json\/wp\/v2\/users\/2"}],"replies":[{"embeddable":true,"href":"https:\/\/atos-mvz.de\/huerth\/wp-json\/wp\/v2\/comments?post=1472"}],"version-history":[{"count":2,"href":"https:\/\/atos-mvz.de\/huerth\/wp-json\/wp\/v2\/pages\/1472\/revisions"}],"predecessor-version":[{"id":1486,"href":"https:\/\/atos-mvz.de\/huerth\/wp-json\/wp\/v2\/pages\/1472\/revisions\/1486"}],"wp:attachment":[{"href":"https:\/\/atos-mvz.de\/huerth\/wp-json\/wp\/v2\/media?parent=1472"}],"curies":[{"name":"wp","href":"https:\/\/api.w.org\/{rel}","templated":true}]}}