{"id":2,"date":"2021-02-09T15:36:20","date_gmt":"2021-02-09T14:36:20","guid":{"rendered":"https:\/\/atos-mvz.de\/diez\/?page_id=2"},"modified":"2024-02-02T16:11:04","modified_gmt":"2024-02-02T15:11:04","slug":"startseite","status":"publish","type":"page","link":"https:\/\/atos-mvz.de\/diez\/","title":{"rendered":"Startseite"},"content":{"rendered":"\n<style type=\"text\/css\" data-created_by=\"avia_inline_auto\" id=\"style-css-av-kkz62dsq-6ea3209808fef5b1eef3ee44e67fa68d\">\n.avia-section.av-kkz62dsq-6ea3209808fef5b1eef3ee44e67fa68d{\nbackground-repeat:no-repeat;\nbackground-image:url(https:\/\/atos-mvz.de\/diez\/wp-content\/uploads\/sites\/5\/2021\/02\/diez-castle.jpg);\nbackground-position:0% 50%;\nbackground-attachment:scroll;\n}\n.avia-section.av-kkz62dsq-6ea3209808fef5b1eef3ee44e67fa68d .av-extra-border-element .av-extra-border-inner{\nbackground-color:#ffffff;\n}\n<\/style>\n<div id='header-img'  class='avia-section av-kkz62dsq-6ea3209808fef5b1eef3ee44e67fa68d main_color avia-section-large avia-no-border-styling  avia-builder-el-0  el_before_av_section  avia-builder-el-first  header-withbox avia-full-stretch avia-bg-style-scroll container_wrap fullsize'  data-section-bg-repeat='stretch'><div class='container av-section-cont-open' ><main  role=\"main\" itemprop=\"mainContentOfPage\"  class='template-page content  av-content-full alpha units'><div class='post-entry post-entry-type-page post-entry-2'><div class='entry-content-wrapper clearfix'>\n\n<style type=\"text\/css\" data-created_by=\"avia_inline_auto\" id=\"style-css-av-kkz6366f-4c9fcd5f49537ffd5ff611a77445ea36\">\n#top .hr.hr-invisible.av-kkz6366f-4c9fcd5f49537ffd5ff611a77445ea36{\nheight:70px;\n}\n<\/style>\n<div  class='hr av-kkz6366f-4c9fcd5f49537ffd5ff611a77445ea36 hr-invisible  avia-builder-el-1  el_before_av_two_third  avia-builder-el-first '><span class='hr-inner '><span class=\"hr-inner-style\"><\/span><\/span><\/div>\n\n<style type=\"text\/css\" data-created_by=\"avia_inline_auto\" id=\"style-css-av-kkz65zmw-6dc6acd6680599209bd1f994e0304ae7\">\n.flex_column.av-kkz65zmw-6dc6acd6680599209bd1f994e0304ae7{\nborder-radius:0px 0px 0px 0px;\npadding:0px 0px 0px 0px;\n}\n<\/style>\n<div  class='flex_column av-kkz65zmw-6dc6acd6680599209bd1f994e0304ae7 av_two_third  avia-builder-el-2  el_after_av_hr  el_before_av_one_third  first flex_column_div av-hide-on-mobile av-zero-column-padding  '     ><\/div>\n<style type=\"text\/css\" data-created_by=\"avia_inline_auto\" id=\"style-css-av-kkz642uv-e60351a9f6af981f53331ad98b5d5d04\">\n@keyframes av_boxShadowEffect_av-kkz642uv-e60351a9f6af981f53331ad98b5d5d04-column {\n0%   { box-shadow:  0 0 0 0 #e0e0e0; opacity: 1; }\n100% { box-shadow:  0 0 30px 0 #e0e0e0; opacity: 1; }\n}\n.flex_column.av-kkz642uv-e60351a9f6af981f53331ad98b5d5d04{\nbox-shadow: 0 0 30px 0 #e0e0e0;\nborder-radius:20px 20px 20px 20px;\npadding:35px 35px 35px 35px;\nbackground-color:#ffffff;\n}\n<\/style>\n<div  class='flex_column av-kkz642uv-e60351a9f6af981f53331ad98b5d5d04 av_one_third  avia-builder-el-3  el_after_av_two_third  avia-builder-el-last  shadow flex_column_div shadow-not-animated av-hide-on-mobile  '     ><section  class='av_textblock_section av-kkz64qyq-d1c7df876402824cfca16f929d239252 '   itemscope=\"itemscope\" itemtype=\"https:\/\/schema.org\/CreativeWork\" ><div class='avia_textblock'  itemprop=\"text\" ><h2>ATOS MVZ <strong>Braunfels &#8211; Diez<\/strong><\/h2>\n<p>Wir beraten Sie bei allen orthop\u00e4dischen Fragestellungen \u2013 von der Diagnose bis zur Therapie.<\/p>\n<\/div><\/section><br \/>\n<div  class='avia-button-wrap av-kkz6544q-e0598ae5a9bae99dcc88c6d9c06771b1-wrap avia-button-left  avia-builder-el-5  el_after_av_textblock  avia-builder-el-last '><a href='https:\/\/atos-mvz.de\/diez\/kontakt\/'  class='avia-button av-kkz6544q-e0598ae5a9bae99dcc88c6d9c06771b1 av-link-btn avia-icon_select-yes-right-icon avia-size-small avia-position-left avia-color-theme-color'   aria-label=\"Kontakt\"><span class='avia_iconbox_title' >Kontakt<\/span><span class='avia_button_icon avia_button_icon_right avia-iconfont avia-font-fontello' data-av_icon='\ue808' data-av_iconfont='fontello' ><\/span><\/a><\/div><\/p><\/div>\n\n<\/div><\/div><\/main><!-- close content main element --><\/div><div class='av-extra-border-element border-extra-diagonal border-extra-diagonal-inverse '><div class='av-extra-border-outer'><div class='av-extra-border-inner'><\/div><\/div><\/div><\/div><div id='av_section_2'  class='avia-section av-kkz65k3g-0651d48d0e36c7a7dd49b24eb30ec560 main_color avia-section-default avia-no-border-styling  avia-builder-el-6  el_after_av_section  el_before_av_section  mobile-box avia-bg-style-scroll container_wrap fullsize'  ><div class='container av-section-cont-open' ><div class='template-page content  av-content-full alpha units'><div class='post-entry post-entry-type-page post-entry-2'><div class='entry-content-wrapper clearfix'>\n\n<style type=\"text\/css\" data-created_by=\"avia_inline_auto\" id=\"style-css-av-kkz642uv-6-8eae2f5553b02731e10d38d0fb899132\">\n@keyframes av_boxShadowEffect_av-kkz642uv-6-8eae2f5553b02731e10d38d0fb899132-column {\n0%   { box-shadow:  0 0 0 0 #e0e0e0; opacity: 1; }\n100% { box-shadow:  0 0 30px 0 #e0e0e0; opacity: 1; }\n}\n.flex_column.av-kkz642uv-6-8eae2f5553b02731e10d38d0fb899132{\nbox-shadow: 0 0 30px 0 #e0e0e0;\nborder-radius:20px 20px 20px 20px;\npadding:35px 35px 35px 35px;\nbackground-color:#ffffff;\n}\n<\/style>\n<div  class='flex_column av-kkz642uv-6-8eae2f5553b02731e10d38d0fb899132 av_one_third  avia-builder-el-7  avia-builder-el-no-sibling  shadow first flex_column_div shadow-not-animated  '     ><section  class='av_textblock_section av-kkz64qyq-5-80a258b22c870121fb0186e4a87010a5 '   itemscope=\"itemscope\" itemtype=\"https:\/\/schema.org\/CreativeWork\" ><div class='avia_textblock'  itemprop=\"text\" ><h2>ATOS MVZ <strong>Braunfels &#8211; Diez<\/strong><\/h2>\n<p>Wir beraten Sie bei allen orthop\u00e4dischen Fragestellungen \u2013 von der Diagnose bis zur Therapie.<\/p>\n<\/div><\/section><br \/>\n<div  class='avia-button-wrap av-kkz6544q-4-2596124120cbb87b1320884e2f3bf89a-wrap avia-button-left  avia-builder-el-9  el_after_av_textblock  avia-builder-el-last '><a href='https:\/\/atos-mvz.de\/diez\/kontakt\/'  class='avia-button av-kkz6544q-4-2596124120cbb87b1320884e2f3bf89a av-link-btn avia-icon_select-yes-right-icon avia-size-small avia-position-left avia-color-theme-color'   aria-label=\"Kontakt\"><span class='avia_iconbox_title' >Kontakt<\/span><span class='avia_button_icon avia_button_icon_right avia-iconfont avia-font-fontello' data-av_icon='\ue808' data-av_iconfont='fontello' ><\/span><\/a><\/div><\/p><\/div>\n\n<\/div><\/div><\/div><!-- close content main div --><\/div><\/div>\n<style type=\"text\/css\" data-created_by=\"avia_inline_auto\" id=\"style-css-av-kkz66if4-f44f05d79491497bf1500b5d728c1ea6\">\n.avia-section.av-kkz66if4-f44f05d79491497bf1500b5d728c1ea6 .av-extra-border-element .av-extra-border-inner{\nbackground-color:#ffffff;\n}\n<\/style>\n<div id='first-section-before-imgseparator'  class='avia-section av-kkz66if4-f44f05d79491497bf1500b5d728c1ea6 main_color avia-section-large avia-no-border-styling  avia-builder-el-10  el_after_av_section  el_before_av_section  avia-bg-style-scroll container_wrap fullsize'  ><div class='container av-section-cont-open' ><div class='template-page content  av-content-full alpha units'><div class='post-entry post-entry-type-page post-entry-2'><div class='entry-content-wrapper clearfix'>\n\n<style type=\"text\/css\" data-created_by=\"avia_inline_auto\" id=\"style-css-av-68sa-59bb831cb1ecd335248b3664ff60fd04\">\n.flex_column.av-68sa-59bb831cb1ecd335248b3664ff60fd04{\nborder-radius:0px 0px 0px 0px;\npadding:0px 0px 0px 0px;\n}\n<\/style>\n<div  class='flex_column av-68sa-59bb831cb1ecd335248b3664ff60fd04 av_one_half  avia-builder-el-11  el_before_av_one_half  avia-builder-el-first  first flex_column_div av-zero-column-padding  '     ><section  class='av_textblock_section av-kkz67ap4-64f153d6291f24220068372edf6010ba '   itemscope=\"itemscope\" itemtype=\"https:\/\/schema.org\/CreativeWork\" ><div class='avia_textblock'  itemprop=\"text\" ><h1>Orthop\u00e4die <strong>Diez<\/strong><\/h1>\n<p>Unsere orthop\u00e4dische Praxis im Medicum Diez ist behindertengerecht ausgelegt und verf\u00fcgt auf ca. 340 m\u00b2 Fl\u00e4che \u00fcber vier modern eingerichtete Untersuchungsr\u00e4ume, zwei Arztzimmer sowie weitere Therapie- und Diagnoser\u00e4ume. An bildgebenden Verfahren kommen eine hochmoderne digitale R\u00f6ntgenanlage und ein Sonographieger\u00e4t zum Einsatz.<\/p>\n<\/div><\/section><br \/>\n\n<style type=\"text\/css\" data-created_by=\"avia_inline_auto\" id=\"style-css-av-ljpttj2j-8e7251c781b8e4749373d0b0adb56a4b\">\n#top .hr.hr-invisible.av-ljpttj2j-8e7251c781b8e4749373d0b0adb56a4b{\nheight:30px;\n}\n<\/style>\n<div  class='hr av-ljpttj2j-8e7251c781b8e4749373d0b0adb56a4b hr-invisible  avia-builder-el-13  el_after_av_textblock  el_before_av_textblock '><span class='hr-inner '><span class=\"hr-inner-style\"><\/span><\/span><\/div><br \/>\n<section  class='av_textblock_section av-kkz67ap4-3-ab7931556dfd7a51b4eeb4039df2f9f7 '   itemscope=\"itemscope\" itemtype=\"https:\/\/schema.org\/CreativeWork\" ><div class='avia_textblock'  itemprop=\"text\" ><h1>Spitzenmedizin in <strong>Diez<\/strong><\/h1>\n<p>Die im Jahr 2008 von Dr. med. G\u00fcnther Rosbach am Standort des St. Vincenz-Krankenhaus gegr\u00fcndete Praxis steht seit \u00fcber 15 Jahren f\u00fcr Spitzenmedizin in Diez. Im Klinikbewertungsportal der AOK (weisse liste.krankenhaus.aok.de) z\u00e4hlte die von Dr. med. G\u00fcnter Rosbach bis 31.12.2020 geleitete Abteilung am St.Vincenz-Krankenhaus Diez (vormals DRK-Krankenhaus Diez) bez\u00fcglich der H\u00fcft- und Knieendoprothetik zu den besten Abteilungen der Region. Seit Januar 2021 ist Dr. med. G\u00fcnther Rosbach Teil der ATOS Gruppe und ber\u00e4t Sie zusammen mit Dr. med. Ivo Knych bei allen orthop\u00e4dischen Fragestellungen \u2013 von der Diagnose bis zur Therapie.<\/p>\n<\/div><\/section><\/p><\/div>\n<style type=\"text\/css\" data-created_by=\"avia_inline_auto\" id=\"style-css-av-2rnu-eee3403afa1ebbe18c6849579be55c47\">\n.flex_column.av-2rnu-eee3403afa1ebbe18c6849579be55c47{\nborder-radius:0px 0px 0px 0px;\npadding:0px 0px 0px 0px;\n}\n<\/style>\n<div  class='flex_column av-2rnu-eee3403afa1ebbe18c6849579be55c47 av_one_half  avia-builder-el-15  el_after_av_one_half  avia-builder-el-last  flex_column_div av-zero-column-padding  '     ><div  id=\"aerzte\"  class=' grid-sort-container isotope   av-medium-columns-overwrite av-medium-columns-1 av-small-columns-overwrite av-small-columns-1 av-mini-columns-overwrite av-mini-columns-1 no_margin-container with-excerpt-container grid-total-even grid-col-2 grid-links-' data-portfolio-id='1'><div data-ajax-id='395' class=' grid-entry flex_column isotope-item all_sort no_margin post-entry post-entry-395 grid-entry-overview grid-loop-1 grid-parity-odd  arzt_sort  av_one_half first default_av_fullwidth '><article class='main_color inner-entry'  itemscope=\"itemscope\" itemtype=\"https:\/\/schema.org\/CreativeWork\" ><a href=\"https:\/\/atos-mvz.de\/diez\/arzt\/dr-ivo-marcel-knych\/\" title='Dr. Ivo Marcel Knych'  data-rel='grid-1' class='grid-image avia-hover-fx'> <img decoding=\"async\" fetchpriority=\"high\" width=\"180\" height=\"180\" src=\"https:\/\/atos-mvz.de\/diez\/wp-content\/uploads\/sites\/5\/2023\/07\/dr-knych-180x180.jpg\" class=\"wp-image-396 avia-img-lazy-loading-not-396 attachment-square size-square wp-post-image\" alt=\"\" srcset=\"https:\/\/atos-mvz.de\/diez\/wp-content\/uploads\/sites\/5\/2023\/07\/dr-knych-180x180.jpg 180w, https:\/\/atos-mvz.de\/diez\/wp-content\/uploads\/sites\/5\/2023\/07\/dr-knych-80x80.jpg 80w, https:\/\/atos-mvz.de\/diez\/wp-content\/uploads\/sites\/5\/2023\/07\/dr-knych-36x36.jpg 36w\" sizes=\"(max-width: 180px) 100vw, 180px\" \/><\/a><div class='grid-content'><div class='avia-arrow'><\/div><header class=\"entry-content-header\" aria-label=\"Portfolio: Dr. Ivo Marcel Knych\"><h3 class='grid-entry-title entry-title '  itemprop=\"headline\" ><a href='https:\/\/atos-mvz.de\/diez\/arzt\/dr-ivo-marcel-knych\/' title='Dr. Ivo Marcel Knych'>Dr. Ivo Marcel Knych<\/a><\/h3><\/header><div class='grid-entry-excerpt entry-content'  itemprop=\"text\" >Facharzt f\u00fcr Orthop\u00e4dische Chirurgie und Traumatologie des Bewegungsapparates (CH)\r\nFacharzt f\u00fcr Orthop\u00e4die und Unfallchirurgie (D)<\/div><\/div><footer class=\"entry-footer\"><\/footer><\/article><\/div><div data-ajax-id='156' class=' grid-entry flex_column isotope-item all_sort no_margin post-entry post-entry-156 grid-entry-overview grid-loop-2 grid-parity-even  post-entry-last  arzt_sort  av_one_half  default_av_fullwidth '><article class='main_color inner-entry'  itemscope=\"itemscope\" itemtype=\"https:\/\/schema.org\/CreativeWork\" ><a href=\"https:\/\/atos-mvz.de\/diez\/arzt\/dr-guenter-rosbach\/\" title='Dr. med. G\u00fcnter Rosbach'  data-rel='grid-1' class='grid-image avia-hover-fx'> <img decoding=\"async\" fetchpriority=\"high\" width=\"180\" height=\"180\" src=\"https:\/\/atos-mvz.de\/diez\/wp-content\/uploads\/sites\/5\/2021\/02\/rosbach-portrait-180x180.jpg\" class=\"wp-image-283 avia-img-lazy-loading-not-283 attachment-square size-square wp-post-image\" alt=\"\" srcset=\"https:\/\/atos-mvz.de\/diez\/wp-content\/uploads\/sites\/5\/2021\/02\/rosbach-portrait-180x180.jpg 180w, https:\/\/atos-mvz.de\/diez\/wp-content\/uploads\/sites\/5\/2021\/02\/rosbach-portrait-300x300.jpg 300w, https:\/\/atos-mvz.de\/diez\/wp-content\/uploads\/sites\/5\/2021\/02\/rosbach-portrait-80x80.jpg 80w, https:\/\/atos-mvz.de\/diez\/wp-content\/uploads\/sites\/5\/2021\/02\/rosbach-portrait-36x36.jpg 36w, https:\/\/atos-mvz.de\/diez\/wp-content\/uploads\/sites\/5\/2021\/02\/rosbach-portrait.jpg 550w\" sizes=\"(max-width: 180px) 100vw, 180px\" \/><\/a><div class='grid-content'><div class='avia-arrow'><\/div><header class=\"entry-content-header\" aria-label=\"Portfolio: Dr. med. G\u00fcnter Rosbach\"><h3 class='grid-entry-title entry-title '  itemprop=\"headline\" ><a href='https:\/\/atos-mvz.de\/diez\/arzt\/dr-guenter-rosbach\/' title='Dr. med. G\u00fcnter Rosbach'>Dr. med. G\u00fcnter Rosbach<\/a><\/h3><\/header><div class='grid-entry-excerpt entry-content'  itemprop=\"text\" >Facharzt f\u00fcr Orthop\u00e4die und Unfallchirurgie<\/div><\/div><footer class=\"entry-footer\"><\/footer><\/article><\/div><\/div><\/div><\/div><\/div><\/div><!-- close content main div --><\/div><div class='av-extra-border-element border-extra-diagonal border-extra-diagonal-inverse '><div class='av-extra-border-outer'><div class='av-extra-border-inner'><\/div><\/div><\/div><\/div>\n<style type=\"text\/css\" data-created_by=\"avia_inline_auto\" id=\"style-css-av-kkz68bgn-3158a41dca5fabb3b4c9d8a431b026a5\">\n.avia-section.av-kkz68bgn-3158a41dca5fabb3b4c9d8a431b026a5{\nbackground-repeat:no-repeat;\nbackground-image:url(https:\/\/atos-mvz.de\/diez\/wp-content\/uploads\/sites\/5\/2021\/02\/Diagnosen-Titel-1700x600-1-1030x364.jpg);\nbackground-position:50% 50%;\nbackground-attachment:scroll;\n}\n.avia-section.av-kkz68bgn-3158a41dca5fabb3b4c9d8a431b026a5 .av-extra-border-element .av-extra-border-inner{\nbackground-color:#ffffff;\n}\n<\/style>\n<div id='image-separator'  class='avia-section av-kkz68bgn-3158a41dca5fabb3b4c9d8a431b026a5 main_color avia-section-huge avia-no-border-styling  avia-builder-el-17  el_after_av_section  el_before_av_section  avia-full-stretch avia-bg-style-scroll container_wrap fullsize'  data-section-bg-repeat='stretch'><div class='container av-section-cont-open' ><div class='template-page content  av-content-full alpha units'><div class='post-entry post-entry-type-page post-entry-2'><div class='entry-content-wrapper clearfix'>\n\n<style type=\"text\/css\" data-created_by=\"avia_inline_auto\" id=\"style-css-av-kkz68rh8-ca45bee45c825d019f79e729868bc49b\">\n#top .hr.hr-invisible.av-kkz68rh8-ca45bee45c825d019f79e729868bc49b{\nheight:120px;\n}\n<\/style>\n<div  class='hr av-kkz68rh8-ca45bee45c825d019f79e729868bc49b hr-invisible  avia-builder-el-18  el_before_av_hr  avia-builder-el-first '><span class='hr-inner '><span class=\"hr-inner-style\"><\/span><\/span><\/div>\n\n<style type=\"text\/css\" data-created_by=\"avia_inline_auto\" id=\"style-css-av-kkz68rh8-2-962cc54826f8f6f94767f018b628d4f5\">\n#top .hr.hr-invisible.av-kkz68rh8-2-962cc54826f8f6f94767f018b628d4f5{\nheight:120px;\n}\n<\/style>\n<div  class='hr av-kkz68rh8-2-962cc54826f8f6f94767f018b628d4f5 hr-invisible  avia-builder-el-19  el_after_av_hr  avia-builder-el-last  av-medium-hide av-small-hide av-mini-hide'><span class='hr-inner '><span class=\"hr-inner-style\"><\/span><\/span><\/div>\n<\/p>\n<\/div><\/div><\/div><!-- close content main div --><\/div><div class='av-extra-border-element border-extra-diagonal border-extra-diagonal-inverse '><div class='av-extra-border-outer'><div class='av-extra-border-inner'><\/div><\/div><\/div><\/div><div id='av_section_5'  class='avia-section av-kkz6dwjd-02350a722e68b5de28ad18c9fd47bc68 main_color avia-section-large avia-no-border-styling  avia-builder-el-20  el_after_av_section  avia-builder-el-last  avia-bg-style-scroll container_wrap fullsize'  ><div class='container av-section-cont-open' ><div class='template-page content  av-content-full alpha units'><div class='post-entry post-entry-type-page post-entry-2'><div class='entry-content-wrapper clearfix'>\n<section  class='av_textblock_section av-kkz6ecpg-9325c8206b102f0da9505be7fd58cf67 '   itemscope=\"itemscope\" itemtype=\"https:\/\/schema.org\/CreativeWork\" ><div class='avia_textblock'  itemprop=\"text\" ><h2><strong>Praxiswegweiser Diez<\/strong><\/h2>\n<p>Unser MVZ liegt sehr verkehrsg\u00fcnstig und ist mit allen Verkehrsmitteln gut zu erreichen. Sie finden das MVZ im Erdgeschoss des Medicum Diez. Wenn Sie mit dem Auto anreisen, stehen Ihnen Parkpl\u00e4tze in der Tiefgarage des Geb\u00e4udes sowie \u00f6ffentliche Parkpl\u00e4tze in der direkten Umgebung zur Verf\u00fcgung.<\/p>\n<\/div><\/section>\n\n","protected":false},"excerpt":{"rendered":"","protected":false},"author":2,"featured_media":122,"parent":0,"menu_order":0,"comment_status":"closed","ping_status":"open","template":"","meta":{"footnotes":""},"class_list":["post-2","page","type-page","status-publish","has-post-thumbnail","hentry"],"yoast_head":"<!-- This site is optimized with the Yoast SEO plugin v27.2 - https:\/\/yoast.com\/product\/yoast-seo-wordpress\/ -->\n<title>Orthop\u00e4die Spezialisten Diez | Partner der ATOS Klinik<\/title>\n<meta name=\"description\" content=\"Orthop\u00e4die MVZ Diez | Sportverletzungen \u2713 Fu\u00df- und Kniespezialisten \u2713 Schulterspezialisten \u2713 H\u00fcftspezialist \u2713 Partner ATOS Klinik \u2713\" \/>\n<meta name=\"robots\" content=\"index, follow, max-snippet:-1, max-image-preview:large, max-video-preview:-1\" \/>\n<link rel=\"canonical\" href=\"https:\/\/atos-mvz.de\/diez\/startseite\/\" \/>\n<meta property=\"og:locale\" content=\"de_DE\" \/>\n<meta property=\"og:type\" content=\"article\" \/>\n<meta property=\"og:title\" content=\"Orthop\u00e4die Spezialisten Diez | Partner der ATOS Klinik\" \/>\n<meta property=\"og:description\" content=\"Orthop\u00e4die MVZ Diez | Sportverletzungen \u2713 Fu\u00df- und Kniespezialisten \u2713 Schulterspezialisten \u2713 H\u00fcftspezialist \u2713 Partner ATOS Klinik \u2713\" \/>\n<meta property=\"og:url\" content=\"https:\/\/atos-mvz.de\/diez\/startseite\/\" \/>\n<meta property=\"og:site_name\" content=\"MVZ Braunfels - Diez\" \/>\n<meta property=\"article:modified_time\" content=\"2024-02-02T15:11:04+00:00\" \/>\n<meta property=\"og:image\" content=\"https:\/\/atos-mvz.de\/diez\/wp-content\/uploads\/sites\/5\/2021\/02\/diez-castle.jpg\" \/>\n\t<meta property=\"og:image:width\" content=\"1600\" \/>\n\t<meta property=\"og:image:height\" content=\"478\" \/>\n\t<meta property=\"og:image:type\" content=\"image\/jpeg\" \/>\n<meta name=\"twitter:card\" content=\"summary_large_image\" \/>\n<script type=\"application\/ld+json\" class=\"yoast-schema-graph\">{\"@context\":\"https:\/\/schema.org\",\"@graph\":[{\"@type\":\"WebPage\",\"@id\":\"https:\/\/atos-mvz.de\/diez\/startseite\/\",\"url\":\"https:\/\/atos-mvz.de\/diez\/startseite\/\",\"name\":\"Orthop\u00e4die Spezialisten Diez | Partner der ATOS Klinik\",\"isPartOf\":{\"@id\":\"https:\/\/atos-mvz.de\/diez\/#website\"},\"primaryImageOfPage\":{\"@id\":\"https:\/\/atos-mvz.de\/diez\/startseite\/#primaryimage\"},\"image\":{\"@id\":\"https:\/\/atos-mvz.de\/diez\/startseite\/#primaryimage\"},\"thumbnailUrl\":\"https:\/\/atos-mvz.de\/diez\/wp-content\/uploads\/sites\/5\/2021\/02\/diez-castle.jpg\",\"datePublished\":\"2021-02-09T14:36:20+00:00\",\"dateModified\":\"2024-02-02T15:11:04+00:00\",\"description\":\"Orthop\u00e4die MVZ Diez | Sportverletzungen \u2713 Fu\u00df- und Kniespezialisten \u2713 Schulterspezialisten \u2713 H\u00fcftspezialist \u2713 Partner ATOS Klinik \u2713\",\"breadcrumb\":{\"@id\":\"https:\/\/atos-mvz.de\/diez\/startseite\/#breadcrumb\"},\"inLanguage\":\"de\",\"potentialAction\":[{\"@type\":\"ReadAction\",\"target\":[\"https:\/\/atos-mvz.de\/diez\/startseite\/\"]}]},{\"@type\":\"ImageObject\",\"inLanguage\":\"de\",\"@id\":\"https:\/\/atos-mvz.de\/diez\/startseite\/#primaryimage\",\"url\":\"https:\/\/atos-mvz.de\/diez\/wp-content\/uploads\/sites\/5\/2021\/02\/diez-castle.jpg\",\"contentUrl\":\"https:\/\/atos-mvz.de\/diez\/wp-content\/uploads\/sites\/5\/2021\/02\/diez-castle.jpg\",\"width\":1600,\"height\":478,\"caption\":\"Orthop\u00e4die Diez\"},{\"@type\":\"BreadcrumbList\",\"@id\":\"https:\/\/atos-mvz.de\/diez\/startseite\/#breadcrumb\",\"itemListElement\":[{\"@type\":\"ListItem\",\"position\":1,\"name\":\"Startseite\",\"item\":\"https:\/\/atos-mvz.de\/diez\/startseite\/\"},{\"@type\":\"ListItem\",\"position\":2,\"name\":\"Startseite\"}]},{\"@type\":\"WebSite\",\"@id\":\"https:\/\/atos-mvz.de\/diez\/#website\",\"url\":\"https:\/\/atos-mvz.de\/diez\/\",\"name\":\"MVZ Braunfels - Diez\",\"description\":\"\",\"potentialAction\":[{\"@type\":\"SearchAction\",\"target\":{\"@type\":\"EntryPoint\",\"urlTemplate\":\"https:\/\/atos-mvz.de\/diez\/?s={search_term_string}\"},\"query-input\":{\"@type\":\"PropertyValueSpecification\",\"valueRequired\":true,\"valueName\":\"search_term_string\"}}],\"inLanguage\":\"de\"}]}<\/script>\n<!-- \/ Yoast SEO plugin. -->","yoast_head_json":{"title":"Orthop\u00e4die Spezialisten Diez | Partner der ATOS Klinik","description":"Orthop\u00e4die MVZ Diez | Sportverletzungen \u2713 Fu\u00df- und Kniespezialisten \u2713 Schulterspezialisten \u2713 H\u00fcftspezialist \u2713 Partner ATOS Klinik \u2713","robots":{"index":"index","follow":"follow","max-snippet":"max-snippet:-1","max-image-preview":"max-image-preview:large","max-video-preview":"max-video-preview:-1"},"canonical":"https:\/\/atos-mvz.de\/diez\/startseite\/","og_locale":"de_DE","og_type":"article","og_title":"Orthop\u00e4die Spezialisten Diez | Partner der ATOS Klinik","og_description":"Orthop\u00e4die MVZ Diez | Sportverletzungen \u2713 Fu\u00df- und Kniespezialisten \u2713 Schulterspezialisten \u2713 H\u00fcftspezialist \u2713 Partner ATOS Klinik \u2713","og_url":"https:\/\/atos-mvz.de\/diez\/startseite\/","og_site_name":"MVZ Braunfels - Diez","article_modified_time":"2024-02-02T15:11:04+00:00","og_image":[{"width":1600,"height":478,"url":"https:\/\/atos-mvz.de\/diez\/wp-content\/uploads\/sites\/5\/2021\/02\/diez-castle.jpg","type":"image\/jpeg"}],"twitter_card":"summary_large_image","schema":{"@context":"https:\/\/schema.org","@graph":[{"@type":"WebPage","@id":"https:\/\/atos-mvz.de\/diez\/startseite\/","url":"https:\/\/atos-mvz.de\/diez\/startseite\/","name":"Orthop\u00e4die Spezialisten Diez | Partner der ATOS Klinik","isPartOf":{"@id":"https:\/\/atos-mvz.de\/diez\/#website"},"primaryImageOfPage":{"@id":"https:\/\/atos-mvz.de\/diez\/startseite\/#primaryimage"},"image":{"@id":"https:\/\/atos-mvz.de\/diez\/startseite\/#primaryimage"},"thumbnailUrl":"https:\/\/atos-mvz.de\/diez\/wp-content\/uploads\/sites\/5\/2021\/02\/diez-castle.jpg","datePublished":"2021-02-09T14:36:20+00:00","dateModified":"2024-02-02T15:11:04+00:00","description":"Orthop\u00e4die MVZ Diez | Sportverletzungen \u2713 Fu\u00df- und Kniespezialisten \u2713 Schulterspezialisten \u2713 H\u00fcftspezialist \u2713 Partner ATOS Klinik \u2713","breadcrumb":{"@id":"https:\/\/atos-mvz.de\/diez\/startseite\/#breadcrumb"},"inLanguage":"de","potentialAction":[{"@type":"ReadAction","target":["https:\/\/atos-mvz.de\/diez\/startseite\/"]}]},{"@type":"ImageObject","inLanguage":"de","@id":"https:\/\/atos-mvz.de\/diez\/startseite\/#primaryimage","url":"https:\/\/atos-mvz.de\/diez\/wp-content\/uploads\/sites\/5\/2021\/02\/diez-castle.jpg","contentUrl":"https:\/\/atos-mvz.de\/diez\/wp-content\/uploads\/sites\/5\/2021\/02\/diez-castle.jpg","width":1600,"height":478,"caption":"Orthop\u00e4die Diez"},{"@type":"BreadcrumbList","@id":"https:\/\/atos-mvz.de\/diez\/startseite\/#breadcrumb","itemListElement":[{"@type":"ListItem","position":1,"name":"Startseite","item":"https:\/\/atos-mvz.de\/diez\/startseite\/"},{"@type":"ListItem","position":2,"name":"Startseite"}]},{"@type":"WebSite","@id":"https:\/\/atos-mvz.de\/diez\/#website","url":"https:\/\/atos-mvz.de\/diez\/","name":"MVZ Braunfels - Diez","description":"","potentialAction":[{"@type":"SearchAction","target":{"@type":"EntryPoint","urlTemplate":"https:\/\/atos-mvz.de\/diez\/?s={search_term_string}"},"query-input":{"@type":"PropertyValueSpecification","valueRequired":true,"valueName":"search_term_string"}}],"inLanguage":"de"}]}},"_links":{"self":[{"href":"https:\/\/atos-mvz.de\/diez\/wp-json\/wp\/v2\/pages\/2","targetHints":{"allow":["GET"]}}],"collection":[{"href":"https:\/\/atos-mvz.de\/diez\/wp-json\/wp\/v2\/pages"}],"about":[{"href":"https:\/\/atos-mvz.de\/diez\/wp-json\/wp\/v2\/types\/page"}],"author":[{"embeddable":true,"href":"https:\/\/atos-mvz.de\/diez\/wp-json\/wp\/v2\/users\/2"}],"replies":[{"embeddable":true,"href":"https:\/\/atos-mvz.de\/diez\/wp-json\/wp\/v2\/comments?post=2"}],"version-history":[{"count":23,"href":"https:\/\/atos-mvz.de\/diez\/wp-json\/wp\/v2\/pages\/2\/revisions"}],"predecessor-version":[{"id":521,"href":"https:\/\/atos-mvz.de\/diez\/wp-json\/wp\/v2\/pages\/2\/revisions\/521"}],"wp:featuredmedia":[{"embeddable":true,"href":"https:\/\/atos-mvz.de\/diez\/wp-json\/wp\/v2\/media\/122"}],"wp:attachment":[{"href":"https:\/\/atos-mvz.de\/diez\/wp-json\/wp\/v2\/media?parent=2"}],"curies":[{"name":"wp","href":"https:\/\/api.w.org\/{rel}","templated":true}]}}