{"id":1264,"date":"2024-08-21T11:11:19","date_gmt":"2024-08-21T09:11:19","guid":{"rendered":"https:\/\/atos-mvz.de\/bruehl\/?page_id=1264"},"modified":"2024-08-21T11:11:19","modified_gmt":"2024-08-21T09:11:19","slug":"magnetfeldtherapie","status":"publish","type":"page","link":"https:\/\/atos-mvz.de\/bruehl\/magnetfeldtherapie\/","title":{"rendered":"Magnetfeldtherapie"},"content":{"rendered":"\n<style type=\"text\/css\" data-created_by=\"avia_inline_auto\" id=\"style-css-av-lu9ill0a-c46d1fb919016abf71553955926187eb\">\n.avia-section.av-lu9ill0a-c46d1fb919016abf71553955926187eb{\nbackground-repeat:no-repeat;\nbackground-image:url(https:\/\/atos-mvz.de\/bruehl\/wp-content\/uploads\/sites\/28\/2024\/03\/bruehl.jpg);\nbackground-position:50% 50%;\nbackground-attachment:scroll;\n}\n.avia-section.av-lu9ill0a-c46d1fb919016abf71553955926187eb .av-extra-border-element .av-extra-border-inner{\nbackground-color:#ffffff;\n}\n<\/style>\n<div id='header-img'  class='avia-section av-lu9ill0a-c46d1fb919016abf71553955926187eb main_color avia-section-huge avia-no-border-styling  avia-builder-el-0  el_before_av_section  avia-builder-el-first  largeimg avia-full-stretch avia-bg-style-scroll container_wrap fullsize'  data-section-bg-repeat='stretch'><div class='container av-section-cont-open' ><main  role=\"main\" itemprop=\"mainContentOfPage\"  class='template-page content  av-content-full alpha units'><div class='post-entry post-entry-type-page post-entry-1264'><div class='entry-content-wrapper clearfix'>\n<\/div><\/div><\/main><!-- close content main element --><\/div><div class='av-extra-border-element border-extra-diagonal border-extra-diagonal-inverse '><div class='av-extra-border-outer'><div class='av-extra-border-inner'><\/div><\/div><\/div><\/div>\n<style type=\"text\/css\" data-created_by=\"avia_inline_auto\" id=\"style-css-av-9woex-536c8b78d2b6b74d6b14485bff302a15\">\n.avia-section.av-9woex-536c8b78d2b6b74d6b14485bff302a15 .av-extra-border-element .av-extra-border-inner{\nbackground-color:#f1f0f5;\n}\n<\/style>\n<div id='av_section_2'  class='avia-section av-9woex-536c8b78d2b6b74d6b14485bff302a15 main_color avia-section-large avia-no-border-styling  avia-builder-el-1  el_after_av_section  avia-builder-el-last  avia-bg-style-scroll container_wrap fullsize'  ><div class='container av-section-cont-open' ><div class='template-page content  av-content-full alpha units'><div class='post-entry post-entry-type-page post-entry-1264'><div class='entry-content-wrapper clearfix'>\n<div  class='flex_column av-28em5l-a45c7874481623e8db8c461fa09fe8c1 av_four_fifth  avia-builder-el-2  avia-builder-el-no-sibling  first flex_column_div  '     ><section  class='av_textblock_section av-lu9ilqu9-fb9b66abf97c82ed85ae673a0263e6cd '   itemscope=\"itemscope\" itemtype=\"https:\/\/schema.org\/CreativeWork\" ><div class='avia_textblock'  itemprop=\"text\" ><h1><strong><b>Magnetfeldtherapie<\/b><\/strong><\/h1>\n<\/div><\/section><br \/>\n<section  class='av_textblock_section av-lu9imdo8-700465b3b0ca725e7357befa998fe035 '   itemscope=\"itemscope\" itemtype=\"https:\/\/schema.org\/CreativeWork\" ><div class='avia_textblock'  itemprop=\"text\" ><p>Die Magnetfeldtherapie ist eine alternativmedizinische Behandlungsmethode, die in der Orthop\u00e4die zur F\u00f6rderung der Heilung und Schmerzlinderung eingesetzt wird. Dabei werden pulsierende Magnetfelder auf den K\u00f6rper angewendet, um die Zellaktivit\u00e4t zu stimulieren und die Durchblutung zu verbessern.<\/p>\n<p>In der Orthop\u00e4die findet die Magnetfeldtherapie Anwendung bei einer Vielzahl von Beschwerden, insbesondere bei chronischen und akuten Schmerzen des Bewegungsapparates. Dazu z\u00e4hlen Arthrose, R\u00fcckenschmerzen, Gelenkbeschwerden, Muskelverspannungen sowie Sportverletzungen wie Zerrungen und Prellungen. Zudem wird sie zur Unterst\u00fctzung der Knochenheilung nach Frakturen und bei Osteoporose eingesetzt.<\/p>\n<p>Die Magnetfeldtherapie ist schmerzfrei, gut vertr\u00e4glich und kann je nach Bedarf in Kombination mit anderen orthop\u00e4dischen Behandlungen durchgef\u00fchrt werden. Sie bietet eine schonende Alternative oder Erg\u00e4nzung zu medikament\u00f6sen Therapien und operativen Eingriffen.<\/p>\n<\/div><\/section><\/p><\/div>\n","protected":false},"excerpt":{"rendered":"","protected":false},"author":3,"featured_media":0,"parent":0,"menu_order":0,"comment_status":"closed","ping_status":"closed","template":"","meta":{"footnotes":""},"class_list":["post-1264","page","type-page","status-publish","hentry"],"yoast_head":"<!-- This site is optimized with the Yoast SEO plugin v27.3 - https:\/\/yoast.com\/product\/yoast-seo-wordpress\/ -->\n<title>Magnetfeldtherapie - MVZ Rheinland Br\u00fchl<\/title>\n<meta name=\"description\" content=\"Mit unserem hochmodernen offenen MRT, erg\u00e4nzt durch konventionelle R\u00f6ntgendiagnostik und Sonografie, bieten wir umfassende Untersuchungen der Wirbels\u00e4ule und Extremit\u00e4ten f\u00fcr pr\u00e4zise Diagnosen.\" \/>\n<meta name=\"robots\" content=\"index, follow, max-snippet:-1, max-image-preview:large, max-video-preview:-1\" \/>\n<link rel=\"canonical\" href=\"https:\/\/atos-mvz.de\/bruehl\/magnetfeldtherapie\/\" \/>\n<meta property=\"og:locale\" content=\"de_DE\" \/>\n<meta property=\"og:type\" content=\"article\" \/>\n<meta property=\"og:title\" content=\"Magnetfeldtherapie - MVZ Rheinland Br\u00fchl\" \/>\n<meta property=\"og:description\" content=\"Mit unserem hochmodernen offenen MRT, erg\u00e4nzt durch konventionelle R\u00f6ntgendiagnostik und Sonografie, bieten wir umfassende Untersuchungen der Wirbels\u00e4ule und Extremit\u00e4ten f\u00fcr pr\u00e4zise Diagnosen.\" \/>\n<meta property=\"og:url\" content=\"https:\/\/atos-mvz.de\/bruehl\/magnetfeldtherapie\/\" \/>\n<meta property=\"og:site_name\" content=\"MVZ Rheinland Br\u00fchl\" \/>\n<meta name=\"twitter:card\" content=\"summary_large_image\" \/>\n<script type=\"application\/ld+json\" class=\"yoast-schema-graph\">{\"@context\":\"https:\\\/\\\/schema.org\",\"@graph\":[{\"@type\":\"WebPage\",\"@id\":\"https:\\\/\\\/atos-mvz.de\\\/bruehl\\\/magnetfeldtherapie\\\/\",\"url\":\"https:\\\/\\\/atos-mvz.de\\\/bruehl\\\/magnetfeldtherapie\\\/\",\"name\":\"Magnetfeldtherapie - MVZ Rheinland Br\u00fchl\",\"isPartOf\":{\"@id\":\"https:\\\/\\\/atos-mvz.de\\\/bruehl\\\/#website\"},\"datePublished\":\"2024-08-21T09:11:19+00:00\",\"description\":\"Mit unserem hochmodernen offenen MRT, erg\u00e4nzt durch konventionelle R\u00f6ntgendiagnostik und Sonografie, bieten wir umfassende Untersuchungen der Wirbels\u00e4ule und Extremit\u00e4ten f\u00fcr pr\u00e4zise Diagnosen.\",\"breadcrumb\":{\"@id\":\"https:\\\/\\\/atos-mvz.de\\\/bruehl\\\/magnetfeldtherapie\\\/#breadcrumb\"},\"inLanguage\":\"de\",\"potentialAction\":[{\"@type\":\"ReadAction\",\"target\":[\"https:\\\/\\\/atos-mvz.de\\\/bruehl\\\/magnetfeldtherapie\\\/\"]}]},{\"@type\":\"BreadcrumbList\",\"@id\":\"https:\\\/\\\/atos-mvz.de\\\/bruehl\\\/magnetfeldtherapie\\\/#breadcrumb\",\"itemListElement\":[{\"@type\":\"ListItem\",\"position\":1,\"name\":\"Startseite\",\"item\":\"https:\\\/\\\/atos-mvz.de\\\/bruehl\\\/startseite\\\/\"},{\"@type\":\"ListItem\",\"position\":2,\"name\":\"Magnetfeldtherapie\"}]},{\"@type\":\"WebSite\",\"@id\":\"https:\\\/\\\/atos-mvz.de\\\/bruehl\\\/#website\",\"url\":\"https:\\\/\\\/atos-mvz.de\\\/bruehl\\\/\",\"name\":\"MVZ Rheinland Br\u00fchl\",\"description\":\"\",\"potentialAction\":[{\"@type\":\"SearchAction\",\"target\":{\"@type\":\"EntryPoint\",\"urlTemplate\":\"https:\\\/\\\/atos-mvz.de\\\/bruehl\\\/?s={search_term_string}\"},\"query-input\":{\"@type\":\"PropertyValueSpecification\",\"valueRequired\":true,\"valueName\":\"search_term_string\"}}],\"inLanguage\":\"de\"}]}<\/script>\n<!-- \/ Yoast SEO plugin. -->","yoast_head_json":{"title":"Magnetfeldtherapie - MVZ Rheinland Br\u00fchl","description":"Mit unserem hochmodernen offenen MRT, erg\u00e4nzt durch konventionelle R\u00f6ntgendiagnostik und Sonografie, bieten wir umfassende Untersuchungen der Wirbels\u00e4ule und Extremit\u00e4ten f\u00fcr pr\u00e4zise Diagnosen.","robots":{"index":"index","follow":"follow","max-snippet":"max-snippet:-1","max-image-preview":"max-image-preview:large","max-video-preview":"max-video-preview:-1"},"canonical":"https:\/\/atos-mvz.de\/bruehl\/magnetfeldtherapie\/","og_locale":"de_DE","og_type":"article","og_title":"Magnetfeldtherapie - MVZ Rheinland Br\u00fchl","og_description":"Mit unserem hochmodernen offenen MRT, erg\u00e4nzt durch konventionelle R\u00f6ntgendiagnostik und Sonografie, bieten wir umfassende Untersuchungen der Wirbels\u00e4ule und Extremit\u00e4ten f\u00fcr pr\u00e4zise Diagnosen.","og_url":"https:\/\/atos-mvz.de\/bruehl\/magnetfeldtherapie\/","og_site_name":"MVZ Rheinland Br\u00fchl","twitter_card":"summary_large_image","schema":{"@context":"https:\/\/schema.org","@graph":[{"@type":"WebPage","@id":"https:\/\/atos-mvz.de\/bruehl\/magnetfeldtherapie\/","url":"https:\/\/atos-mvz.de\/bruehl\/magnetfeldtherapie\/","name":"Magnetfeldtherapie - MVZ Rheinland Br\u00fchl","isPartOf":{"@id":"https:\/\/atos-mvz.de\/bruehl\/#website"},"datePublished":"2024-08-21T09:11:19+00:00","description":"Mit unserem hochmodernen offenen MRT, erg\u00e4nzt durch konventionelle R\u00f6ntgendiagnostik und Sonografie, bieten wir umfassende Untersuchungen der Wirbels\u00e4ule und Extremit\u00e4ten f\u00fcr pr\u00e4zise Diagnosen.","breadcrumb":{"@id":"https:\/\/atos-mvz.de\/bruehl\/magnetfeldtherapie\/#breadcrumb"},"inLanguage":"de","potentialAction":[{"@type":"ReadAction","target":["https:\/\/atos-mvz.de\/bruehl\/magnetfeldtherapie\/"]}]},{"@type":"BreadcrumbList","@id":"https:\/\/atos-mvz.de\/bruehl\/magnetfeldtherapie\/#breadcrumb","itemListElement":[{"@type":"ListItem","position":1,"name":"Startseite","item":"https:\/\/atos-mvz.de\/bruehl\/startseite\/"},{"@type":"ListItem","position":2,"name":"Magnetfeldtherapie"}]},{"@type":"WebSite","@id":"https:\/\/atos-mvz.de\/bruehl\/#website","url":"https:\/\/atos-mvz.de\/bruehl\/","name":"MVZ Rheinland Br\u00fchl","description":"","potentialAction":[{"@type":"SearchAction","target":{"@type":"EntryPoint","urlTemplate":"https:\/\/atos-mvz.de\/bruehl\/?s={search_term_string}"},"query-input":{"@type":"PropertyValueSpecification","valueRequired":true,"valueName":"search_term_string"}}],"inLanguage":"de"}]}},"_links":{"self":[{"href":"https:\/\/atos-mvz.de\/bruehl\/wp-json\/wp\/v2\/pages\/1264","targetHints":{"allow":["GET"]}}],"collection":[{"href":"https:\/\/atos-mvz.de\/bruehl\/wp-json\/wp\/v2\/pages"}],"about":[{"href":"https:\/\/atos-mvz.de\/bruehl\/wp-json\/wp\/v2\/types\/page"}],"author":[{"embeddable":true,"href":"https:\/\/atos-mvz.de\/bruehl\/wp-json\/wp\/v2\/users\/3"}],"replies":[{"embeddable":true,"href":"https:\/\/atos-mvz.de\/bruehl\/wp-json\/wp\/v2\/comments?post=1264"}],"version-history":[{"count":2,"href":"https:\/\/atos-mvz.de\/bruehl\/wp-json\/wp\/v2\/pages\/1264\/revisions"}],"predecessor-version":[{"id":1266,"href":"https:\/\/atos-mvz.de\/bruehl\/wp-json\/wp\/v2\/pages\/1264\/revisions\/1266"}],"wp:attachment":[{"href":"https:\/\/atos-mvz.de\/bruehl\/wp-json\/wp\/v2\/media?parent=1264"}],"curies":[{"name":"wp","href":"https:\/\/api.w.org\/{rel}","templated":true}]}}